INSERT INTO `ntswebposts` VALUES
(26038, 1, '2022-07-19 00:13:10', '2022-07-19 00:13:10', '<!-- wp:paragraph {"align":"center"} -->\n<p class="has-text-align-center"><strong>Online Application Form - Bachelor''s Degree Programs at St. Francis Hospital Nsambya Training School</strong></p>\n<!-- /wp:paragraph -->\n\n<!-- wp:paragraph -->\n<p>Note: <em>*For Required Fields that Apply not to you, Kindly Fill in <strong>N/A (Not Applicable)</strong></em></p>\n<!-- /wp:paragraph -->\n\n<!-- wp:wpforms/form-selector {"formId":"26016"} /-->', 'Online Applications - Bachelor''s Degree Programs at St. Francis Hospital Nsambya Training School', '', 'inherit', 'closed', 'closed', '', '26037-revision-v1', '', '', '2022-07-19 00:13:10', '2022-07-19 00:13:10', '', 26037, 'https://admissions.nsambyatrainingsch.com/?p=26038', 0, 'revision', '', 0),
(26040, 1, '2022-07-19 00:13:46', '2022-07-19 00:13:46', '<!-- wp:paragraph {"align":"center"} -->\n<p class="has-text-align-center"><strong>Online Application Form - Bachelor''s Degree Programs at St. Francis Hospital Nsambya Training School</strong></p>\n<!-- /wp:paragraph -->\n\n<!-- wp:paragraph -->\n<p>Note: <em>*For Required Fields that Apply not to you, Kindly Fill in <strong>N/A (Not Applicable)</strong></em></p>\n<!-- /wp:paragraph -->\n\n<!-- wp:wpforms/form-selector {"formId":"26029","displayDesc":true} /-->', 'Online Applications - Bachelor''s Degree Programs at St. Francis Hospital Nsambya Training School', '', 'inherit', 'closed', 'closed', '', '26037-revision-v1', '', '', '2022-07-19 00:13:46', '2022-07-19 00:13:46', '', 26037, 'https://admissions.nsambyatrainingsch.com/?p=26040', 0, 'revision', '', 0),
(26041, 1, '2022-07-19 00:14:57', '2022-07-19 00:14:57', '<!-- wp:paragraph {"align":"center"} -->\n<p class="has-text-align-center"><strong>Online Application Form - Certificate Courses at St. Francis Hospital Nsambya Training School</strong></p>\n<!-- /wp:paragraph -->\n\n<!-- wp:paragraph {"align":"center"} -->\n<p class="has-text-align-center">Note: <em>*For Required Fields that Apply not to you, Kindly Fill in <strong>N/A (Not Applicable)</strong></em></p>\n<!-- /wp:paragraph -->\n\n<!-- wp:wpforms/form-selector {"formId":"25982","displayTitle":true} /-->', 'Online Applications - Certificate Courses at St. Francis Hospital Nsambya Training School', '', 'inherit', 'closed', 'closed', '', '26006-revision-v1', '', '', '2022-07-19 00:14:57', '2022-07-19 00:14:57', '', 26006, 'https://admissions.nsambyatrainingsch.com/?p=26041', 0, 'revision', '', 0),
(26043, 1, '2022-07-19 00:15:31', '2022-07-19 00:15:31', '<!-- wp:paragraph {"align":"center"} -->\n<p class="has-text-align-center"><strong>Online Application Form - Bachelor''s Degree Programs at St. Francis Hospital Nsambya Training School</strong></p>\n<!-- /wp:paragraph -->\n\n<!-- wp:paragraph -->\n<p>Note: <em>*For Required Fields that Apply not to you, Kindly Fill in <strong>N/A (Not Applicable)</strong></em></p>\n<!-- /wp:paragraph -->\n\n<!-- wp:wpforms/form-selector {"formId":"26029","displayTitle":true,"displayDesc":true} /-->', 'Online Applications - Bachelor''s Degree Programs at St. Francis Hospital Nsambya Training School', '', 'inherit', 'closed', 'closed', '', '26037-revision-v1', '', '', '2022-07-19 00:15:31', '2022-07-19 00:15:31', '', 26037, 'https://admissions.nsambyatrainingsch.com/?p=26043', 0, 'revision', '', 0),
(26044, 1, '2022-07-19 00:15:35', '2022-07-19 00:15:35', '<!-- wp:paragraph {"align":"center"} -->\n<p class="has-text-align-center"><strong>Online Application Form - Certificate Courses at St. Francis Hospital Nsambya Training School</strong></p>\n<!-- /wp:paragraph -->\n\n<!-- wp:paragraph {"align":"center"} -->\n<p class="has-text-align-center">Note: <em>*For Required Fields that Apply not to you, Kindly Fill in <strong>N/A (Not Applicable)</strong></em></p>\n<!-- /wp:paragraph -->\n\n<!-- wp:wpforms/form-selector {"formId":"25982","displayTitle":true,"displayDesc":true} /-->', 'Online Applications - Certificate Courses at St. Francis Hospital Nsambya Training School', '', 'inherit', 'closed', 'closed', '', '26006-revision-v1', '', '', '2022-07-19 00:15:35', '2022-07-19 00:15:35', '', 26006, 'https://admissions.nsambyatrainingsch.com/?p=26044', 0, 'revision', '', 0),
(26045, 1, '2022-07-19 00:17:34', '2022-07-19 00:17:34', '<!-- wp:paragraph {"align":"center"} -->\n<p class="has-text-align-center"><strong>Online Application Form - Diploma Courses at St. Francis Hospital Nsambya Training School</strong></p>\n<!-- /wp:paragraph -->\n\n<!-- wp:paragraph -->\n<p>Note: <em>*For Required Fields that Apply not to you, Kindly Fill in <strong>N/A (Not Applicable)</strong></em></p>\n<!-- /wp:paragraph -->\n\n<!-- wp:wpforms/form-selector {"formId":"26016","displayTitle":true,"displayDesc":true} /-->', 'Online Applications - Diploma Courses at St. Francis Hospital Nsambya Training School', '', 'inherit', 'closed', 'closed', '', '26031-revision-v1', '', '', '2022-07-19 00:17:34', '2022-07-19 00:17:34', '', 26031, 'https://admissions.nsambyatrainingsch.com/?p=26045', 0, 'revision', '', 0),
(26046, 1, '2022-07-19 00:20:08', '2022-07-19 00:20:08', '<!-- wp:cover {"url":"https://admissions.nsambyatrainingsch.com/wp-content/uploads/2022/05/Nsambya-Hospital-Training-School-Website-Images-3-scaled.jpg","id":25698,"dimRatio":80,"focalPoint":{"x":"0.42","y":"0.53"},"minHeight":850,"align":"full","extUtilities":[]} -->\n<div class="wp-block-cover alignfull" style="min-height:850px"><span aria-hidden="true" class="wp-block-cover__background has-background-dim-80 has-background-dim"></span><img class="wp-block-cover__image-background wp-image-25698" alt="" src="https://admissions.nsambyatrainingsch.com/wp-content/uploads/2022/05/Nsambya-Hospital-Training-School-Website-Images-3-scaled.jpg" style="object-position:42% 53%" data-object-fit="cover" data-object-position="42% 53%"/><div class="wp-block-cover__inner-container"><!-- wp:spacer {"height":"135px","UAGDisplayConditions":"responsiveVisibility","UAGHideDesktop":true} -->\n<div style="height:135px" aria-hidden="true" class="wp-block-spacer uag-hide-desktop"></div>\n<!-- /wp:spacer -->\n\n<!-- wp:spacer {"height":"40px","UAGDisplayConditions":"responsiveVisibility","UAGHideMob":true,"UAGHideTab":true} -->\n<div style="height:40px" aria-hidden="true" class="wp-block-spacer uag-hide-tab uag-hide-mob"></div>\n<!-- /wp:spacer -->\n\n<!-- wp:heading {"level":1,"textColor":"white","className":"has-text-align-center"} -->\n<h1 class="has-text-align-center has-white-color has-text-color">Online Admissions Portal</h1>\n<!-- /wp:heading -->\n\n<!-- wp:columns -->\n<div class="wp-block-columns"><!-- wp:column -->\n<div class="wp-block-column"><!-- wp:uagb/info-box {"inheritFromTheme":true,"classMigrate":true,"headingColor":"var(\\u002d\\u002dast-global-color-5)","icon":"graduation-cap","iconSize":64,"iconHover":"var(\\u002d\\u002dast-global-color-1)","iconColor":"var(\\u002d\\u002dast-global-color-0)","block_id":"6642950b","seperatorColor":"var(\\u002d\\u002dast-global-color-5)","seperatorThickness":1,"ctaType":"button","ctaText":"ALL COURSES","ctaLink":"https://nsambyatrainingsch.com/academics-nsambya-training-school-st-francis-hospital/all-courses-st-francis-hospital-nsambya-training-school/","showPrefix":false,"showDesc":false} -->\n<div class="wp-block-uagb-info-box uagb-infobox__outer-wrap uagb-block-6642950b"><div class="uagb-infobox__content-wrap uagb-infobox uagb-infobox-has-icon uagb-infobox-icon-above-title uagb-infobox-image-valign-top uagb-infobox-enable-border-radius "><div class="uagb-ifb-left-right-wrap"><div class="uagb-ifb-content"><div class="uagb-ifb-image-icon-content uagb-ifb-imgicon-wrap"><div class="uagb-ifb-icon-wrap"><span class="uagb-ifb-icon"><svg xmlns="http://www.w3.org/2000/svg" viewBox="0 0 640 512"><path d="M622.34 153.2L343.4 67.5c-15.2-4.67-31.6-4.67-46.79 0L17.66 153.2c-23.54 7.23-23.54 38.36 0 45.59l48.63 14.94c-10.67 13.19-17.23 29.28-17.88 46.9C38.78 266.15 32 276.11 32 288c0 10.78 5.68 19.85 13.86 25.65L20.33 428.53C18.11 438.52 25.71 448 35.94 448h56.11c10.24 0 17.84-9.48 15.62-19.47L82.14 313.65C90.32 307.85 96 298.78 96 288c0-11.57-6.47-21.25-15.66-26.87.76-15.02 8.44-28.3 20.69-36.72L296.6 284.5c9.06 2.78 26.44 6.25 46.79 0l278.95-85.7c23.55-7.24 23.55-38.36 0-45.6zM352.79 315.09c-28.53 8.76-52.84 3.92-65.59 0l-145.02-44.55L128 384c0 35.35 85.96 64 192 64s192-28.65 192-64l-14.18-113.47-145.03 44.56z"></path></svg></span></div></div><div class="uagb-ifb-title-wrap"><h3 class="uagb-ifb-title">Courses Offered</h3></div><div class="uagb-ifb-separator-parent"><div class="uagb-ifb-separator"></div></div><div class="uagb-ifb-text-wrap"><div class="uagb-ifb-cta uagb-infobox-cta-link-style"><div class="uagb-ifb-button-wrapper wp-block-button"><a href="https://nsambyatrainingsch.com/academics-nsambya-training-school-st-francis-hospital/all-courses-st-francis-hospital-nsambya-training-school/" class="wp-block-button__link" target="_self" rel="noopener noreferrer"><span class="uagb-ifb-cta-content-wrapper"><span class="uagb-inline-editing ">ALL COURSES</span></span></a></div></div></div></div></div></div></div>\n<!-- /wp:uagb/info-box --></div>\n<!-- /wp:column -->\n\n<!-- wp:column -->\n<div class="wp-block-column"><!-- wp:uagb/info-box {"inheritFromTheme":true,"classMigrate":true,"headingColor":"var(\\u002d\\u002dast-global-color-5)","icon":"university","iconHover":"var(\\u002d\\u002dast-global-color-1)","iconColor":"var(\\u002d\\u002dast-global-color-0)","block_id":"4fb60a09","ctaIcon":"angle-double-right","seperatorColor":"var(\\u002d\\u002dast-global-color-5)","seperatorThickness":1,"ctaType":"button","ctaText":"VIEWS UPDATES","showPrefix":false,"showDesc":false} -->\n<div class="wp-block-uagb-info-box uagb-infobox__outer-wrap uagb-block-4fb60a09"><div class="uagb-infobox__content-wrap uagb-infobox uagb-infobox-has-icon uagb-infobox-icon-above-title uagb-infobox-image-valign-top uagb-infobox-enable-border-radius "><div class="uagb-ifb-left-right-wrap"><div class="uagb-ifb-content"><div class="uagb-ifb-image-icon-content uagb-ifb-imgicon-wrap"><div class="uagb-ifb-icon-wrap"><span class="uagb-ifb-icon"><svg xmlns="http://www.w3.org/2000/svg" viewBox="0 0 512 512"><path d="M496 128v16a8 8 0 0 1-8 8h-24v12c0 6.627-5.373 12-12 12H60c-6.627 0-12-5.373-12-12v-12H24a8 8 0 0 1-8-8v-16a8 8 0 0 1 4.941-7.392l232-88a7.996 7.996 0 0 1 6.118 0l232 88A8 8 0 0 1 496 128zm-24 304H40c-13.255 0-24 10.745-24 24v16a8 8 0 0 0 8 8h464a8 8 0 0 0 8-8v-16c0-13.255-10.745-24-24-24zM96 192v192H60c-6.627 0-12 5.373-12 12v20h416v-20c0-6.627-5.373-12-12-12h-36V192h-64v192h-64V192h-64v192h-64V192H96z"></path></svg></span></div></div><div class="uagb-ifb-title-wrap"><h3 class="uagb-ifb-title">Admissions Updates</h3></div><div class="uagb-ifb-separator-parent"><div class="uagb-ifb-separator"></div></div><div class="uagb-ifb-text-wrap"><div class="uagb-ifb-cta uagb-infobox-cta-link-style"><div class="uagb-ifb-button-wrapper wp-block-button"><a href="#" class="wp-block-button__link" target="_self" rel="noopener noreferrer"><span class="uagb-ifb-button-icon uagb-ifb-align-icon-after"><svg xmlns="http://www.w3.org/2000/svg" viewBox="0 0 448 512"><path d="M224.3 273l-136 136c-9.4 9.4-24.6 9.4-33.9 0l-22.6-22.6c-9.4-9.4-9.4-24.6 0-33.9l96.4-96.4-96.4-96.4c-9.4-9.4-9.4-24.6 0-33.9L54.3 103c9.4-9.4 24.6-9.4 33.9 0l136 136c9.5 9.4 9.5 24.6.1 34zm192-34l-136-136c-9.4-9.4-24.6-9.4-33.9 0l-22.6 22.6c-9.4 9.4-9.4 24.6 0 33.9l96.4 96.4-96.4 96.4c-9.4 9.4-9.4 24.6 0 33.9l22.6 22.6c9.4 9.4 24.6 9.4 33.9 0l136-136c9.4-9.2 9.4-24.4 0-33.8z"></path></svg></span><span class="uagb-ifb-cta-content-wrapper"><span class="uagb-inline-editing ">VIEWS UPDATES</span></span></a></div></div></div></div></div></div></div>\n<!-- /wp:uagb/info-box --></div>\n<!-- /wp:column --></div>\n<!-- /wp:columns -->\n\n<!-- wp:paragraph {"align":"center"} -->\n<p class="has-text-align-center">If you''re new here, Kindly Create an account to access the Online Applications Portal;  Existing Applicants, Please Log In to track the progress of your Application.</p>\n<!-- /wp:paragraph -->\n\n<!-- wp:paragraph {"align":"center"} -->\n<p class="has-text-align-center">Thank you for expressing Interest in Studying at St. Francis Hospital Nsambya Training School. </p>\n<!-- /wp:paragraph -->\n\n<!-- wp:buttons {"layout":{"type":"flex","justifyContent":"center","orientation":"horizontal"}} -->\n<div class="wp-block-buttons"><!-- wp:button {"extUtilities":[]} -->\n<div class="wp-block-button"><a class="wp-block-button__link wp-element-button" href="https://admissions.nsambyatrainingsch.com/register/">CREATE ACCOUNT</a></div>\n<!-- /wp:button -->\n\n<!-- wp:button {"extUtilities":[]} -->\n<div class="wp-block-button"><a class="wp-block-button__link wp-element-button" href="https://admissions.nsambyatrainingsch.com/wp-login.php?">LOG IN</a></div>\n<!-- /wp:button --></div>\n<!-- /wp:buttons -->\n\n<!-- wp:spacer {"height":"59px"} -->\n<div style="height:59px" aria-hidden="true" class="wp-block-spacer"></div>\n<!-- /wp:spacer --></div></div>\n<!-- /wp:cover -->\n\n<!-- wp:uagb/post-masonry {"block_id":"a6b5cd5d"} /-->\n\n<!-- wp:group {"align":"full","backgroundColor":"ast-global-color-5"} -->\n<div class="wp-block-group alignfull has-ast-global-color-5-background-color has-background"><!-- wp:heading {"textColor":"ast-global-color-1","className":"has-text-align-center"} -->\n<h2 class="has-text-align-center has-ast-global-color-1-color has-text-color">St. Francis Hospital Nsambya Training School</h2>\n<!-- /wp:heading -->\n\n<!-- wp:tribe/events-list -->\n<!-- wp:legacy-widget {"idBase":"tribe-widget-events-list","instance":{"encoded":"YTo2OntzOjU6InRpdGxlIjtzOjE1OiJVcGNvbWluZyBFdmVudHMiO3M6NToibGltaXQiO3M6MToiNSI7czoxODoibm9fdXBjb21pbmdfZXZlbnRzIjtiOjA7czoyMDoiZmVhdHVyZWRfZXZlbnRzX29ubHkiO2I6MDtzOjEzOiJqc29ubGRfZW5hYmxlIjtiOjE7czoyMDoidHJpYmVfaXNfbGlzdF93aWRnZXQiO2I6MDt9","hash":"d5f9bc10d2c301bd00350c5b2a6bd3bf"}} /-->\n<!-- /wp:tribe/events-list -->\n\n<!-- wp:heading {"textAlign":"center","textColor":"ast-global-color-1"} -->\n<h2 class="has-text-align-center has-ast-global-color-1-color has-text-color">Join Uganda''s Leading Health Care Training Institution</h2>\n<!-- /wp:heading -->\n\n<!-- wp:columns -->\n<div class="wp-block-columns"><!-- wp:column {"width":"100%"} -->\n<div class="wp-block-column" style="flex-basis:100%"><!-- wp:buttons -->\n<div class="wp-block-buttons"><!-- wp:button {"align":"center","extUtilities":[]} -->\n<div class="wp-block-button aligncenter"><a class="wp-block-button__link wp-element-button" href="https://admissions.nsambyatrainingsch.com/wp-login.php?">ONLINE APPLICATIONS PORTAL</a></div>\n<!-- /wp:button --></div>\n<!-- /wp:buttons --></div>\n<!-- /wp:column --></div>\n<!-- /wp:columns -->\n\n<!-- wp:buttons -->\n<div class="wp-block-buttons"><!-- wp:button /--></div>\n<!-- /wp:buttons -->\n\n<!-- wp:group -->\n<div class="wp-block-group"><!-- wp:buttons -->\n<div class="wp-block-buttons"><!-- wp:button {"align":"center","extUtilities":[]} -->\n<div class="wp-block-button aligncenter"><a class="wp-block-button__link wp-element-button" href="https://admissions.nsambyatrainingsch.com/wp-login.php?">STAFF ACCESS</a></div>\n<!-- /wp:button --></div>\n<!-- /wp:buttons --></div>\n<!-- /wp:group --></div>\n<!-- /wp:group -->\n\n<!-- wp:group {"align":"full","backgroundColor":"ast-global-color-4"} -->\n<div class="wp-block-group alignfull has-ast-global-color-4-background-color has-background"><!-- wp:metaslider/slider {"slideshowId":25791} -->\n<div class="alignnormal">[metaslider id=25791 cssclass=""]</div>\n<!-- /wp:metaslider/slider --></div>\n<!-- /wp:group -->\n\n<!-- wp:loginout /-->', 'Online Admissions Portal', '', 'inherit', 'closed', 'closed', '', '25407-revision-v1', '', '', '2022-07-19 00:20:08', '2022-07-19 00:20:08', '', 25407, 'https://admissions.nsambyatrainingsch.com/?p=26046', 0, 'revision', '', 0),
(26048, 1, '2022-07-19 00:26:08', '2022-07-19 00:26:08', '<!-- wp:cover {"url":"https://admissions.nsambyatrainingsch.com/wp-content/uploads/2022/05/Nsambya-Hospital-Training-School-Website-Images-3-scaled.jpg","id":25698,"dimRatio":80,"focalPoint":{"x":"0.42","y":"0.53"},"minHeight":850,"align":"full","extUtilities":[]} -->\n<div class="wp-block-cover alignfull" style="min-height:850px"><span aria-hidden="true" class="wp-block-cover__background has-background-dim-80 has-background-dim"></span><img class="wp-block-cover__image-background wp-image-25698" alt="" src="https://admissions.nsambyatrainingsch.com/wp-content/uploads/2022/05/Nsambya-Hospital-Training-School-Website-Images-3-scaled.jpg" style="object-position:42% 53%" data-object-fit="cover" data-object-position="42% 53%"/><div class="wp-block-cover__inner-container"><!-- wp:spacer {"height":"135px","UAGDisplayConditions":"responsiveVisibility","UAGHideDesktop":true} -->\n<div style="height:135px" aria-hidden="true" class="wp-block-spacer uag-hide-desktop"></div>\n<!-- /wp:spacer -->\n\n<!-- wp:spacer {"height":"40px","UAGDisplayConditions":"responsiveVisibility","UAGHideMob":true,"UAGHideTab":true} -->\n<div style="height:40px" aria-hidden="true" class="wp-block-spacer uag-hide-tab uag-hide-mob"></div>\n<!-- /wp:spacer -->\n\n<!-- wp:heading {"level":1,"textColor":"white","className":"has-text-align-center"} -->\n<h1 class="has-text-align-center has-white-color has-text-color">Online Admissions Portal</h1>\n<!-- /wp:heading -->\n\n<!-- wp:columns -->\n<div class="wp-block-columns"><!-- wp:column -->\n<div class="wp-block-column"><!-- wp:uagb/info-box {"inheritFromTheme":true,"classMigrate":true,"headingColor":"var(\\u002d\\u002dast-global-color-5)","icon":"user-graduate","iconSize":64,"iconHover":"var(\\u002d\\u002dast-global-color-1)","iconColor":"var(\\u002d\\u002dast-global-color-0)","block_id":"6642950b","seperatorColor":"var(\\u002d\\u002dast-global-color-5)","seperatorThickness":1,"ctaType":"button","ctaText":"ALL COURSES","ctaLink":"https://nsambyatrainingsch.com/academics-nsambya-training-school-st-francis-hospital/all-courses-st-francis-hospital-nsambya-training-school/","showPrefix":false,"showDesc":false} -->\n<div class="wp-block-uagb-info-box uagb-infobox__outer-wrap uagb-block-6642950b"><div class="uagb-infobox__content-wrap uagb-infobox uagb-infobox-has-icon uagb-infobox-icon-above-title uagb-infobox-image-valign-top uagb-infobox-enable-border-radius "><div class="uagb-ifb-left-right-wrap"><div class="uagb-ifb-content"><div class="uagb-ifb-image-icon-content uagb-ifb-imgicon-wrap"><div class="uagb-ifb-icon-wrap"><span class="uagb-ifb-icon"><svg xmlns="http://www.w3.org/2000/svg" viewBox="0 0 448 512"><path d="M319.4 320.6L224 416l-95.4-95.4C57.1 323.7 0 382.2 0 454.4v9.6c0 26.5 21.5 48 48 48h352c26.5 0 48-21.5 48-48v-9.6c0-72.2-57.1-130.7-128.6-133.8zM13.6 79.8l6.4 1.5v58.4c-7 4.2-12 11.5-12 20.3 0 8.4 4.6 15.4 11.1 19.7L3.5 242c-1.7 6.9 2.1 14 7.6 14h41.8c5.5 0 9.3-7.1 7.6-14l-15.6-62.3C51.4 175.4 56 168.4 56 160c0-8.8-5-16.1-12-20.3V87.1l66 15.9c-8.6 17.2-14 36.4-14 57 0 70.7 57.3 128 128 128s128-57.3 128-128c0-20.6-5.3-39.8-14-57l96.3-23.2c18.2-4.4 18.2-27.1 0-31.5l-190.4-46c-13-3.1-26.7-3.1-39.7 0L13.6 48.2c-18.1 4.4-18.1 27.2 0 31.6z"></path></svg></span></div></div><div class="uagb-ifb-title-wrap"><h3 class="uagb-ifb-title">Courses Offered</h3></div><div class="uagb-ifb-separator-parent"><div class="uagb-ifb-separator"></div></div><div class="uagb-ifb-text-wrap"><div class="uagb-ifb-cta uagb-infobox-cta-link-style"><div class="uagb-ifb-button-wrapper wp-block-button"><a href="https://nsambyatrainingsch.com/academics-nsambya-training-school-st-francis-hospital/all-courses-st-francis-hospital-nsambya-training-school/" class="wp-block-button__link" target="_self" rel="noopener noreferrer"><span class="uagb-ifb-cta-content-wrapper"><span class="uagb-inline-editing ">ALL COURSES</span></span></a></div></div></div></div></div></div></div>\n<!-- /wp:uagb/info-box --></div>\n<!-- /wp:column -->\n\n<!-- wp:column -->\n<div class="wp-block-column"><!-- wp:uagb/info-box {"inheritFromTheme":true,"classMigrate":true,"headingColor":"var(\\u002d\\u002dast-global-color-5)","icon":"university","iconHover":"var(\\u002d\\u002dast-global-color-1)","iconColor":"var(\\u002d\\u002dast-global-color-0)","block_id":"4fb60a09","ctaIcon":"angle-double-right","seperatorColor":"var(\\u002d\\u002dast-global-color-5)","seperatorThickness":1,"ctaType":"button","ctaText":"VIEWS UPDATES","showPrefix":false,"showDesc":false} -->\n<div class="wp-block-uagb-info-box uagb-infobox__outer-wrap uagb-block-4fb60a09"><div class="uagb-infobox__content-wrap uagb-infobox uagb-infobox-has-icon uagb-infobox-icon-above-title uagb-infobox-image-valign-top uagb-infobox-enable-border-radius "><div class="uagb-ifb-left-right-wrap"><div class="uagb-ifb-content"><div class="uagb-ifb-image-icon-content uagb-ifb-imgicon-wrap"><div class="uagb-ifb-icon-wrap"><span class="uagb-ifb-icon"><svg xmlns="http://www.w3.org/2000/svg" viewBox="0 0 512 512"><path d="M496 128v16a8 8 0 0 1-8 8h-24v12c0 6.627-5.373 12-12 12H60c-6.627 0-12-5.373-12-12v-12H24a8 8 0 0 1-8-8v-16a8 8 0 0 1 4.941-7.392l232-88a7.996 7.996 0 0 1 6.118 0l232 88A8 8 0 0 1 496 128zm-24 304H40c-13.255 0-24 10.745-24 24v16a8 8 0 0 0 8 8h464a8 8 0 0 0 8-8v-16c0-13.255-10.745-24-24-24zM96 192v192H60c-6.627 0-12 5.373-12 12v20h416v-20c0-6.627-5.373-12-12-12h-36V192h-64v192h-64V192h-64v192h-64V192H96z"></path></svg></span></div></div><div class="uagb-ifb-title-wrap"><h3 class="uagb-ifb-title">Admissions Updates</h3></div><div class="uagb-ifb-separator-parent"><div class="uagb-ifb-separator"></div></div><div class="uagb-ifb-text-wrap"><div class="uagb-ifb-cta uagb-infobox-cta-link-style"><div class="uagb-ifb-button-wrapper wp-block-button"><a href="#" class="wp-block-button__link" target="_self" rel="noopener noreferrer"><span class="uagb-ifb-button-icon uagb-ifb-align-icon-after"><svg xmlns="http://www.w3.org/2000/svg" viewBox="0 0 448 512"><path d="M224.3 273l-136 136c-9.4 9.4-24.6 9.4-33.9 0l-22.6-22.6c-9.4-9.4-9.4-24.6 0-33.9l96.4-96.4-96.4-96.4c-9.4-9.4-9.4-24.6 0-33.9L54.3 103c9.4-9.4 24.6-9.4 33.9 0l136 136c9.5 9.4 9.5 24.6.1 34zm192-34l-136-136c-9.4-9.4-24.6-9.4-33.9 0l-22.6 22.6c-9.4 9.4-9.4 24.6 0 33.9l96.4 96.4-96.4 96.4c-9.4 9.4-9.4 24.6 0 33.9l22.6 22.6c9.4 9.4 24.6 9.4 33.9 0l136-136c9.4-9.2 9.4-24.4 0-33.8z"></path></svg></span><span class="uagb-ifb-cta-content-wrapper"><span class="uagb-inline-editing ">VIEWS UPDATES</span></span></a></div></div></div></div></div></div></div>\n<!-- /wp:uagb/info-box --></div>\n<!-- /wp:column --></div>\n<!-- /wp:columns -->\n\n<!-- wp:paragraph {"align":"center"} -->\n<p class="has-text-align-center">If you''re new here, Kindly Create an account to access the Online Applications Portal;  Existing Applicants, Please Log In to track the progress of your Application.</p>\n<!-- /wp:paragraph -->\n\n<!-- wp:paragraph {"align":"center"} -->\n<p class="has-text-align-center">Thank you for expressing Interest in Studying at St. Francis Hospital Nsambya Training School. </p>\n<!-- /wp:paragraph -->\n\n<!-- wp:buttons {"layout":{"type":"flex","justifyContent":"center","orientation":"horizontal"}} -->\n<div class="wp-block-buttons"><!-- wp:button {"extUtilities":[]} -->\n<div class="wp-block-button"><a class="wp-block-button__link wp-element-button" href="https://admissions.nsambyatrainingsch.com/register/">CREATE ACCOUNT</a></div>\n<!-- /wp:button -->\n\n<!-- wp:button {"extUtilities":[]} -->\n<div class="wp-block-button"><a class="wp-block-button__link wp-element-button" href="https://admissions.nsambyatrainingsch.com/wp-login.php?">LOG IN</a></div>\n<!-- /wp:button --></div>\n<!-- /wp:buttons -->\n\n<!-- wp:spacer {"height":"59px"} -->\n<div style="height:59px" aria-hidden="true" class="wp-block-spacer"></div>\n<!-- /wp:spacer --></div></div>\n<!-- /wp:cover -->\n\n<!-- wp:columns -->\n<div class="wp-block-columns"><!-- wp:column -->\n<div class="wp-block-column"><!-- wp:columns -->\n<div class="wp-block-columns"><!-- wp:column -->\n<div class="wp-block-column"><!-- wp:uagb/info-box {"classMigrate":true,"icon":"graduation-cap","block_id":"ade30802"} -->\n<div class="wp-block-uagb-info-box uagb-infobox__outer-wrap uagb-block-ade30802"><div class="uagb-infobox__content-wrap uagb-infobox uagb-infobox-has-icon uagb-infobox-icon-above-title uagb-infobox-image-valign-top uagb-infobox-enable-border-radius "><div class="uagb-ifb-left-right-wrap"><div class="uagb-ifb-content"><div class="uagb-ifb-image-icon-content uagb-ifb-imgicon-wrap"><div class="uagb-ifb-icon-wrap"><span class="uagb-ifb-icon"><svg xmlns="http://www.w3.org/2000/svg" viewBox="0 0 640 512"><path d="M622.34 153.2L343.4 67.5c-15.2-4.67-31.6-4.67-46.79 0L17.66 153.2c-23.54 7.23-23.54 38.36 0 45.59l48.63 14.94c-10.67 13.19-17.23 29.28-17.88 46.9C38.78 266.15 32 276.11 32 288c0 10.78 5.68 19.85 13.86 25.65L20.33 428.53C18.11 438.52 25.71 448 35.94 448h56.11c10.24 0 17.84-9.48 15.62-19.47L82.14 313.65C90.32 307.85 96 298.78 96 288c0-11.57-6.47-21.25-15.66-26.87.76-15.02 8.44-28.3 20.69-36.72L296.6 284.5c9.06 2.78 26.44 6.25 46.79 0l278.95-85.7c23.55-7.24 23.55-38.36 0-45.6zM352.79 315.09c-28.53 8.76-52.84 3.92-65.59 0l-145.02-44.55L128 384c0 35.35 85.96 64 192 64s192-28.65 192-64l-14.18-113.47-145.03 44.56z"></path></svg></span></div></div><div class="uagb-ifb-title-wrap"><span class="uagb-ifb-title-prefix">Apply Online </span><h3 class="uagb-ifb-title">Bachelor''s Degree Program</h3></div><div class="uagb-ifb-separator-parent"><div class="uagb-ifb-separator"></div></div><div class="uagb-ifb-text-wrap"><p class="uagb-ifb-desc">Click here to change this text. Lorem ipsum dolor sit amet, consectetur adipiscing elit. Ut elit tellus, luctus nec ullamcorper mattis, pulvinar dapibus leo.</p></div></div></div></div></div>\n<!-- /wp:uagb/info-box --></div>\n<!-- /wp:column -->\n\n<!-- wp:column -->\n<div class="wp-block-column"><!-- wp:uagb/info-box {"classMigrate":true,"icon":"graduation-cap","block_id":"e3877e95"} -->\n<div class="wp-block-uagb-info-box uagb-infobox__outer-wrap uagb-block-e3877e95"><div class="uagb-infobox__content-wrap uagb-infobox uagb-infobox-has-icon uagb-infobox-icon-above-title uagb-infobox-image-valign-top uagb-infobox-enable-border-radius "><div class="uagb-ifb-left-right-wrap"><div class="uagb-ifb-content"><div class="uagb-ifb-image-icon-content uagb-ifb-imgicon-wrap"><div class="uagb-ifb-icon-wrap"><span class="uagb-ifb-icon"><svg xmlns="http://www.w3.org/2000/svg" viewBox="0 0 640 512"><path d="M622.34 153.2L343.4 67.5c-15.2-4.67-31.6-4.67-46.79 0L17.66 153.2c-23.54 7.23-23.54 38.36 0 45.59l48.63 14.94c-10.67 13.19-17.23 29.28-17.88 46.9C38.78 266.15 32 276.11 32 288c0 10.78 5.68 19.85 13.86 25.65L20.33 428.53C18.11 438.52 25.71 448 35.94 448h56.11c10.24 0 17.84-9.48 15.62-19.47L82.14 313.65C90.32 307.85 96 298.78 96 288c0-11.57-6.47-21.25-15.66-26.87.76-15.02 8.44-28.3 20.69-36.72L296.6 284.5c9.06 2.78 26.44 6.25 46.79 0l278.95-85.7c23.55-7.24 23.55-38.36 0-45.6zM352.79 315.09c-28.53 8.76-52.84 3.92-65.59 0l-145.02-44.55L128 384c0 35.35 85.96 64 192 64s192-28.65 192-64l-14.18-113.47-145.03 44.56z"></path></svg></span></div></div><div class="uagb-ifb-title-wrap"><span class="uagb-ifb-title-prefix">Apply Online</span><h3 class="uagb-ifb-title">Diploma Courses</h3></div><div class="uagb-ifb-separator-parent"><div class="uagb-ifb-separator"></div></div><div class="uagb-ifb-text-wrap"><p class="uagb-ifb-desc">Click here to change this text. Lorem ipsum dolor sit amet, consectetur adipiscing elit. Ut elit tellus, luctus nec ullamcorper mattis, pulvinar dapibus leo.</p></div></div></div></div></div>\n<!-- /wp:uagb/info-box --></div>\n<!-- /wp:column --></div>\n<!-- /wp:columns -->\n\n<!-- wp:uagb/info-box {"classMigrate":true,"icon":"graduation-cap","block_id":"da27fb5e"} -->\n<div class="wp-block-uagb-info-box uagb-infobox__outer-wrap uagb-block-da27fb5e"><div class="uagb-infobox__content-wrap uagb-infobox uagb-infobox-has-icon uagb-infobox-icon-above-title uagb-infobox-image-valign-top uagb-infobox-enable-border-radius "><div class="uagb-ifb-left-right-wrap"><div class="uagb-ifb-content"><div class="uagb-ifb-image-icon-content uagb-ifb-imgicon-wrap"><div class="uagb-ifb-icon-wrap"><span class="uagb-ifb-icon"><svg xmlns="http://www.w3.org/2000/svg" viewBox="0 0 640 512"><path d="M622.34 153.2L343.4 67.5c-15.2-4.67-31.6-4.67-46.79 0L17.66 153.2c-23.54 7.23-23.54 38.36 0 45.59l48.63 14.94c-10.67 13.19-17.23 29.28-17.88 46.9C38.78 266.15 32 276.11 32 288c0 10.78 5.68 19.85 13.86 25.65L20.33 428.53C18.11 438.52 25.71 448 35.94 448h56.11c10.24 0 17.84-9.48 15.62-19.47L82.14 313.65C90.32 307.85 96 298.78 96 288c0-11.57-6.47-21.25-15.66-26.87.76-15.02 8.44-28.3 20.69-36.72L296.6 284.5c9.06 2.78 26.44 6.25 46.79 0l278.95-85.7c23.55-7.24 23.55-38.36 0-45.6zM352.79 315.09c-28.53 8.76-52.84 3.92-65.59 0l-145.02-44.55L128 384c0 35.35 85.96 64 192 64s192-28.65 192-64l-14.18-113.47-145.03 44.56z"></path></svg></span></div></div><div class="uagb-ifb-title-wrap"><span class="uagb-ifb-title-prefix">Apply Online</span><h3 class="uagb-ifb-title">Certificate Programs</h3></div><div class="uagb-ifb-separator-parent"><div class="uagb-ifb-separator"></div></div><div class="uagb-ifb-text-wrap"><p class="uagb-ifb-desc">Click here to change this text. Lorem ipsum dolor sit amet, consectetur adipiscing elit. Ut elit tellus, luctus nec ullamcorper mattis, pulvinar dapibus leo.</p></div></div></div></div></div>\n<!-- /wp:uagb/info-box --></div>\n<!-- /wp:column --></div>\n<!-- /wp:columns -->\n\n<!-- wp:uagb/post-masonry {"block_id":"a6b5cd5d"} /-->\n\n<!-- wp:group {"align":"full","backgroundColor":"ast-global-color-5"} -->\n<div class="wp-block-group alignfull has-ast-global-color-5-background-color has-background"><!-- wp:heading {"textColor":"ast-global-color-1","className":"has-text-align-center"} -->\n<h2 class="has-text-align-center has-ast-global-color-1-color has-text-color">St. Francis Hospital Nsambya Training School</h2>\n<!-- /wp:heading -->\n\n<!-- wp:tribe/events-list -->\n<!-- wp:legacy-widget {"idBase":"tribe-widget-events-list","instance":{"encoded":"YTo2OntzOjU6InRpdGxlIjtzOjE1OiJVcGNvbWluZyBFdmVudHMiO3M6NToibGltaXQiO3M6MToiNSI7czoxODoibm9fdXBjb21pbmdfZXZlbnRzIjtiOjA7czoyMDoiZmVhdHVyZWRfZXZlbnRzX29ubHkiO2I6MDtzOjEzOiJqc29ubGRfZW5hYmxlIjtiOjE7czoyMDoidHJpYmVfaXNfbGlzdF93aWRnZXQiO2I6MDt9","hash":"d5f9bc10d2c301bd00350c5b2a6bd3bf"}} /-->\n<!-- /wp:tribe/events-list -->\n\n<!-- wp:heading {"textAlign":"center","textColor":"ast-global-color-1"} -->\n<h2 class="has-text-align-center has-ast-global-color-1-color has-text-color">Join Uganda''s Leading Health Care Training Institution</h2>\n<!-- /wp:heading -->\n\n<!-- wp:columns -->\n<div class="wp-block-columns"><!-- wp:column {"width":"100%"} -->\n<div class="wp-block-column" style="flex-basis:100%"><!-- wp:buttons -->\n<div class="wp-block-buttons"><!-- wp:button {"align":"center","extUtilities":[]} -->\n<div class="wp-block-button aligncenter"><a class="wp-block-button__link wp-element-button" href="https://admissions.nsambyatrainingsch.com/wp-login.php?">ONLINE APPLICATIONS PORTAL</a></div>\n<!-- /wp:button --></div>\n<!-- /wp:buttons --></div>\n<!-- /wp:column --></div>\n<!-- /wp:columns -->\n\n<!-- wp:buttons -->\n<div class="wp-block-buttons"><!-- wp:button /--></div>\n<!-- /wp:buttons -->\n\n<!-- wp:group -->\n<div class="wp-block-group"><!-- wp:buttons -->\n<div class="wp-block-buttons"><!-- wp:button {"align":"center","extUtilities":[]} -->\n<div class="wp-block-button aligncenter"><a class="wp-block-button__link wp-element-button" href="https://admissions.nsambyatrainingsch.com/wp-login.php?">STAFF ACCESS</a></div>\n<!-- /wp:button --></div>\n<!-- /wp:buttons --></div>\n<!-- /wp:group --></div>\n<!-- /wp:group -->\n\n<!-- wp:group {"align":"full","backgroundColor":"ast-global-color-4"} -->\n<div class="wp-block-group alignfull has-ast-global-color-4-background-color has-background"><!-- wp:metaslider/slider {"slideshowId":25791} -->\n<div class="alignnormal">[metaslider id=25791 cssclass=""]</div>\n<!-- /wp:metaslider/slider --></div>\n<!-- /wp:group -->\n\n<!-- wp:loginout /-->', 'Online Admissions Portal', '', 'inherit', 'closed', 'closed', '', '25407-revision-v1', '', '', '2022-07-19 00:26:08', '2022-07-19 00:26:08', '', 25407, 'https://admissions.nsambyatrainingsch.com/?p=26048', 0, 'revision', '', 0),
(26050, 1, '2022-07-19 00:35:15', '2022-07-19 00:35:15', '<!-- wp:cover {"url":"https://admissions.nsambyatrainingsch.com/wp-content/uploads/2022/05/Nsambya-Hospital-Training-School-Website-Images-3-scaled.jpg","id":25698,"dimRatio":80,"focalPoint":{"x":"0.42","y":"0.53"},"minHeight":850,"align":"full","extUtilities":[]} -->\n<div class="wp-block-cover alignfull" style="min-height:850px"><span aria-hidden="true" class="wp-block-cover__background has-background-dim-80 has-background-dim"></span><img class="wp-block-cover__image-background wp-image-25698" alt="" src="https://admissions.nsambyatrainingsch.com/wp-content/uploads/2022/05/Nsambya-Hospital-Training-School-Website-Images-3-scaled.jpg" style="object-position:42% 53%" data-object-fit="cover" data-object-position="42% 53%"/><div class="wp-block-cover__inner-container"><!-- wp:spacer {"height":"135px","UAGDisplayConditions":"responsiveVisibility","UAGHideDesktop":true} -->\n<div style="height:135px" aria-hidden="true" class="wp-block-spacer uag-hide-desktop"></div>\n<!-- /wp:spacer -->\n\n<!-- wp:spacer {"height":"40px","UAGDisplayConditions":"responsiveVisibility","UAGHideMob":true,"UAGHideTab":true} -->\n<div style="height:40px" aria-hidden="true" class="wp-block-spacer uag-hide-tab uag-hide-mob"></div>\n<!-- /wp:spacer -->\n\n<!-- wp:heading {"level":1,"textColor":"white","className":"has-text-align-center"} -->\n<h1 class="has-text-align-center has-white-color has-text-color">Online Admissions Portal</h1>\n<!-- /wp:heading -->\n\n<!-- wp:columns -->\n<div class="wp-block-columns"><!-- wp:column -->\n<div class="wp-block-column"><!-- wp:uagb/info-box {"inheritFromTheme":true,"classMigrate":true,"headingColor":"var(\\u002d\\u002dast-global-color-5)","icon":"user-graduate","iconSize":64,"iconHover":"var(\\u002d\\u002dast-global-color-1)","iconColor":"var(\\u002d\\u002dast-global-color-0)","block_id":"6642950b","seperatorColor":"var(\\u002d\\u002dast-global-color-5)","seperatorThickness":1,"ctaType":"button","ctaText":"ALL COURSES","ctaLink":"https://nsambyatrainingsch.com/academics-nsambya-training-school-st-francis-hospital/all-courses-st-francis-hospital-nsambya-training-school/","showPrefix":false,"showDesc":false} -->\n<div class="wp-block-uagb-info-box uagb-infobox__outer-wrap uagb-block-6642950b"><div class="uagb-infobox__content-wrap uagb-infobox uagb-infobox-has-icon uagb-infobox-icon-above-title uagb-infobox-image-valign-top uagb-infobox-enable-border-radius "><div class="uagb-ifb-left-right-wrap"><div class="uagb-ifb-content"><div class="uagb-ifb-image-icon-content uagb-ifb-imgicon-wrap"><div class="uagb-ifb-icon-wrap"><span class="uagb-ifb-icon"><svg xmlns="http://www.w3.org/2000/svg" viewBox="0 0 448 512"><path d="M319.4 320.6L224 416l-95.4-95.4C57.1 323.7 0 382.2 0 454.4v9.6c0 26.5 21.5 48 48 48h352c26.5 0 48-21.5 48-48v-9.6c0-72.2-57.1-130.7-128.6-133.8zM13.6 79.8l6.4 1.5v58.4c-7 4.2-12 11.5-12 20.3 0 8.4 4.6 15.4 11.1 19.7L3.5 242c-1.7 6.9 2.1 14 7.6 14h41.8c5.5 0 9.3-7.1 7.6-14l-15.6-62.3C51.4 175.4 56 168.4 56 160c0-8.8-5-16.1-12-20.3V87.1l66 15.9c-8.6 17.2-14 36.4-14 57 0 70.7 57.3 128 128 128s128-57.3 128-128c0-20.6-5.3-39.8-14-57l96.3-23.2c18.2-4.4 18.2-27.1 0-31.5l-190.4-46c-13-3.1-26.7-3.1-39.7 0L13.6 48.2c-18.1 4.4-18.1 27.2 0 31.6z"></path></svg></span></div></div><div class="uagb-ifb-title-wrap"><h3 class="uagb-ifb-title">Courses Offered</h3></div><div class="uagb-ifb-separator-parent"><div class="uagb-ifb-separator"></div></div><div class="uagb-ifb-text-wrap"><div class="uagb-ifb-cta uagb-infobox-cta-link-style"><div class="uagb-ifb-button-wrapper wp-block-button"><a href="https://nsambyatrainingsch.com/academics-nsambya-training-school-st-francis-hospital/all-courses-st-francis-hospital-nsambya-training-school/" class="wp-block-button__link" target="_self" rel="noopener noreferrer"><span class="uagb-ifb-cta-content-wrapper"><span class="uagb-inline-editing ">ALL COURSES</span></span></a></div></div></div></div></div></div></div>\n<!-- /wp:uagb/info-box --></div>\n<!-- /wp:column -->\n\n<!-- wp:column -->\n<div class="wp-block-column"><!-- wp:uagb/info-box {"inheritFromTheme":true,"classMigrate":true,"headingColor":"var(\\u002d\\u002dast-global-color-5)","icon":"university","iconHover":"var(\\u002d\\u002dast-global-color-1)","iconColor":"var(\\u002d\\u002dast-global-color-0)","block_id":"4fb60a09","ctaIcon":"angle-double-right","seperatorColor":"var(\\u002d\\u002dast-global-color-5)","seperatorThickness":1,"ctaType":"button","ctaText":"VIEWS UPDATES","showPrefix":false,"showDesc":false} -->\n<div class="wp-block-uagb-info-box uagb-infobox__outer-wrap uagb-block-4fb60a09"><div class="uagb-infobox__content-wrap uagb-infobox uagb-infobox-has-icon uagb-infobox-icon-above-title uagb-infobox-image-valign-top uagb-infobox-enable-border-radius "><div class="uagb-ifb-left-right-wrap"><div class="uagb-ifb-content"><div class="uagb-ifb-image-icon-content uagb-ifb-imgicon-wrap"><div class="uagb-ifb-icon-wrap"><span class="uagb-ifb-icon"><svg xmlns="http://www.w3.org/2000/svg" viewBox="0 0 512 512"><path d="M496 128v16a8 8 0 0 1-8 8h-24v12c0 6.627-5.373 12-12 12H60c-6.627 0-12-5.373-12-12v-12H24a8 8 0 0 1-8-8v-16a8 8 0 0 1 4.941-7.392l232-88a7.996 7.996 0 0 1 6.118 0l232 88A8 8 0 0 1 496 128zm-24 304H40c-13.255 0-24 10.745-24 24v16a8 8 0 0 0 8 8h464a8 8 0 0 0 8-8v-16c0-13.255-10.745-24-24-24zM96 192v192H60c-6.627 0-12 5.373-12 12v20h416v-20c0-6.627-5.373-12-12-12h-36V192h-64v192h-64V192h-64v192h-64V192H96z"></path></svg></span></div></div><div class="uagb-ifb-title-wrap"><h3 class="uagb-ifb-title">Admissions Updates</h3></div><div class="uagb-ifb-separator-parent"><div class="uagb-ifb-separator"></div></div><div class="uagb-ifb-text-wrap"><div class="uagb-ifb-cta uagb-infobox-cta-link-style"><div class="uagb-ifb-button-wrapper wp-block-button"><a href="#" class="wp-block-button__link" target="_self" rel="noopener noreferrer"><span class="uagb-ifb-button-icon uagb-ifb-align-icon-after"><svg xmlns="http://www.w3.org/2000/svg" viewBox="0 0 448 512"><path d="M224.3 273l-136 136c-9.4 9.4-24.6 9.4-33.9 0l-22.6-22.6c-9.4-9.4-9.4-24.6 0-33.9l96.4-96.4-96.4-96.4c-9.4-9.4-9.4-24.6 0-33.9L54.3 103c9.4-9.4 24.6-9.4 33.9 0l136 136c9.5 9.4 9.5 24.6.1 34zm192-34l-136-136c-9.4-9.4-24.6-9.4-33.9 0l-22.6 22.6c-9.4 9.4-9.4 24.6 0 33.9l96.4 96.4-96.4 96.4c-9.4 9.4-9.4 24.6 0 33.9l22.6 22.6c9.4 9.4 24.6 9.4 33.9 0l136-136c9.4-9.2 9.4-24.4 0-33.8z"></path></svg></span><span class="uagb-ifb-cta-content-wrapper"><span class="uagb-inline-editing ">VIEWS UPDATES</span></span></a></div></div></div></div></div></div></div>\n<!-- /wp:uagb/info-box --></div>\n<!-- /wp:column --></div>\n<!-- /wp:columns -->\n\n<!-- wp:paragraph {"align":"center"} -->\n<p class="has-text-align-center">If you''re new here, Kindly Create an account to access the Online Applications Portal;  Existing Applicants, Please Log In to track the progress of your Application.</p>\n<!-- /wp:paragraph -->\n\n<!-- wp:paragraph {"align":"center"} -->\n<p class="has-text-align-center">Thank you for expressing Interest in Studying at St. Francis Hospital Nsambya Training School. </p>\n<!-- /wp:paragraph -->\n\n<!-- wp:buttons {"layout":{"type":"flex","justifyContent":"center","orientation":"horizontal"}} -->\n<div class="wp-block-buttons"><!-- wp:button {"extUtilities":[]} -->\n<div class="wp-block-button"><a class="wp-block-button__link wp-element-button" href="https://admissions.nsambyatrainingsch.com/register/">CREATE ACCOUNT</a></div>\n<!-- /wp:button -->\n\n<!-- wp:button {"extUtilities":[]} -->\n<div class="wp-block-button"><a class="wp-block-button__link wp-element-button" href="https://admissions.nsambyatrainingsch.com/wp-login.php?">LOG IN</a></div>\n<!-- /wp:button --></div>\n<!-- /wp:buttons -->\n\n<!-- wp:spacer {"height":"59px"} -->\n<div style="height:59px" aria-hidden="true" class="wp-block-spacer"></div>\n<!-- /wp:spacer --></div></div>\n<!-- /wp:cover -->\n\n<!-- wp:heading {"textAlign":"center","textColor":"ast-global-color-1"} -->\n<h2 class="has-text-align-center has-ast-global-color-1-color has-text-color">Online Applications Portal</h2>\n<!-- /wp:heading -->\n\n<!-- wp:columns -->\n<div class="wp-block-columns"><!-- wp:column -->\n<div class="wp-block-column"><!-- wp:columns -->\n<div class="wp-block-columns"><!-- wp:column -->\n<div class="wp-block-column"><!-- wp:uagb/info-box {"classMigrate":true,"icon":"graduation-cap","iconSize":60,"block_id":"ade30802"} -->\n<div class="wp-block-uagb-info-box uagb-infobox__outer-wrap uagb-block-ade30802"><div class="uagb-infobox__content-wrap uagb-infobox uagb-infobox-has-icon uagb-infobox-icon-above-title uagb-infobox-image-valign-top uagb-infobox-enable-border-radius "><div class="uagb-ifb-left-right-wrap"><div class="uagb-ifb-content"><div class="uagb-ifb-image-icon-content uagb-ifb-imgicon-wrap"><div class="uagb-ifb-icon-wrap"><span class="uagb-ifb-icon"><svg xmlns="http://www.w3.org/2000/svg" viewBox="0 0 640 512"><path d="M622.34 153.2L343.4 67.5c-15.2-4.67-31.6-4.67-46.79 0L17.66 153.2c-23.54 7.23-23.54 38.36 0 45.59l48.63 14.94c-10.67 13.19-17.23 29.28-17.88 46.9C38.78 266.15 32 276.11 32 288c0 10.78 5.68 19.85 13.86 25.65L20.33 428.53C18.11 438.52 25.71 448 35.94 448h56.11c10.24 0 17.84-9.48 15.62-19.47L82.14 313.65C90.32 307.85 96 298.78 96 288c0-11.57-6.47-21.25-15.66-26.87.76-15.02 8.44-28.3 20.69-36.72L296.6 284.5c9.06 2.78 26.44 6.25 46.79 0l278.95-85.7c23.55-7.24 23.55-38.36 0-45.6zM352.79 315.09c-28.53 8.76-52.84 3.92-65.59 0l-145.02-44.55L128 384c0 35.35 85.96 64 192 64s192-28.65 192-64l-14.18-113.47-145.03 44.56z"></path></svg></span></div></div><div class="uagb-ifb-title-wrap"><span class="uagb-ifb-title-prefix">Apply Online </span><h3 class="uagb-ifb-title">Bachelor''s Degree Programs</h3></div><div class="uagb-ifb-separator-parent"><div class="uagb-ifb-separator"></div></div><div class="uagb-ifb-text-wrap"><p class="uagb-ifb-desc"><strong><a href="https://nsambyatrainingsch.com/nursing-nsambya-training-school/bachelors-nursing-science-nsambya-training-school/">Bachelors in Nursing Science (BNS)</a></strong><br><strong><a href="https://nsambyatrainingsch.com/nursing-nsambya-training-school/bachelors-in-midwifery-science-bms-st-francis-hospital-nsambya-training-school/">Bachelors in Midwifery Science (BMS)</a></strong></p></div></div></div></div></div>\n<!-- /wp:uagb/info-box --></div>\n<!-- /wp:column -->\n\n<!-- wp:column -->\n<div class="wp-block-column"><!-- wp:uagb/info-box {"classMigrate":true,"icon":"graduation-cap","iconSize":60,"block_id":"e3877e95"} -->\n<div class="wp-block-uagb-info-box uagb-infobox__outer-wrap uagb-block-e3877e95"><div class="uagb-infobox__content-wrap uagb-infobox uagb-infobox-has-icon uagb-infobox-icon-above-title uagb-infobox-image-valign-top uagb-infobox-enable-border-radius "><div class="uagb-ifb-left-right-wrap"><div class="uagb-ifb-content"><div class="uagb-ifb-image-icon-content uagb-ifb-imgicon-wrap"><div class="uagb-ifb-icon-wrap"><span class="uagb-ifb-icon"><svg xmlns="http://www.w3.org/2000/svg" viewBox="0 0 640 512"><path d="M622.34 153.2L343.4 67.5c-15.2-4.67-31.6-4.67-46.79 0L17.66 153.2c-23.54 7.23-23.54 38.36 0 45.59l48.63 14.94c-10.67 13.19-17.23 29.28-17.88 46.9C38.78 266.15 32 276.11 32 288c0 10.78 5.68 19.85 13.86 25.65L20.33 428.53C18.11 438.52 25.71 448 35.94 448h56.11c10.24 0 17.84-9.48 15.62-19.47L82.14 313.65C90.32 307.85 96 298.78 96 288c0-11.57-6.47-21.25-15.66-26.87.76-15.02 8.44-28.3 20.69-36.72L296.6 284.5c9.06 2.78 26.44 6.25 46.79 0l278.95-85.7c23.55-7.24 23.55-38.36 0-45.6zM352.79 315.09c-28.53 8.76-52.84 3.92-65.59 0l-145.02-44.55L128 384c0 35.35 85.96 64 192 64s192-28.65 192-64l-14.18-113.47-145.03 44.56z"></path></svg></span></div></div><div class="uagb-ifb-title-wrap"><span class="uagb-ifb-title-prefix">Apply Online</span><h3 class="uagb-ifb-title">Certificate Courses</h3></div><div class="uagb-ifb-separator-parent"><div class="uagb-ifb-separator"></div></div><div class="uagb-ifb-text-wrap"><p class="uagb-ifb-desc"><strong><a href="https://nsambyatrainingsch.com/certificate-in-nursing-cnn-course-st-francis-hospital-nsambya-training-school/">Certificate in Nursing (CN)</a></strong><br><strong><a href="https://nsambyatrainingsch.com/nursing-nsambya-training-school/certificate-midwifery-science-cm-st-francis-hospital-nsambya-training-school/">Certificate in Midwifery (CM)</a></strong><br><strong><a href="https://nsambyatrainingsch.com/departments-nsambya-training-school/medical-laboratory-technology-courses-nsambya-training-school/certificate-in-medical-laboratory-technology-cmlt-st-francis-hospital-nsambya-training-school-2/">Certificate in Medical Laboratory Technology (CMLT)</a></strong></p></div></div></div></div></div>\n<!-- /wp:uagb/info-box --></div>\n<!-- /wp:column --></div>\n<!-- /wp:columns -->\n\n<!-- wp:uagb/info-box {"classMigrate":true,"icon":"graduation-cap","iconSize":60,"block_id":"e495394b"} -->\n<div class="wp-block-uagb-info-box uagb-infobox__outer-wrap uagb-block-e495394b"><div class="uagb-infobox__content-wrap uagb-infobox uagb-infobox-has-icon uagb-infobox-icon-above-title uagb-infobox-image-valign-top uagb-infobox-enable-border-radius "><div class="uagb-ifb-left-right-wrap"><div class="uagb-ifb-content"><div class="uagb-ifb-image-icon-content uagb-ifb-imgicon-wrap"><div class="uagb-ifb-icon-wrap"><span class="uagb-ifb-icon"><svg xmlns="http://www.w3.org/2000/svg" viewBox="0 0 640 512"><path d="M622.34 153.2L343.4 67.5c-15.2-4.67-31.6-4.67-46.79 0L17.66 153.2c-23.54 7.23-23.54 38.36 0 45.59l48.63 14.94c-10.67 13.19-17.23 29.28-17.88 46.9C38.78 266.15 32 276.11 32 288c0 10.78 5.68 19.85 13.86 25.65L20.33 428.53C18.11 438.52 25.71 448 35.94 448h56.11c10.24 0 17.84-9.48 15.62-19.47L82.14 313.65C90.32 307.85 96 298.78 96 288c0-11.57-6.47-21.25-15.66-26.87.76-15.02 8.44-28.3 20.69-36.72L296.6 284.5c9.06 2.78 26.44 6.25 46.79 0l278.95-85.7c23.55-7.24 23.55-38.36 0-45.6zM352.79 315.09c-28.53 8.76-52.84 3.92-65.59 0l-145.02-44.55L128 384c0 35.35 85.96 64 192 64s192-28.65 192-64l-14.18-113.47-145.03 44.56z"></path></svg></span></div></div><div class="uagb-ifb-title-wrap"><span class="uagb-ifb-title-prefix">Apply Online</span><h3 class="uagb-ifb-title">Diploma Courses</h3></div><div class="uagb-ifb-separator-parent"><div class="uagb-ifb-separator"></div></div><div class="uagb-ifb-text-wrap"><p class="uagb-ifb-desc"><strong><a href="https://nsambyatrainingsch.com/nursing-nsambya-training-school/diploma-in-nursing-direct-ddn-st-francis-hospital-nsambya-training-school/">Diploma in Nursing (DDN) – Direct</a></strong><br><strong><a href="https://nsambyatrainingsch.com/diploma-in-nursing-dn-upgrading-st-francis-hospital-nsambya-training-school/">Diploma in Nursing (DN) – Upgrading</a></strong><br><strong><a href="https://nsambyatrainingsch.com/midwifery-nsambya-training-school/diploma-in-midwifery-upgrading-st-francis-hospital-nsambya-training-school-3/">Diploma in Midwifery (DM) – Upgrading</a></strong><br><strong><a href="https://nsambyatrainingsch.com/midwifery-nsambya-training-school/diploma-in-midwifery-e-learning-st-francis-hospital-nsambya-training-school/">Diploma in Midwifery E-Learning (DMeL)</a></strong><br><strong><a href="https://nsambyatrainingsch.com/departments-nsambya-training-school/medical-laboratory-technology-courses-nsambya-training-school/diploma-medical-laboratory-technology-direct-st-francis-hospital-nsambya-training-school/">Diploma in Medical Laboratory Technology (DMLT) – Direct</a></strong><br><strong><a href="https://nsambyatrainingsch.com/departments-nsambya-training-school/medical-laboratory-technology-courses-nsambya-training-school/diploma-in-medical-laboratory-technology-dmlt-upgrading-st-francis-hospital-nsambya-training-school/">Diploma in Medical Laboratory Technology (DMLT) – Upgrading</a></strong><br><a href="https://nsambyatrainingsch.com/academics-nsambya-training-school-st-francis-hospital/all-courses-st-francis-hospital-nsambya-training-school/diploma-clinical-mentoring-dcm-st-francis-hospital-nsambya-training-school/"><strong>Diploma in Clinical Mentoring (DCM)</strong></a></p></div></div></div></div></div>\n<!-- /wp:uagb/info-box --></div>\n<!-- /wp:column --></div>\n<!-- /wp:columns -->\n\n<!-- wp:uagb/post-masonry {"block_id":"a6b5cd5d"} /-->\n\n<!-- wp:group {"align":"full","backgroundColor":"ast-global-color-5"} -->\n<div class="wp-block-group alignfull has-ast-global-color-5-background-color has-background"><!-- wp:heading {"textColor":"ast-global-color-1","className":"has-text-align-center"} -->\n<h2 class="has-text-align-center has-ast-global-color-1-color has-text-color">St. Francis Hospital Nsambya Training School</h2>\n<!-- /wp:heading -->\n\n<!-- wp:tribe/events-list -->\n<!-- wp:legacy-widget {"idBase":"tribe-widget-events-list","instance":{"encoded":"YTo2OntzOjU6InRpdGxlIjtzOjE1OiJVcGNvbWluZyBFdmVudHMiO3M6NToibGltaXQiO3M6MToiNSI7czoxODoibm9fdXBjb21pbmdfZXZlbnRzIjtiOjA7czoyMDoiZmVhdHVyZWRfZXZlbnRzX29ubHkiO2I6MDtzOjEzOiJqc29ubGRfZW5hYmxlIjtiOjE7czoyMDoidHJpYmVfaXNfbGlzdF93aWRnZXQiO2I6MDt9","hash":"d5f9bc10d2c301bd00350c5b2a6bd3bf"}} /-->\n<!-- /wp:tribe/events-list -->\n\n<!-- wp:heading {"textAlign":"center","textColor":"ast-global-color-1"} -->\n<h2 class="has-text-align-center has-ast-global-color-1-color has-text-color">Join Uganda''s Leading Health Care Training Institution</h2>\n<!-- /wp:heading -->\n\n<!-- wp:columns -->\n<div class="wp-block-columns"><!-- wp:column {"width":"100%"} -->\n<div class="wp-block-column" style="flex-basis:100%"><!-- wp:buttons -->\n<div class="wp-block-buttons"><!-- wp:button {"align":"center","extUtilities":[]} -->\n<div class="wp-block-button aligncenter"><a class="wp-block-button__link wp-element-button" href="https://admissions.nsambyatrainingsch.com/wp-login.php?">ONLINE APPLICATIONS PORTAL</a></div>\n<!-- /wp:button --></div>\n<!-- /wp:buttons --></div>\n<!-- /wp:column --></div>\n<!-- /wp:columns -->\n\n<!-- wp:buttons -->\n<div class="wp-block-buttons"><!-- wp:button /--></div>\n<!-- /wp:buttons -->\n\n<!-- wp:group -->\n<div class="wp-block-group"><!-- wp:buttons -->\n<div class="wp-block-buttons"><!-- wp:button {"align":"center","extUtilities":[]} -->\n<div class="wp-block-button aligncenter"><a class="wp-block-button__link wp-element-button" href="https://admissions.nsambyatrainingsch.com/wp-login.php?">STAFF ACCESS</a></div>\n<!-- /wp:button --></div>\n<!-- /wp:buttons --></div>\n<!-- /wp:group --></div>\n<!-- /wp:group -->\n\n<!-- wp:group {"align":"full","backgroundColor":"ast-global-color-4"} -->\n<div class="wp-block-group alignfull has-ast-global-color-4-background-color has-background"><!-- wp:metaslider/slider {"slideshowId":25791} -->\n<div class="alignnormal">[metaslider id=25791 cssclass=""]</div>\n<!-- /wp:metaslider/slider --></div>\n<!-- /wp:group -->\n\n<!-- wp:loginout /-->', 'Online Admissions Portal', '', 'inherit', 'closed', 'closed', '', '25407-revision-v1', '', '', '2022-07-19 00:35:15', '2022-07-19 00:35:15', '', 25407, 'https://admissions.nsambyatrainingsch.com/?p=26050', 0, 'revision', '', 0);
INSERT INTO `ntswebposts` VALUES
(26052, 1, '2022-07-19 00:36:43', '2022-07-19 00:36:43', '<!-- wp:cover {"url":"https://admissions.nsambyatrainingsch.com/wp-content/uploads/2022/05/Nsambya-Hospital-Training-School-Website-Images-3-scaled.jpg","id":25698,"dimRatio":80,"focalPoint":{"x":"0.42","y":"0.53"},"minHeight":850,"align":"full","extUtilities":[]} -->\n<div class="wp-block-cover alignfull" style="min-height:850px"><span aria-hidden="true" class="wp-block-cover__background has-background-dim-80 has-background-dim"></span><img class="wp-block-cover__image-background wp-image-25698" alt="" src="https://admissions.nsambyatrainingsch.com/wp-content/uploads/2022/05/Nsambya-Hospital-Training-School-Website-Images-3-scaled.jpg" style="object-position:42% 53%" data-object-fit="cover" data-object-position="42% 53%"/><div class="wp-block-cover__inner-container"><!-- wp:spacer {"height":"135px","UAGDisplayConditions":"responsiveVisibility","UAGHideDesktop":true} -->\n<div style="height:135px" aria-hidden="true" class="wp-block-spacer uag-hide-desktop"></div>\n<!-- /wp:spacer -->\n\n<!-- wp:spacer {"height":"40px","UAGDisplayConditions":"responsiveVisibility","UAGHideMob":true,"UAGHideTab":true} -->\n<div style="height:40px" aria-hidden="true" class="wp-block-spacer uag-hide-tab uag-hide-mob"></div>\n<!-- /wp:spacer -->\n\n<!-- wp:heading {"level":1,"textColor":"white","className":"has-text-align-center"} -->\n<h1 class="has-text-align-center has-white-color has-text-color">Online Admissions Portal</h1>\n<!-- /wp:heading -->\n\n<!-- wp:columns -->\n<div class="wp-block-columns"><!-- wp:column -->\n<div class="wp-block-column"><!-- wp:uagb/info-box {"inheritFromTheme":true,"classMigrate":true,"headingColor":"var(\\u002d\\u002dast-global-color-5)","icon":"user-graduate","iconSize":64,"iconHover":"var(\\u002d\\u002dast-global-color-1)","iconColor":"var(\\u002d\\u002dast-global-color-0)","block_id":"6642950b","seperatorColor":"var(\\u002d\\u002dast-global-color-5)","seperatorThickness":1,"ctaType":"button","ctaText":"ALL COURSES","ctaLink":"https://nsambyatrainingsch.com/academics-nsambya-training-school-st-francis-hospital/all-courses-st-francis-hospital-nsambya-training-school/","showPrefix":false,"showDesc":false} -->\n<div class="wp-block-uagb-info-box uagb-infobox__outer-wrap uagb-block-6642950b"><div class="uagb-infobox__content-wrap uagb-infobox uagb-infobox-has-icon uagb-infobox-icon-above-title uagb-infobox-image-valign-top uagb-infobox-enable-border-radius "><div class="uagb-ifb-left-right-wrap"><div class="uagb-ifb-content"><div class="uagb-ifb-image-icon-content uagb-ifb-imgicon-wrap"><div class="uagb-ifb-icon-wrap"><span class="uagb-ifb-icon"><svg xmlns="http://www.w3.org/2000/svg" viewBox="0 0 448 512"><path d="M319.4 320.6L224 416l-95.4-95.4C57.1 323.7 0 382.2 0 454.4v9.6c0 26.5 21.5 48 48 48h352c26.5 0 48-21.5 48-48v-9.6c0-72.2-57.1-130.7-128.6-133.8zM13.6 79.8l6.4 1.5v58.4c-7 4.2-12 11.5-12 20.3 0 8.4 4.6 15.4 11.1 19.7L3.5 242c-1.7 6.9 2.1 14 7.6 14h41.8c5.5 0 9.3-7.1 7.6-14l-15.6-62.3C51.4 175.4 56 168.4 56 160c0-8.8-5-16.1-12-20.3V87.1l66 15.9c-8.6 17.2-14 36.4-14 57 0 70.7 57.3 128 128 128s128-57.3 128-128c0-20.6-5.3-39.8-14-57l96.3-23.2c18.2-4.4 18.2-27.1 0-31.5l-190.4-46c-13-3.1-26.7-3.1-39.7 0L13.6 48.2c-18.1 4.4-18.1 27.2 0 31.6z"></path></svg></span></div></div><div class="uagb-ifb-title-wrap"><h3 class="uagb-ifb-title">Courses Offered</h3></div><div class="uagb-ifb-separator-parent"><div class="uagb-ifb-separator"></div></div><div class="uagb-ifb-text-wrap"><div class="uagb-ifb-cta uagb-infobox-cta-link-style"><div class="uagb-ifb-button-wrapper wp-block-button"><a href="https://nsambyatrainingsch.com/academics-nsambya-training-school-st-francis-hospital/all-courses-st-francis-hospital-nsambya-training-school/" class="wp-block-button__link" target="_self" rel="noopener noreferrer"><span class="uagb-ifb-cta-content-wrapper"><span class="uagb-inline-editing ">ALL COURSES</span></span></a></div></div></div></div></div></div></div>\n<!-- /wp:uagb/info-box --></div>\n<!-- /wp:column -->\n\n<!-- wp:column -->\n<div class="wp-block-column"><!-- wp:uagb/info-box {"inheritFromTheme":true,"classMigrate":true,"headingColor":"var(\\u002d\\u002dast-global-color-5)","icon":"university","iconHover":"var(\\u002d\\u002dast-global-color-1)","iconColor":"var(\\u002d\\u002dast-global-color-0)","block_id":"4fb60a09","ctaIcon":"angle-double-right","seperatorColor":"var(\\u002d\\u002dast-global-color-5)","seperatorThickness":1,"ctaType":"button","ctaText":"VIEWS UPDATES","showPrefix":false,"showDesc":false} -->\n<div class="wp-block-uagb-info-box uagb-infobox__outer-wrap uagb-block-4fb60a09"><div class="uagb-infobox__content-wrap uagb-infobox uagb-infobox-has-icon uagb-infobox-icon-above-title uagb-infobox-image-valign-top uagb-infobox-enable-border-radius "><div class="uagb-ifb-left-right-wrap"><div class="uagb-ifb-content"><div class="uagb-ifb-image-icon-content uagb-ifb-imgicon-wrap"><div class="uagb-ifb-icon-wrap"><span class="uagb-ifb-icon"><svg xmlns="http://www.w3.org/2000/svg" viewBox="0 0 512 512"><path d="M496 128v16a8 8 0 0 1-8 8h-24v12c0 6.627-5.373 12-12 12H60c-6.627 0-12-5.373-12-12v-12H24a8 8 0 0 1-8-8v-16a8 8 0 0 1 4.941-7.392l232-88a7.996 7.996 0 0 1 6.118 0l232 88A8 8 0 0 1 496 128zm-24 304H40c-13.255 0-24 10.745-24 24v16a8 8 0 0 0 8 8h464a8 8 0 0 0 8-8v-16c0-13.255-10.745-24-24-24zM96 192v192H60c-6.627 0-12 5.373-12 12v20h416v-20c0-6.627-5.373-12-12-12h-36V192h-64v192h-64V192h-64v192h-64V192H96z"></path></svg></span></div></div><div class="uagb-ifb-title-wrap"><h3 class="uagb-ifb-title">Admissions Updates</h3></div><div class="uagb-ifb-separator-parent"><div class="uagb-ifb-separator"></div></div><div class="uagb-ifb-text-wrap"><div class="uagb-ifb-cta uagb-infobox-cta-link-style"><div class="uagb-ifb-button-wrapper wp-block-button"><a href="#" class="wp-block-button__link" target="_self" rel="noopener noreferrer"><span class="uagb-ifb-button-icon uagb-ifb-align-icon-after"><svg xmlns="http://www.w3.org/2000/svg" viewBox="0 0 448 512"><path d="M224.3 273l-136 136c-9.4 9.4-24.6 9.4-33.9 0l-22.6-22.6c-9.4-9.4-9.4-24.6 0-33.9l96.4-96.4-96.4-96.4c-9.4-9.4-9.4-24.6 0-33.9L54.3 103c9.4-9.4 24.6-9.4 33.9 0l136 136c9.5 9.4 9.5 24.6.1 34zm192-34l-136-136c-9.4-9.4-24.6-9.4-33.9 0l-22.6 22.6c-9.4 9.4-9.4 24.6 0 33.9l96.4 96.4-96.4 96.4c-9.4 9.4-9.4 24.6 0 33.9l22.6 22.6c9.4 9.4 24.6 9.4 33.9 0l136-136c9.4-9.2 9.4-24.4 0-33.8z"></path></svg></span><span class="uagb-ifb-cta-content-wrapper"><span class="uagb-inline-editing ">VIEWS UPDATES</span></span></a></div></div></div></div></div></div></div>\n<!-- /wp:uagb/info-box --></div>\n<!-- /wp:column --></div>\n<!-- /wp:columns -->\n\n<!-- wp:paragraph {"align":"center"} -->\n<p class="has-text-align-center">If you''re new here, Kindly Create an account to access the Online Applications Portal;  Existing Applicants, Please Log In to track the progress of your Application.</p>\n<!-- /wp:paragraph -->\n\n<!-- wp:paragraph {"align":"center"} -->\n<p class="has-text-align-center">Thank you for expressing Interest in Studying at St. Francis Hospital Nsambya Training School. </p>\n<!-- /wp:paragraph -->\n\n<!-- wp:buttons {"layout":{"type":"flex","justifyContent":"center","orientation":"horizontal"}} -->\n<div class="wp-block-buttons"><!-- wp:button {"extUtilities":[]} -->\n<div class="wp-block-button"><a class="wp-block-button__link wp-element-button" href="https://admissions.nsambyatrainingsch.com/register/">CREATE ACCOUNT</a></div>\n<!-- /wp:button -->\n\n<!-- wp:button {"extUtilities":[]} -->\n<div class="wp-block-button"><a class="wp-block-button__link wp-element-button" href="https://admissions.nsambyatrainingsch.com/wp-login.php?">LOG IN</a></div>\n<!-- /wp:button --></div>\n<!-- /wp:buttons -->\n\n<!-- wp:spacer {"height":"59px"} -->\n<div style="height:59px" aria-hidden="true" class="wp-block-spacer"></div>\n<!-- /wp:spacer --></div></div>\n<!-- /wp:cover -->\n\n<!-- wp:heading {"textAlign":"center","textColor":"ast-global-color-1"} -->\n<h2 class="has-text-align-center has-ast-global-color-1-color has-text-color">Online Applications Portal</h2>\n<!-- /wp:heading -->\n\n<!-- wp:columns -->\n<div class="wp-block-columns"><!-- wp:column -->\n<div class="wp-block-column"><!-- wp:columns -->\n<div class="wp-block-columns"><!-- wp:column -->\n<div class="wp-block-column"><!-- wp:uagb/info-box {"classMigrate":true,"headingColor":"var(\\u002d\\u002dast-global-color-1)","prefixColor":"var(\\u002d\\u002dast-global-color-2)","icon":"graduation-cap","iconSize":60,"iconHover":"var(\\u002d\\u002dast-global-color-0)","iconColor":"var(\\u002d\\u002dast-global-color-1)","block_id":"ade30802"} -->\n<div class="wp-block-uagb-info-box uagb-infobox__outer-wrap uagb-block-ade30802"><div class="uagb-infobox__content-wrap uagb-infobox uagb-infobox-has-icon uagb-infobox-icon-above-title uagb-infobox-image-valign-top uagb-infobox-enable-border-radius "><div class="uagb-ifb-left-right-wrap"><div class="uagb-ifb-content"><div class="uagb-ifb-image-icon-content uagb-ifb-imgicon-wrap"><div class="uagb-ifb-icon-wrap"><span class="uagb-ifb-icon"><svg xmlns="http://www.w3.org/2000/svg" viewBox="0 0 640 512"><path d="M622.34 153.2L343.4 67.5c-15.2-4.67-31.6-4.67-46.79 0L17.66 153.2c-23.54 7.23-23.54 38.36 0 45.59l48.63 14.94c-10.67 13.19-17.23 29.28-17.88 46.9C38.78 266.15 32 276.11 32 288c0 10.78 5.68 19.85 13.86 25.65L20.33 428.53C18.11 438.52 25.71 448 35.94 448h56.11c10.24 0 17.84-9.48 15.62-19.47L82.14 313.65C90.32 307.85 96 298.78 96 288c0-11.57-6.47-21.25-15.66-26.87.76-15.02 8.44-28.3 20.69-36.72L296.6 284.5c9.06 2.78 26.44 6.25 46.79 0l278.95-85.7c23.55-7.24 23.55-38.36 0-45.6zM352.79 315.09c-28.53 8.76-52.84 3.92-65.59 0l-145.02-44.55L128 384c0 35.35 85.96 64 192 64s192-28.65 192-64l-14.18-113.47-145.03 44.56z"></path></svg></span></div></div><div class="uagb-ifb-title-wrap"><span class="uagb-ifb-title-prefix">Apply Online </span><h3 class="uagb-ifb-title">Bachelor''s Degree Programs</h3></div><div class="uagb-ifb-separator-parent"><div class="uagb-ifb-separator"></div></div><div class="uagb-ifb-text-wrap"><p class="uagb-ifb-desc"><strong><a href="https://nsambyatrainingsch.com/nursing-nsambya-training-school/bachelors-nursing-science-nsambya-training-school/">Bachelors in Nursing Science (BNS)</a></strong><br><strong><a href="https://nsambyatrainingsch.com/nursing-nsambya-training-school/bachelors-in-midwifery-science-bms-st-francis-hospital-nsambya-training-school/">Bachelors in Midwifery Science (BMS)</a></strong></p></div></div></div></div></div>\n<!-- /wp:uagb/info-box --></div>\n<!-- /wp:column -->\n\n<!-- wp:column -->\n<div class="wp-block-column"><!-- wp:uagb/info-box {"classMigrate":true,"headingColor":"var(\\u002d\\u002dast-global-color-1)","prefixColor":"var(\\u002d\\u002dast-global-color-2)","icon":"graduation-cap","iconSize":60,"iconHover":"var(\\u002d\\u002dast-global-color-0)","iconColor":"var(\\u002d\\u002dast-global-color-1)","block_id":"e3877e95"} -->\n<div class="wp-block-uagb-info-box uagb-infobox__outer-wrap uagb-block-e3877e95"><div class="uagb-infobox__content-wrap uagb-infobox uagb-infobox-has-icon uagb-infobox-icon-above-title uagb-infobox-image-valign-top uagb-infobox-enable-border-radius "><div class="uagb-ifb-left-right-wrap"><div class="uagb-ifb-content"><div class="uagb-ifb-image-icon-content uagb-ifb-imgicon-wrap"><div class="uagb-ifb-icon-wrap"><span class="uagb-ifb-icon"><svg xmlns="http://www.w3.org/2000/svg" viewBox="0 0 640 512"><path d="M622.34 153.2L343.4 67.5c-15.2-4.67-31.6-4.67-46.79 0L17.66 153.2c-23.54 7.23-23.54 38.36 0 45.59l48.63 14.94c-10.67 13.19-17.23 29.28-17.88 46.9C38.78 266.15 32 276.11 32 288c0 10.78 5.68 19.85 13.86 25.65L20.33 428.53C18.11 438.52 25.71 448 35.94 448h56.11c10.24 0 17.84-9.48 15.62-19.47L82.14 313.65C90.32 307.85 96 298.78 96 288c0-11.57-6.47-21.25-15.66-26.87.76-15.02 8.44-28.3 20.69-36.72L296.6 284.5c9.06 2.78 26.44 6.25 46.79 0l278.95-85.7c23.55-7.24 23.55-38.36 0-45.6zM352.79 315.09c-28.53 8.76-52.84 3.92-65.59 0l-145.02-44.55L128 384c0 35.35 85.96 64 192 64s192-28.65 192-64l-14.18-113.47-145.03 44.56z"></path></svg></span></div></div><div class="uagb-ifb-title-wrap"><span class="uagb-ifb-title-prefix">Apply Online</span><h3 class="uagb-ifb-title">Certificate Courses</h3></div><div class="uagb-ifb-separator-parent"><div class="uagb-ifb-separator"></div></div><div class="uagb-ifb-text-wrap"><p class="uagb-ifb-desc"><strong><a href="https://nsambyatrainingsch.com/certificate-in-nursing-cnn-course-st-francis-hospital-nsambya-training-school/">Certificate in Nursing (CN)</a></strong><br><strong><a href="https://nsambyatrainingsch.com/nursing-nsambya-training-school/certificate-midwifery-science-cm-st-francis-hospital-nsambya-training-school/">Certificate in Midwifery (CM)</a></strong><br><strong><a href="https://nsambyatrainingsch.com/departments-nsambya-training-school/medical-laboratory-technology-courses-nsambya-training-school/certificate-in-medical-laboratory-technology-cmlt-st-francis-hospital-nsambya-training-school-2/">Certificate in Medical Laboratory Technology (CMLT)</a></strong></p></div></div></div></div></div>\n<!-- /wp:uagb/info-box --></div>\n<!-- /wp:column --></div>\n<!-- /wp:columns -->\n\n<!-- wp:uagb/info-box {"classMigrate":true,"icon":"graduation-cap","iconSize":60,"block_id":"e495394b"} -->\n<div class="wp-block-uagb-info-box uagb-infobox__outer-wrap uagb-block-e495394b"><div class="uagb-infobox__content-wrap uagb-infobox uagb-infobox-has-icon uagb-infobox-icon-above-title uagb-infobox-image-valign-top uagb-infobox-enable-border-radius "><div class="uagb-ifb-left-right-wrap"><div class="uagb-ifb-content"><div class="uagb-ifb-image-icon-content uagb-ifb-imgicon-wrap"><div class="uagb-ifb-icon-wrap"><span class="uagb-ifb-icon"><svg xmlns="http://www.w3.org/2000/svg" viewBox="0 0 640 512"><path d="M622.34 153.2L343.4 67.5c-15.2-4.67-31.6-4.67-46.79 0L17.66 153.2c-23.54 7.23-23.54 38.36 0 45.59l48.63 14.94c-10.67 13.19-17.23 29.28-17.88 46.9C38.78 266.15 32 276.11 32 288c0 10.78 5.68 19.85 13.86 25.65L20.33 428.53C18.11 438.52 25.71 448 35.94 448h56.11c10.24 0 17.84-9.48 15.62-19.47L82.14 313.65C90.32 307.85 96 298.78 96 288c0-11.57-6.47-21.25-15.66-26.87.76-15.02 8.44-28.3 20.69-36.72L296.6 284.5c9.06 2.78 26.44 6.25 46.79 0l278.95-85.7c23.55-7.24 23.55-38.36 0-45.6zM352.79 315.09c-28.53 8.76-52.84 3.92-65.59 0l-145.02-44.55L128 384c0 35.35 85.96 64 192 64s192-28.65 192-64l-14.18-113.47-145.03 44.56z"></path></svg></span></div></div><div class="uagb-ifb-title-wrap"><span class="uagb-ifb-title-prefix">Apply Online</span><h3 class="uagb-ifb-title">Diploma Courses</h3></div><div class="uagb-ifb-separator-parent"><div class="uagb-ifb-separator"></div></div><div class="uagb-ifb-text-wrap"><p class="uagb-ifb-desc"><strong><a href="https://nsambyatrainingsch.com/nursing-nsambya-training-school/diploma-in-nursing-direct-ddn-st-francis-hospital-nsambya-training-school/">Diploma in Nursing (DDN) – Direct</a></strong><br><strong><a href="https://nsambyatrainingsch.com/diploma-in-nursing-dn-upgrading-st-francis-hospital-nsambya-training-school/">Diploma in Nursing (DN) – Upgrading</a></strong><br><strong><a href="https://nsambyatrainingsch.com/midwifery-nsambya-training-school/diploma-in-midwifery-upgrading-st-francis-hospital-nsambya-training-school-3/">Diploma in Midwifery (DM) – Upgrading</a></strong><br><strong><a href="https://nsambyatrainingsch.com/midwifery-nsambya-training-school/diploma-in-midwifery-e-learning-st-francis-hospital-nsambya-training-school/">Diploma in Midwifery E-Learning (DMeL)</a></strong><br><strong><a href="https://nsambyatrainingsch.com/departments-nsambya-training-school/medical-laboratory-technology-courses-nsambya-training-school/diploma-medical-laboratory-technology-direct-st-francis-hospital-nsambya-training-school/">Diploma in Medical Laboratory Technology (DMLT) – Direct</a></strong><br><strong><a href="https://nsambyatrainingsch.com/departments-nsambya-training-school/medical-laboratory-technology-courses-nsambya-training-school/diploma-in-medical-laboratory-technology-dmlt-upgrading-st-francis-hospital-nsambya-training-school/">Diploma in Medical Laboratory Technology (DMLT) – Upgrading</a></strong><br><a href="https://nsambyatrainingsch.com/academics-nsambya-training-school-st-francis-hospital/all-courses-st-francis-hospital-nsambya-training-school/diploma-clinical-mentoring-dcm-st-francis-hospital-nsambya-training-school/"><strong>Diploma in Clinical Mentoring (DCM)</strong></a></p></div></div></div></div></div>\n<!-- /wp:uagb/info-box --></div>\n<!-- /wp:column --></div>\n<!-- /wp:columns -->\n\n<!-- wp:uagb/post-masonry {"block_id":"a6b5cd5d"} /-->\n\n<!-- wp:group {"align":"full","backgroundColor":"ast-global-color-5"} -->\n<div class="wp-block-group alignfull has-ast-global-color-5-background-color has-background"><!-- wp:heading {"textColor":"ast-global-color-1","className":"has-text-align-center"} -->\n<h2 class="has-text-align-center has-ast-global-color-1-color has-text-color">St. Francis Hospital Nsambya Training School</h2>\n<!-- /wp:heading -->\n\n<!-- wp:tribe/events-list -->\n<!-- wp:legacy-widget {"idBase":"tribe-widget-events-list","instance":{"encoded":"YTo2OntzOjU6InRpdGxlIjtzOjE1OiJVcGNvbWluZyBFdmVudHMiO3M6NToibGltaXQiO3M6MToiNSI7czoxODoibm9fdXBjb21pbmdfZXZlbnRzIjtiOjA7czoyMDoiZmVhdHVyZWRfZXZlbnRzX29ubHkiO2I6MDtzOjEzOiJqc29ubGRfZW5hYmxlIjtiOjE7czoyMDoidHJpYmVfaXNfbGlzdF93aWRnZXQiO2I6MDt9","hash":"d5f9bc10d2c301bd00350c5b2a6bd3bf"}} /-->\n<!-- /wp:tribe/events-list -->\n\n<!-- wp:heading {"textAlign":"center","textColor":"ast-global-color-1"} -->\n<h2 class="has-text-align-center has-ast-global-color-1-color has-text-color">Join Uganda''s Leading Health Care Training Institution</h2>\n<!-- /wp:heading -->\n\n<!-- wp:columns -->\n<div class="wp-block-columns"><!-- wp:column {"width":"100%"} -->\n<div class="wp-block-column" style="flex-basis:100%"><!-- wp:buttons -->\n<div class="wp-block-buttons"><!-- wp:button {"align":"center","extUtilities":[]} -->\n<div class="wp-block-button aligncenter"><a class="wp-block-button__link wp-element-button" href="https://admissions.nsambyatrainingsch.com/wp-login.php?">ONLINE APPLICATIONS PORTAL</a></div>\n<!-- /wp:button --></div>\n<!-- /wp:buttons --></div>\n<!-- /wp:column --></div>\n<!-- /wp:columns -->\n\n<!-- wp:buttons -->\n<div class="wp-block-buttons"><!-- wp:button /--></div>\n<!-- /wp:buttons -->\n\n<!-- wp:group -->\n<div class="wp-block-group"><!-- wp:buttons -->\n<div class="wp-block-buttons"><!-- wp:button {"align":"center","extUtilities":[]} -->\n<div class="wp-block-button aligncenter"><a class="wp-block-button__link wp-element-button" href="https://admissions.nsambyatrainingsch.com/wp-login.php?">STAFF ACCESS</a></div>\n<!-- /wp:button --></div>\n<!-- /wp:buttons --></div>\n<!-- /wp:group --></div>\n<!-- /wp:group -->\n\n<!-- wp:group {"align":"full","backgroundColor":"ast-global-color-4"} -->\n<div class="wp-block-group alignfull has-ast-global-color-4-background-color has-background"><!-- wp:metaslider/slider {"slideshowId":25791} -->\n<div class="alignnormal">[metaslider id=25791 cssclass=""]</div>\n<!-- /wp:metaslider/slider --></div>\n<!-- /wp:group -->\n\n<!-- wp:loginout /-->', 'Online Admissions Portal', '', 'inherit', 'closed', 'closed', '', '25407-revision-v1', '', '', '2022-07-19 00:36:43', '2022-07-19 00:36:43', '', 25407, 'https://admissions.nsambyatrainingsch.com/?p=26052', 0, 'revision', '', 0),
(26055, 1, '2022-07-19 00:45:51', '2022-07-19 00:45:51', '<!-- wp:cover {"url":"https://admissions.nsambyatrainingsch.com/wp-content/uploads/2022/05/Nsambya-Hospital-Training-School-Website-Images-3-scaled.jpg","id":25698,"dimRatio":80,"focalPoint":{"x":"0.42","y":"0.53"},"minHeight":850,"align":"full","extUtilities":[]} -->\n<div class="wp-block-cover alignfull" style="min-height:850px"><span aria-hidden="true" class="wp-block-cover__background has-background-dim-80 has-background-dim"></span><img class="wp-block-cover__image-background wp-image-25698" alt="" src="https://admissions.nsambyatrainingsch.com/wp-content/uploads/2022/05/Nsambya-Hospital-Training-School-Website-Images-3-scaled.jpg" style="object-position:42% 53%" data-object-fit="cover" data-object-position="42% 53%"/><div class="wp-block-cover__inner-container"><!-- wp:spacer {"height":"135px","UAGDisplayConditions":"responsiveVisibility","UAGHideDesktop":true} -->\n<div style="height:135px" aria-hidden="true" class="wp-block-spacer uag-hide-desktop"></div>\n<!-- /wp:spacer -->\n\n<!-- wp:spacer {"height":"40px","UAGDisplayConditions":"responsiveVisibility","UAGHideMob":true,"UAGHideTab":true} -->\n<div style="height:40px" aria-hidden="true" class="wp-block-spacer uag-hide-tab uag-hide-mob"></div>\n<!-- /wp:spacer -->\n\n<!-- wp:heading {"level":1,"textColor":"white","className":"has-text-align-center"} -->\n<h1 class="has-text-align-center has-white-color has-text-color">Online Admissions Portal</h1>\n<!-- /wp:heading -->\n\n<!-- wp:columns -->\n<div class="wp-block-columns"><!-- wp:column -->\n<div class="wp-block-column"><!-- wp:uagb/info-box {"inheritFromTheme":true,"classMigrate":true,"headingColor":"var(\\u002d\\u002dast-global-color-5)","icon":"user-graduate","iconSize":64,"iconHover":"var(\\u002d\\u002dast-global-color-1)","iconColor":"var(\\u002d\\u002dast-global-color-0)","block_id":"6642950b","seperatorColor":"var(\\u002d\\u002dast-global-color-5)","seperatorThickness":1,"ctaType":"button","ctaText":"ALL COURSES","ctaLink":"https://nsambyatrainingsch.com/academics-nsambya-training-school-st-francis-hospital/all-courses-st-francis-hospital-nsambya-training-school/","showPrefix":false,"showDesc":false} -->\n<div class="wp-block-uagb-info-box uagb-infobox__outer-wrap uagb-block-6642950b"><div class="uagb-infobox__content-wrap uagb-infobox uagb-infobox-has-icon uagb-infobox-icon-above-title uagb-infobox-image-valign-top uagb-infobox-enable-border-radius "><div class="uagb-ifb-left-right-wrap"><div class="uagb-ifb-content"><div class="uagb-ifb-image-icon-content uagb-ifb-imgicon-wrap"><div class="uagb-ifb-icon-wrap"><span class="uagb-ifb-icon"><svg xmlns="http://www.w3.org/2000/svg" viewBox="0 0 448 512"><path d="M319.4 320.6L224 416l-95.4-95.4C57.1 323.7 0 382.2 0 454.4v9.6c0 26.5 21.5 48 48 48h352c26.5 0 48-21.5 48-48v-9.6c0-72.2-57.1-130.7-128.6-133.8zM13.6 79.8l6.4 1.5v58.4c-7 4.2-12 11.5-12 20.3 0 8.4 4.6 15.4 11.1 19.7L3.5 242c-1.7 6.9 2.1 14 7.6 14h41.8c5.5 0 9.3-7.1 7.6-14l-15.6-62.3C51.4 175.4 56 168.4 56 160c0-8.8-5-16.1-12-20.3V87.1l66 15.9c-8.6 17.2-14 36.4-14 57 0 70.7 57.3 128 128 128s128-57.3 128-128c0-20.6-5.3-39.8-14-57l96.3-23.2c18.2-4.4 18.2-27.1 0-31.5l-190.4-46c-13-3.1-26.7-3.1-39.7 0L13.6 48.2c-18.1 4.4-18.1 27.2 0 31.6z"></path></svg></span></div></div><div class="uagb-ifb-title-wrap"><h3 class="uagb-ifb-title">Courses Offered</h3></div><div class="uagb-ifb-separator-parent"><div class="uagb-ifb-separator"></div></div><div class="uagb-ifb-text-wrap"><div class="uagb-ifb-cta uagb-infobox-cta-link-style"><div class="uagb-ifb-button-wrapper wp-block-button"><a href="https://nsambyatrainingsch.com/academics-nsambya-training-school-st-francis-hospital/all-courses-st-francis-hospital-nsambya-training-school/" class="wp-block-button__link" target="_self" rel="noopener noreferrer"><span class="uagb-ifb-cta-content-wrapper"><span class="uagb-inline-editing ">ALL COURSES</span></span></a></div></div></div></div></div></div></div>\n<!-- /wp:uagb/info-box --></div>\n<!-- /wp:column -->\n\n<!-- wp:column -->\n<div class="wp-block-column"><!-- wp:uagb/info-box {"inheritFromTheme":true,"classMigrate":true,"headingColor":"var(\\u002d\\u002dast-global-color-5)","icon":"university","iconHover":"var(\\u002d\\u002dast-global-color-1)","iconColor":"var(\\u002d\\u002dast-global-color-0)","block_id":"4fb60a09","ctaIcon":"angle-double-right","seperatorColor":"var(\\u002d\\u002dast-global-color-5)","seperatorThickness":1,"ctaType":"button","ctaText":"VIEWS UPDATES","showPrefix":false,"showDesc":false} -->\n<div class="wp-block-uagb-info-box uagb-infobox__outer-wrap uagb-block-4fb60a09"><div class="uagb-infobox__content-wrap uagb-infobox uagb-infobox-has-icon uagb-infobox-icon-above-title uagb-infobox-image-valign-top uagb-infobox-enable-border-radius "><div class="uagb-ifb-left-right-wrap"><div class="uagb-ifb-content"><div class="uagb-ifb-image-icon-content uagb-ifb-imgicon-wrap"><div class="uagb-ifb-icon-wrap"><span class="uagb-ifb-icon"><svg xmlns="http://www.w3.org/2000/svg" viewBox="0 0 512 512"><path d="M496 128v16a8 8 0 0 1-8 8h-24v12c0 6.627-5.373 12-12 12H60c-6.627 0-12-5.373-12-12v-12H24a8 8 0 0 1-8-8v-16a8 8 0 0 1 4.941-7.392l232-88a7.996 7.996 0 0 1 6.118 0l232 88A8 8 0 0 1 496 128zm-24 304H40c-13.255 0-24 10.745-24 24v16a8 8 0 0 0 8 8h464a8 8 0 0 0 8-8v-16c0-13.255-10.745-24-24-24zM96 192v192H60c-6.627 0-12 5.373-12 12v20h416v-20c0-6.627-5.373-12-12-12h-36V192h-64v192h-64V192h-64v192h-64V192H96z"></path></svg></span></div></div><div class="uagb-ifb-title-wrap"><h3 class="uagb-ifb-title">Admissions Updates</h3></div><div class="uagb-ifb-separator-parent"><div class="uagb-ifb-separator"></div></div><div class="uagb-ifb-text-wrap"><div class="uagb-ifb-cta uagb-infobox-cta-link-style"><div class="uagb-ifb-button-wrapper wp-block-button"><a href="#" class="wp-block-button__link" target="_self" rel="noopener noreferrer"><span class="uagb-ifb-button-icon uagb-ifb-align-icon-after"><svg xmlns="http://www.w3.org/2000/svg" viewBox="0 0 448 512"><path d="M224.3 273l-136 136c-9.4 9.4-24.6 9.4-33.9 0l-22.6-22.6c-9.4-9.4-9.4-24.6 0-33.9l96.4-96.4-96.4-96.4c-9.4-9.4-9.4-24.6 0-33.9L54.3 103c9.4-9.4 24.6-9.4 33.9 0l136 136c9.5 9.4 9.5 24.6.1 34zm192-34l-136-136c-9.4-9.4-24.6-9.4-33.9 0l-22.6 22.6c-9.4 9.4-9.4 24.6 0 33.9l96.4 96.4-96.4 96.4c-9.4 9.4-9.4 24.6 0 33.9l22.6 22.6c9.4 9.4 24.6 9.4 33.9 0l136-136c9.4-9.2 9.4-24.4 0-33.8z"></path></svg></span><span class="uagb-ifb-cta-content-wrapper"><span class="uagb-inline-editing ">VIEWS UPDATES</span></span></a></div></div></div></div></div></div></div>\n<!-- /wp:uagb/info-box --></div>\n<!-- /wp:column --></div>\n<!-- /wp:columns -->\n\n<!-- wp:paragraph {"align":"center"} -->\n<p class="has-text-align-center">If you''re new here, Kindly Create an account to access the Online Applications Portal;  Existing Applicants, Please Log In to track the progress of your Application.</p>\n<!-- /wp:paragraph -->\n\n<!-- wp:paragraph {"align":"center"} -->\n<p class="has-text-align-center">Thank you for expressing Interest in Studying at St. Francis Hospital Nsambya Training School. </p>\n<!-- /wp:paragraph -->\n\n<!-- wp:buttons {"layout":{"type":"flex","justifyContent":"center","orientation":"horizontal"}} -->\n<div class="wp-block-buttons"><!-- wp:button {"extUtilities":[]} -->\n<div class="wp-block-button"><a class="wp-block-button__link wp-element-button" href="https://admissions.nsambyatrainingsch.com/register/">CREATE ACCOUNT</a></div>\n<!-- /wp:button -->\n\n<!-- wp:button {"extUtilities":[]} -->\n<div class="wp-block-button"><a class="wp-block-button__link wp-element-button" href="https://admissions.nsambyatrainingsch.com/wp-login.php?">LOG IN</a></div>\n<!-- /wp:button --></div>\n<!-- /wp:buttons -->\n\n<!-- wp:spacer {"height":"59px"} -->\n<div style="height:59px" aria-hidden="true" class="wp-block-spacer"></div>\n<!-- /wp:spacer --></div></div>\n<!-- /wp:cover -->\n\n<!-- wp:heading {"textAlign":"center","textColor":"ast-global-color-1"} -->\n<h2 class="has-text-align-center has-ast-global-color-1-color has-text-color">Online Applications Portal</h2>\n<!-- /wp:heading -->\n\n<!-- wp:columns -->\n<div class="wp-block-columns"><!-- wp:column -->\n<div class="wp-block-column"><!-- wp:columns -->\n<div class="wp-block-columns"><!-- wp:column -->\n<div class="wp-block-column"><!-- wp:uagb/info-box {"inheritFromTheme":true,"classMigrate":true,"headingColor":"var(\\u002d\\u002dast-global-color-1)","prefixColor":"var(\\u002d\\u002dast-global-color-2)","icon":"graduation-cap","iconSize":60,"iconHover":"var(\\u002d\\u002dast-global-color-0)","iconColor":"var(\\u002d\\u002dast-global-color-1)","block_id":"ade30802","ctaTarget":true,"ctaIcon":"angle-double-right","ctaType":"button","ctaText":"BACHELORS'' APPLICATIONS","ctaLink":"https://admissions.nsambyatrainingsch.com/home/online-applications-bachelors-degree-courses-at-st-francis-hospital-nsambya-training-school-2/"} -->\n<div class="wp-block-uagb-info-box uagb-infobox__outer-wrap uagb-block-ade30802"><div class="uagb-infobox__content-wrap uagb-infobox uagb-infobox-has-icon uagb-infobox-icon-above-title uagb-infobox-image-valign-top uagb-infobox-enable-border-radius "><div class="uagb-ifb-left-right-wrap"><div class="uagb-ifb-content"><div class="uagb-ifb-image-icon-content uagb-ifb-imgicon-wrap"><div class="uagb-ifb-icon-wrap"><span class="uagb-ifb-icon"><svg xmlns="http://www.w3.org/2000/svg" viewBox="0 0 640 512"><path d="M622.34 153.2L343.4 67.5c-15.2-4.67-31.6-4.67-46.79 0L17.66 153.2c-23.54 7.23-23.54 38.36 0 45.59l48.63 14.94c-10.67 13.19-17.23 29.28-17.88 46.9C38.78 266.15 32 276.11 32 288c0 10.78 5.68 19.85 13.86 25.65L20.33 428.53C18.11 438.52 25.71 448 35.94 448h56.11c10.24 0 17.84-9.48 15.62-19.47L82.14 313.65C90.32 307.85 96 298.78 96 288c0-11.57-6.47-21.25-15.66-26.87.76-15.02 8.44-28.3 20.69-36.72L296.6 284.5c9.06 2.78 26.44 6.25 46.79 0l278.95-85.7c23.55-7.24 23.55-38.36 0-45.6zM352.79 315.09c-28.53 8.76-52.84 3.92-65.59 0l-145.02-44.55L128 384c0 35.35 85.96 64 192 64s192-28.65 192-64l-14.18-113.47-145.03 44.56z"></path></svg></span></div></div><div class="uagb-ifb-title-wrap"><span class="uagb-ifb-title-prefix">Apply Online </span><h3 class="uagb-ifb-title">Bachelor''s Degree Programs</h3></div><div class="uagb-ifb-separator-parent"><div class="uagb-ifb-separator"></div></div><div class="uagb-ifb-text-wrap"><p class="uagb-ifb-desc"><strong><a href="https://nsambyatrainingsch.com/nursing-nsambya-training-school/bachelors-nursing-science-nsambya-training-school/">Bachelors in Nursing Science (BNS)</a></strong><br><strong><a href="https://nsambyatrainingsch.com/nursing-nsambya-training-school/bachelors-in-midwifery-science-bms-st-francis-hospital-nsambya-training-school/">Bachelors in Midwifery Science (BMS)</a></strong></p><div class="uagb-ifb-cta uagb-infobox-cta-link-style"><div class="uagb-ifb-button-wrapper wp-block-button"><a href="https://admissions.nsambyatrainingsch.com/home/online-applications-bachelors-degree-courses-at-st-francis-hospital-nsambya-training-school-2/" class="wp-block-button__link" target="_blank" rel="noopener noreferrer"><span class="uagb-ifb-button-icon uagb-ifb-align-icon-after"><svg xmlns="http://www.w3.org/2000/svg" viewBox="0 0 448 512"><path d="M224.3 273l-136 136c-9.4 9.4-24.6 9.4-33.9 0l-22.6-22.6c-9.4-9.4-9.4-24.6 0-33.9l96.4-96.4-96.4-96.4c-9.4-9.4-9.4-24.6 0-33.9L54.3 103c9.4-9.4 24.6-9.4 33.9 0l136 136c9.5 9.4 9.5 24.6.1 34zm192-34l-136-136c-9.4-9.4-24.6-9.4-33.9 0l-22.6 22.6c-9.4 9.4-9.4 24.6 0 33.9l96.4 96.4-96.4 96.4c-9.4 9.4-9.4 24.6 0 33.9l22.6 22.6c9.4 9.4 24.6 9.4 33.9 0l136-136c9.4-9.2 9.4-24.4 0-33.8z"></path></svg></span><span class="uagb-ifb-cta-content-wrapper"><span class="uagb-inline-editing ">BACHELORS'' APPLICATIONS</span></span></a></div></div></div></div></div></div></div>\n<!-- /wp:uagb/info-box --></div>\n<!-- /wp:column -->\n\n<!-- wp:column -->\n<div class="wp-block-column"><!-- wp:uagb/info-box {"classMigrate":true,"headingColor":"var(\\u002d\\u002dast-global-color-1)","prefixColor":"var(\\u002d\\u002dast-global-color-2)","icon":"graduation-cap","iconSize":60,"iconHover":"var(\\u002d\\u002dast-global-color-0)","iconColor":"var(\\u002d\\u002dast-global-color-1)","block_id":"e3877e95"} -->\n<div class="wp-block-uagb-info-box uagb-infobox__outer-wrap uagb-block-e3877e95"><div class="uagb-infobox__content-wrap uagb-infobox uagb-infobox-has-icon uagb-infobox-icon-above-title uagb-infobox-image-valign-top uagb-infobox-enable-border-radius "><div class="uagb-ifb-left-right-wrap"><div class="uagb-ifb-content"><div class="uagb-ifb-image-icon-content uagb-ifb-imgicon-wrap"><div class="uagb-ifb-icon-wrap"><span class="uagb-ifb-icon"><svg xmlns="http://www.w3.org/2000/svg" viewBox="0 0 640 512"><path d="M622.34 153.2L343.4 67.5c-15.2-4.67-31.6-4.67-46.79 0L17.66 153.2c-23.54 7.23-23.54 38.36 0 45.59l48.63 14.94c-10.67 13.19-17.23 29.28-17.88 46.9C38.78 266.15 32 276.11 32 288c0 10.78 5.68 19.85 13.86 25.65L20.33 428.53C18.11 438.52 25.71 448 35.94 448h56.11c10.24 0 17.84-9.48 15.62-19.47L82.14 313.65C90.32 307.85 96 298.78 96 288c0-11.57-6.47-21.25-15.66-26.87.76-15.02 8.44-28.3 20.69-36.72L296.6 284.5c9.06 2.78 26.44 6.25 46.79 0l278.95-85.7c23.55-7.24 23.55-38.36 0-45.6zM352.79 315.09c-28.53 8.76-52.84 3.92-65.59 0l-145.02-44.55L128 384c0 35.35 85.96 64 192 64s192-28.65 192-64l-14.18-113.47-145.03 44.56z"></path></svg></span></div></div><div class="uagb-ifb-title-wrap"><span class="uagb-ifb-title-prefix">Apply Online</span><h3 class="uagb-ifb-title">Certificate Courses</h3></div><div class="uagb-ifb-separator-parent"><div class="uagb-ifb-separator"></div></div><div class="uagb-ifb-text-wrap"><p class="uagb-ifb-desc"><strong><a href="https://nsambyatrainingsch.com/certificate-in-nursing-cnn-course-st-francis-hospital-nsambya-training-school/">Certificate in Nursing (CN)</a></strong><br><strong><a href="https://nsambyatrainingsch.com/nursing-nsambya-training-school/certificate-midwifery-science-cm-st-francis-hospital-nsambya-training-school/">Certificate in Midwifery (CM)</a></strong><br><strong><a href="https://nsambyatrainingsch.com/departments-nsambya-training-school/medical-laboratory-technology-courses-nsambya-training-school/certificate-in-medical-laboratory-technology-cmlt-st-francis-hospital-nsambya-training-school-2/">Certificate in Medical Laboratory Technology (CMLT)</a></strong></p></div></div></div></div></div>\n<!-- /wp:uagb/info-box --></div>\n<!-- /wp:column --></div>\n<!-- /wp:columns -->\n\n<!-- wp:uagb/info-box {"classMigrate":true,"headingColor":"var(\\u002d\\u002dast-global-color-1)","prefixColor":"var(\\u002d\\u002dast-global-color-2)","icon":"graduation-cap","iconSize":60,"iconHover":"var(\\u002d\\u002dast-global-color-0)","iconColor":"var(\\u002d\\u002dast-global-color-1)","block_id":"e495394b"} -->\n<div class="wp-block-uagb-info-box uagb-infobox__outer-wrap uagb-block-e495394b"><div class="uagb-infobox__content-wrap uagb-infobox uagb-infobox-has-icon uagb-infobox-icon-above-title uagb-infobox-image-valign-top uagb-infobox-enable-border-radius "><div class="uagb-ifb-left-right-wrap"><div class="uagb-ifb-content"><div class="uagb-ifb-image-icon-content uagb-ifb-imgicon-wrap"><div class="uagb-ifb-icon-wrap"><span class="uagb-ifb-icon"><svg xmlns="http://www.w3.org/2000/svg" viewBox="0 0 640 512"><path d="M622.34 153.2L343.4 67.5c-15.2-4.67-31.6-4.67-46.79 0L17.66 153.2c-23.54 7.23-23.54 38.36 0 45.59l48.63 14.94c-10.67 13.19-17.23 29.28-17.88 46.9C38.78 266.15 32 276.11 32 288c0 10.78 5.68 19.85 13.86 25.65L20.33 428.53C18.11 438.52 25.71 448 35.94 448h56.11c10.24 0 17.84-9.48 15.62-19.47L82.14 313.65C90.32 307.85 96 298.78 96 288c0-11.57-6.47-21.25-15.66-26.87.76-15.02 8.44-28.3 20.69-36.72L296.6 284.5c9.06 2.78 26.44 6.25 46.79 0l278.95-85.7c23.55-7.24 23.55-38.36 0-45.6zM352.79 315.09c-28.53 8.76-52.84 3.92-65.59 0l-145.02-44.55L128 384c0 35.35 85.96 64 192 64s192-28.65 192-64l-14.18-113.47-145.03 44.56z"></path></svg></span></div></div><div class="uagb-ifb-title-wrap"><span class="uagb-ifb-title-prefix">Apply Online</span><h3 class="uagb-ifb-title">Diploma Courses</h3></div><div class="uagb-ifb-separator-parent"><div class="uagb-ifb-separator"></div></div><div class="uagb-ifb-text-wrap"><p class="uagb-ifb-desc"><strong><a href="https://nsambyatrainingsch.com/nursing-nsambya-training-school/diploma-in-nursing-direct-ddn-st-francis-hospital-nsambya-training-school/">Diploma in Nursing (DDN) – Direct</a></strong><br><strong><a href="https://nsambyatrainingsch.com/diploma-in-nursing-dn-upgrading-st-francis-hospital-nsambya-training-school/">Diploma in Nursing (DN) – Upgrading</a></strong><br><strong><a href="https://nsambyatrainingsch.com/midwifery-nsambya-training-school/diploma-in-midwifery-upgrading-st-francis-hospital-nsambya-training-school-3/">Diploma in Midwifery (DM) – Upgrading</a></strong><br><strong><a href="https://nsambyatrainingsch.com/midwifery-nsambya-training-school/diploma-in-midwifery-e-learning-st-francis-hospital-nsambya-training-school/">Diploma in Midwifery E-Learning (DMeL)</a></strong><br><strong><a href="https://nsambyatrainingsch.com/departments-nsambya-training-school/medical-laboratory-technology-courses-nsambya-training-school/diploma-medical-laboratory-technology-direct-st-francis-hospital-nsambya-training-school/">Diploma in Medical Laboratory Technology (DMLT) – Direct</a></strong><br><strong><a href="https://nsambyatrainingsch.com/departments-nsambya-training-school/medical-laboratory-technology-courses-nsambya-training-school/diploma-in-medical-laboratory-technology-dmlt-upgrading-st-francis-hospital-nsambya-training-school/">Diploma in Medical Laboratory Technology (DMLT) – Upgrading</a></strong><br><a href="https://nsambyatrainingsch.com/academics-nsambya-training-school-st-francis-hospital/all-courses-st-francis-hospital-nsambya-training-school/diploma-clinical-mentoring-dcm-st-francis-hospital-nsambya-training-school/"><strong>Diploma in Clinical Mentoring (DCM)</strong></a></p></div></div></div></div></div>\n<!-- /wp:uagb/info-box --></div>\n<!-- /wp:column --></div>\n<!-- /wp:columns -->\n\n<!-- wp:uagb/post-masonry {"block_id":"a6b5cd5d"} /-->\n\n<!-- wp:group {"align":"full","backgroundColor":"ast-global-color-5"} -->\n<div class="wp-block-group alignfull has-ast-global-color-5-background-color has-background"><!-- wp:heading {"textColor":"ast-global-color-1","className":"has-text-align-center"} -->\n<h2 class="has-text-align-center has-ast-global-color-1-color has-text-color">St. Francis Hospital Nsambya Training School</h2>\n<!-- /wp:heading -->\n\n<!-- wp:tribe/events-list -->\n<!-- wp:legacy-widget {"idBase":"tribe-widget-events-list","instance":{"encoded":"YTo2OntzOjU6InRpdGxlIjtzOjE1OiJVcGNvbWluZyBFdmVudHMiO3M6NToibGltaXQiO3M6MToiNSI7czoxODoibm9fdXBjb21pbmdfZXZlbnRzIjtiOjA7czoyMDoiZmVhdHVyZWRfZXZlbnRzX29ubHkiO2I6MDtzOjEzOiJqc29ubGRfZW5hYmxlIjtiOjE7czoyMDoidHJpYmVfaXNfbGlzdF93aWRnZXQiO2I6MDt9","hash":"d5f9bc10d2c301bd00350c5b2a6bd3bf"}} /-->\n<!-- /wp:tribe/events-list -->\n\n<!-- wp:heading {"textAlign":"center","textColor":"ast-global-color-1"} -->\n<h2 class="has-text-align-center has-ast-global-color-1-color has-text-color">Join Uganda''s Leading Health Care Training Institution</h2>\n<!-- /wp:heading -->\n\n<!-- wp:columns -->\n<div class="wp-block-columns"><!-- wp:column {"width":"100%"} -->\n<div class="wp-block-column" style="flex-basis:100%"><!-- wp:buttons -->\n<div class="wp-block-buttons"><!-- wp:button {"align":"center","extUtilities":[]} -->\n<div class="wp-block-button aligncenter"><a class="wp-block-button__link wp-element-button" href="https://admissions.nsambyatrainingsch.com/wp-login.php?">ONLINE APPLICATIONS PORTAL</a></div>\n<!-- /wp:button --></div>\n<!-- /wp:buttons --></div>\n<!-- /wp:column --></div>\n<!-- /wp:columns -->\n\n<!-- wp:buttons -->\n<div class="wp-block-buttons"><!-- wp:button /--></div>\n<!-- /wp:buttons -->\n\n<!-- wp:group -->\n<div class="wp-block-group"><!-- wp:buttons -->\n<div class="wp-block-buttons"><!-- wp:button {"align":"center","extUtilities":[]} -->\n<div class="wp-block-button aligncenter"><a class="wp-block-button__link wp-element-button" href="https://admissions.nsambyatrainingsch.com/wp-login.php?">STAFF ACCESS</a></div>\n<!-- /wp:button --></div>\n<!-- /wp:buttons --></div>\n<!-- /wp:group --></div>\n<!-- /wp:group -->\n\n<!-- wp:group {"align":"full","backgroundColor":"ast-global-color-4"} -->\n<div class="wp-block-group alignfull has-ast-global-color-4-background-color has-background"><!-- wp:metaslider/slider {"slideshowId":25791} -->\n<div class="alignnormal">[metaslider id=25791 cssclass=""]</div>\n<!-- /wp:metaslider/slider --></div>\n<!-- /wp:group -->\n\n<!-- wp:loginout /-->', 'Online Admissions Portal', '', 'inherit', 'closed', 'closed', '', '25407-revision-v1', '', '', '2022-07-19 00:45:51', '2022-07-19 00:45:51', '', 25407, 'https://admissions.nsambyatrainingsch.com/?p=26055', 0, 'revision', '', 0),
(26057, 1, '2022-07-19 00:47:24', '2022-07-19 00:47:24', '<!-- wp:cover {"url":"https://admissions.nsambyatrainingsch.com/wp-content/uploads/2022/05/Nsambya-Hospital-Training-School-Website-Images-3-scaled.jpg","id":25698,"dimRatio":80,"focalPoint":{"x":"0.42","y":"0.53"},"minHeight":850,"align":"full","extUtilities":[]} -->\n<div class="wp-block-cover alignfull" style="min-height:850px"><span aria-hidden="true" class="wp-block-cover__background has-background-dim-80 has-background-dim"></span><img class="wp-block-cover__image-background wp-image-25698" alt="" src="https://admissions.nsambyatrainingsch.com/wp-content/uploads/2022/05/Nsambya-Hospital-Training-School-Website-Images-3-scaled.jpg" style="object-position:42% 53%" data-object-fit="cover" data-object-position="42% 53%"/><div class="wp-block-cover__inner-container"><!-- wp:spacer {"height":"135px","UAGDisplayConditions":"responsiveVisibility","UAGHideDesktop":true} -->\n<div style="height:135px" aria-hidden="true" class="wp-block-spacer uag-hide-desktop"></div>\n<!-- /wp:spacer -->\n\n<!-- wp:spacer {"height":"40px","UAGDisplayConditions":"responsiveVisibility","UAGHideMob":true,"UAGHideTab":true} -->\n<div style="height:40px" aria-hidden="true" class="wp-block-spacer uag-hide-tab uag-hide-mob"></div>\n<!-- /wp:spacer -->\n\n<!-- wp:heading {"level":1,"textColor":"white","className":"has-text-align-center"} -->\n<h1 class="has-text-align-center has-white-color has-text-color">Online Admissions Portal</h1>\n<!-- /wp:heading -->\n\n<!-- wp:columns -->\n<div class="wp-block-columns"><!-- wp:column -->\n<div class="wp-block-column"><!-- wp:uagb/info-box {"inheritFromTheme":true,"classMigrate":true,"headingColor":"var(\\u002d\\u002dast-global-color-5)","icon":"user-graduate","iconSize":64,"iconHover":"var(\\u002d\\u002dast-global-color-1)","iconColor":"var(\\u002d\\u002dast-global-color-0)","block_id":"6642950b","seperatorColor":"var(\\u002d\\u002dast-global-color-5)","seperatorThickness":1,"ctaType":"button","ctaText":"ALL COURSES","ctaLink":"https://nsambyatrainingsch.com/academics-nsambya-training-school-st-francis-hospital/all-courses-st-francis-hospital-nsambya-training-school/","showPrefix":false,"showDesc":false} -->\n<div class="wp-block-uagb-info-box uagb-infobox__outer-wrap uagb-block-6642950b"><div class="uagb-infobox__content-wrap uagb-infobox uagb-infobox-has-icon uagb-infobox-icon-above-title uagb-infobox-image-valign-top uagb-infobox-enable-border-radius "><div class="uagb-ifb-left-right-wrap"><div class="uagb-ifb-content"><div class="uagb-ifb-image-icon-content uagb-ifb-imgicon-wrap"><div class="uagb-ifb-icon-wrap"><span class="uagb-ifb-icon"><svg xmlns="http://www.w3.org/2000/svg" viewBox="0 0 448 512"><path d="M319.4 320.6L224 416l-95.4-95.4C57.1 323.7 0 382.2 0 454.4v9.6c0 26.5 21.5 48 48 48h352c26.5 0 48-21.5 48-48v-9.6c0-72.2-57.1-130.7-128.6-133.8zM13.6 79.8l6.4 1.5v58.4c-7 4.2-12 11.5-12 20.3 0 8.4 4.6 15.4 11.1 19.7L3.5 242c-1.7 6.9 2.1 14 7.6 14h41.8c5.5 0 9.3-7.1 7.6-14l-15.6-62.3C51.4 175.4 56 168.4 56 160c0-8.8-5-16.1-12-20.3V87.1l66 15.9c-8.6 17.2-14 36.4-14 57 0 70.7 57.3 128 128 128s128-57.3 128-128c0-20.6-5.3-39.8-14-57l96.3-23.2c18.2-4.4 18.2-27.1 0-31.5l-190.4-46c-13-3.1-26.7-3.1-39.7 0L13.6 48.2c-18.1 4.4-18.1 27.2 0 31.6z"></path></svg></span></div></div><div class="uagb-ifb-title-wrap"><h3 class="uagb-ifb-title">Courses Offered</h3></div><div class="uagb-ifb-separator-parent"><div class="uagb-ifb-separator"></div></div><div class="uagb-ifb-text-wrap"><div class="uagb-ifb-cta uagb-infobox-cta-link-style"><div class="uagb-ifb-button-wrapper wp-block-button"><a href="https://nsambyatrainingsch.com/academics-nsambya-training-school-st-francis-hospital/all-courses-st-francis-hospital-nsambya-training-school/" class="wp-block-button__link" target="_self" rel="noopener noreferrer"><span class="uagb-ifb-cta-content-wrapper"><span class="uagb-inline-editing ">ALL COURSES</span></span></a></div></div></div></div></div></div></div>\n<!-- /wp:uagb/info-box --></div>\n<!-- /wp:column -->\n\n<!-- wp:column -->\n<div class="wp-block-column"><!-- wp:uagb/info-box {"inheritFromTheme":true,"classMigrate":true,"headingColor":"var(\\u002d\\u002dast-global-color-5)","icon":"university","iconHover":"var(\\u002d\\u002dast-global-color-1)","iconColor":"var(\\u002d\\u002dast-global-color-0)","block_id":"4fb60a09","ctaIcon":"angle-double-right","seperatorColor":"var(\\u002d\\u002dast-global-color-5)","seperatorThickness":1,"ctaType":"button","ctaText":"VIEWS UPDATES","showPrefix":false,"showDesc":false} -->\n<div class="wp-block-uagb-info-box uagb-infobox__outer-wrap uagb-block-4fb60a09"><div class="uagb-infobox__content-wrap uagb-infobox uagb-infobox-has-icon uagb-infobox-icon-above-title uagb-infobox-image-valign-top uagb-infobox-enable-border-radius "><div class="uagb-ifb-left-right-wrap"><div class="uagb-ifb-content"><div class="uagb-ifb-image-icon-content uagb-ifb-imgicon-wrap"><div class="uagb-ifb-icon-wrap"><span class="uagb-ifb-icon"><svg xmlns="http://www.w3.org/2000/svg" viewBox="0 0 512 512"><path d="M496 128v16a8 8 0 0 1-8 8h-24v12c0 6.627-5.373 12-12 12H60c-6.627 0-12-5.373-12-12v-12H24a8 8 0 0 1-8-8v-16a8 8 0 0 1 4.941-7.392l232-88a7.996 7.996 0 0 1 6.118 0l232 88A8 8 0 0 1 496 128zm-24 304H40c-13.255 0-24 10.745-24 24v16a8 8 0 0 0 8 8h464a8 8 0 0 0 8-8v-16c0-13.255-10.745-24-24-24zM96 192v192H60c-6.627 0-12 5.373-12 12v20h416v-20c0-6.627-5.373-12-12-12h-36V192h-64v192h-64V192h-64v192h-64V192H96z"></path></svg></span></div></div><div class="uagb-ifb-title-wrap"><h3 class="uagb-ifb-title">Admissions Updates</h3></div><div class="uagb-ifb-separator-parent"><div class="uagb-ifb-separator"></div></div><div class="uagb-ifb-text-wrap"><div class="uagb-ifb-cta uagb-infobox-cta-link-style"><div class="uagb-ifb-button-wrapper wp-block-button"><a href="#" class="wp-block-button__link" target="_self" rel="noopener noreferrer"><span class="uagb-ifb-button-icon uagb-ifb-align-icon-after"><svg xmlns="http://www.w3.org/2000/svg" viewBox="0 0 448 512"><path d="M224.3 273l-136 136c-9.4 9.4-24.6 9.4-33.9 0l-22.6-22.6c-9.4-9.4-9.4-24.6 0-33.9l96.4-96.4-96.4-96.4c-9.4-9.4-9.4-24.6 0-33.9L54.3 103c9.4-9.4 24.6-9.4 33.9 0l136 136c9.5 9.4 9.5 24.6.1 34zm192-34l-136-136c-9.4-9.4-24.6-9.4-33.9 0l-22.6 22.6c-9.4 9.4-9.4 24.6 0 33.9l96.4 96.4-96.4 96.4c-9.4 9.4-9.4 24.6 0 33.9l22.6 22.6c9.4 9.4 24.6 9.4 33.9 0l136-136c9.4-9.2 9.4-24.4 0-33.8z"></path></svg></span><span class="uagb-ifb-cta-content-wrapper"><span class="uagb-inline-editing ">VIEWS UPDATES</span></span></a></div></div></div></div></div></div></div>\n<!-- /wp:uagb/info-box --></div>\n<!-- /wp:column --></div>\n<!-- /wp:columns -->\n\n<!-- wp:paragraph {"align":"center"} -->\n<p class="has-text-align-center">If you''re new here, Kindly Create an account to access the Online Applications Portal;  Existing Applicants, Please Log In to track the progress of your Application.</p>\n<!-- /wp:paragraph -->\n\n<!-- wp:paragraph {"align":"center"} -->\n<p class="has-text-align-center">Thank you for expressing Interest in Studying at St. Francis Hospital Nsambya Training School. </p>\n<!-- /wp:paragraph -->\n\n<!-- wp:buttons {"layout":{"type":"flex","justifyContent":"center","orientation":"horizontal"}} -->\n<div class="wp-block-buttons"><!-- wp:button {"extUtilities":[]} -->\n<div class="wp-block-button"><a class="wp-block-button__link wp-element-button" href="https://admissions.nsambyatrainingsch.com/register/">CREATE ACCOUNT</a></div>\n<!-- /wp:button -->\n\n<!-- wp:button {"extUtilities":[]} -->\n<div class="wp-block-button"><a class="wp-block-button__link wp-element-button" href="https://admissions.nsambyatrainingsch.com/wp-login.php?">LOG IN</a></div>\n<!-- /wp:button --></div>\n<!-- /wp:buttons -->\n\n<!-- wp:spacer {"height":"59px"} -->\n<div style="height:59px" aria-hidden="true" class="wp-block-spacer"></div>\n<!-- /wp:spacer --></div></div>\n<!-- /wp:cover -->\n\n<!-- wp:heading {"textAlign":"center","textColor":"ast-global-color-1"} -->\n<h2 class="has-text-align-center has-ast-global-color-1-color has-text-color">Online Applications Portal</h2>\n<!-- /wp:heading -->\n\n<!-- wp:columns -->\n<div class="wp-block-columns"><!-- wp:column -->\n<div class="wp-block-column"><!-- wp:columns -->\n<div class="wp-block-columns"><!-- wp:column -->\n<div class="wp-block-column"><!-- wp:uagb/info-box {"inheritFromTheme":true,"classMigrate":true,"headingColor":"var(\\u002d\\u002dast-global-color-1)","prefixColor":"var(\\u002d\\u002dast-global-color-2)","icon":"graduation-cap","iconSize":60,"iconHover":"var(\\u002d\\u002dast-global-color-0)","iconColor":"var(\\u002d\\u002dast-global-color-1)","block_id":"ade30802","ctaTarget":true,"ctaIcon":"angle-double-right","ctaType":"button","ctaText":"BACHELORS'' APPLICATIONS","ctaLink":"https://admissions.nsambyatrainingsch.com/home/online-applications-bachelors-degree-courses-at-st-francis-hospital-nsambya-training-school-2/"} -->\n<div class="wp-block-uagb-info-box uagb-infobox__outer-wrap uagb-block-ade30802"><div class="uagb-infobox__content-wrap uagb-infobox uagb-infobox-has-icon uagb-infobox-icon-above-title uagb-infobox-image-valign-top uagb-infobox-enable-border-radius "><div class="uagb-ifb-left-right-wrap"><div class="uagb-ifb-content"><div class="uagb-ifb-image-icon-content uagb-ifb-imgicon-wrap"><div class="uagb-ifb-icon-wrap"><span class="uagb-ifb-icon"><svg xmlns="http://www.w3.org/2000/svg" viewBox="0 0 640 512"><path d="M622.34 153.2L343.4 67.5c-15.2-4.67-31.6-4.67-46.79 0L17.66 153.2c-23.54 7.23-23.54 38.36 0 45.59l48.63 14.94c-10.67 13.19-17.23 29.28-17.88 46.9C38.78 266.15 32 276.11 32 288c0 10.78 5.68 19.85 13.86 25.65L20.33 428.53C18.11 438.52 25.71 448 35.94 448h56.11c10.24 0 17.84-9.48 15.62-19.47L82.14 313.65C90.32 307.85 96 298.78 96 288c0-11.57-6.47-21.25-15.66-26.87.76-15.02 8.44-28.3 20.69-36.72L296.6 284.5c9.06 2.78 26.44 6.25 46.79 0l278.95-85.7c23.55-7.24 23.55-38.36 0-45.6zM352.79 315.09c-28.53 8.76-52.84 3.92-65.59 0l-145.02-44.55L128 384c0 35.35 85.96 64 192 64s192-28.65 192-64l-14.18-113.47-145.03 44.56z"></path></svg></span></div></div><div class="uagb-ifb-title-wrap"><span class="uagb-ifb-title-prefix">Apply Online </span><h3 class="uagb-ifb-title">Bachelor''s Degree Programs</h3></div><div class="uagb-ifb-separator-parent"><div class="uagb-ifb-separator"></div></div><div class="uagb-ifb-text-wrap"><p class="uagb-ifb-desc"><strong><a href="https://nsambyatrainingsch.com/nursing-nsambya-training-school/bachelors-nursing-science-nsambya-training-school/">Bachelors in Nursing Science (BNS)</a></strong><br><strong><a href="https://nsambyatrainingsch.com/nursing-nsambya-training-school/bachelors-in-midwifery-science-bms-st-francis-hospital-nsambya-training-school/">Bachelors in Midwifery Science (BMS)</a></strong></p><div class="uagb-ifb-cta uagb-infobox-cta-link-style"><div class="uagb-ifb-button-wrapper wp-block-button"><a href="https://admissions.nsambyatrainingsch.com/home/online-applications-bachelors-degree-courses-at-st-francis-hospital-nsambya-training-school-2/" class="wp-block-button__link" target="_blank" rel="noopener noreferrer"><span class="uagb-ifb-button-icon uagb-ifb-align-icon-after"><svg xmlns="http://www.w3.org/2000/svg" viewBox="0 0 448 512"><path d="M224.3 273l-136 136c-9.4 9.4-24.6 9.4-33.9 0l-22.6-22.6c-9.4-9.4-9.4-24.6 0-33.9l96.4-96.4-96.4-96.4c-9.4-9.4-9.4-24.6 0-33.9L54.3 103c9.4-9.4 24.6-9.4 33.9 0l136 136c9.5 9.4 9.5 24.6.1 34zm192-34l-136-136c-9.4-9.4-24.6-9.4-33.9 0l-22.6 22.6c-9.4 9.4-9.4 24.6 0 33.9l96.4 96.4-96.4 96.4c-9.4 9.4-9.4 24.6 0 33.9l22.6 22.6c9.4 9.4 24.6 9.4 33.9 0l136-136c9.4-9.2 9.4-24.4 0-33.8z"></path></svg></span><span class="uagb-ifb-cta-content-wrapper"><span class="uagb-inline-editing ">BACHELORS'' APPLICATIONS</span></span></a></div></div></div></div></div></div></div>\n<!-- /wp:uagb/info-box --></div>\n<!-- /wp:column -->\n\n<!-- wp:column -->\n<div class="wp-block-column"><!-- wp:uagb/info-box {"inheritFromTheme":true,"classMigrate":true,"headingColor":"var(\\u002d\\u002dast-global-color-1)","prefixColor":"var(\\u002d\\u002dast-global-color-2)","icon":"graduation-cap","iconSize":60,"iconHover":"var(\\u002d\\u002dast-global-color-0)","iconColor":"var(\\u002d\\u002dast-global-color-1)","block_id":"e3877e95","ctaTarget":true,"ctaIcon":"angle-double-right","ctaType":"button","ctaText":"CERTIFICATE APPLICATIONS","ctaLink":"https://admissions.nsambyatrainingsch.com/online-applications-portal-admissions-nsambya-training-school/online-applications-certificate-courses-nsambya-training-school/"} -->\n<div class="wp-block-uagb-info-box uagb-infobox__outer-wrap uagb-block-e3877e95"><div class="uagb-infobox__content-wrap uagb-infobox uagb-infobox-has-icon uagb-infobox-icon-above-title uagb-infobox-image-valign-top uagb-infobox-enable-border-radius "><div class="uagb-ifb-left-right-wrap"><div class="uagb-ifb-content"><div class="uagb-ifb-image-icon-content uagb-ifb-imgicon-wrap"><div class="uagb-ifb-icon-wrap"><span class="uagb-ifb-icon"><svg xmlns="http://www.w3.org/2000/svg" viewBox="0 0 640 512"><path d="M622.34 153.2L343.4 67.5c-15.2-4.67-31.6-4.67-46.79 0L17.66 153.2c-23.54 7.23-23.54 38.36 0 45.59l48.63 14.94c-10.67 13.19-17.23 29.28-17.88 46.9C38.78 266.15 32 276.11 32 288c0 10.78 5.68 19.85 13.86 25.65L20.33 428.53C18.11 438.52 25.71 448 35.94 448h56.11c10.24 0 17.84-9.48 15.62-19.47L82.14 313.65C90.32 307.85 96 298.78 96 288c0-11.57-6.47-21.25-15.66-26.87.76-15.02 8.44-28.3 20.69-36.72L296.6 284.5c9.06 2.78 26.44 6.25 46.79 0l278.95-85.7c23.55-7.24 23.55-38.36 0-45.6zM352.79 315.09c-28.53 8.76-52.84 3.92-65.59 0l-145.02-44.55L128 384c0 35.35 85.96 64 192 64s192-28.65 192-64l-14.18-113.47-145.03 44.56z"></path></svg></span></div></div><div class="uagb-ifb-title-wrap"><span class="uagb-ifb-title-prefix">Apply Online</span><h3 class="uagb-ifb-title">Certificate Courses</h3></div><div class="uagb-ifb-separator-parent"><div class="uagb-ifb-separator"></div></div><div class="uagb-ifb-text-wrap"><p class="uagb-ifb-desc"><strong><a href="https://nsambyatrainingsch.com/certificate-in-nursing-cnn-course-st-francis-hospital-nsambya-training-school/">Certificate in Nursing (CN)</a></strong><br><strong><a href="https://nsambyatrainingsch.com/nursing-nsambya-training-school/certificate-midwifery-science-cm-st-francis-hospital-nsambya-training-school/">Certificate in Midwifery (CM)</a></strong><br><strong><a href="https://nsambyatrainingsch.com/departments-nsambya-training-school/medical-laboratory-technology-courses-nsambya-training-school/certificate-in-medical-laboratory-technology-cmlt-st-francis-hospital-nsambya-training-school-2/">Certificate in Medical Laboratory Technology (CMLT)</a></strong></p><div class="uagb-ifb-cta uagb-infobox-cta-link-style"><div class="uagb-ifb-button-wrapper wp-block-button"><a href="https://admissions.nsambyatrainingsch.com/online-applications-portal-admissions-nsambya-training-school/online-applications-certificate-courses-nsambya-training-school/" class="wp-block-button__link" target="_blank" rel="noopener noreferrer"><span class="uagb-ifb-button-icon uagb-ifb-align-icon-after"><svg xmlns="http://www.w3.org/2000/svg" viewBox="0 0 448 512"><path d="M224.3 273l-136 136c-9.4 9.4-24.6 9.4-33.9 0l-22.6-22.6c-9.4-9.4-9.4-24.6 0-33.9l96.4-96.4-96.4-96.4c-9.4-9.4-9.4-24.6 0-33.9L54.3 103c9.4-9.4 24.6-9.4 33.9 0l136 136c9.5 9.4 9.5 24.6.1 34zm192-34l-136-136c-9.4-9.4-24.6-9.4-33.9 0l-22.6 22.6c-9.4 9.4-9.4 24.6 0 33.9l96.4 96.4-96.4 96.4c-9.4 9.4-9.4 24.6 0 33.9l22.6 22.6c9.4 9.4 24.6 9.4 33.9 0l136-136c9.4-9.2 9.4-24.4 0-33.8z"></path></svg></span><span class="uagb-ifb-cta-content-wrapper"><span class="uagb-inline-editing ">CERTIFICATE APPLICATIONS</span></span></a></div></div></div></div></div></div></div>\n<!-- /wp:uagb/info-box --></div>\n<!-- /wp:column --></div>\n<!-- /wp:columns -->\n\n<!-- wp:uagb/info-box {"classMigrate":true,"headingColor":"var(\\u002d\\u002dast-global-color-1)","prefixColor":"var(\\u002d\\u002dast-global-color-2)","icon":"graduation-cap","iconSize":60,"iconHover":"var(\\u002d\\u002dast-global-color-0)","iconColor":"var(\\u002d\\u002dast-global-color-1)","block_id":"e495394b"} -->\n<div class="wp-block-uagb-info-box uagb-infobox__outer-wrap uagb-block-e495394b"><div class="uagb-infobox__content-wrap uagb-infobox uagb-infobox-has-icon uagb-infobox-icon-above-title uagb-infobox-image-valign-top uagb-infobox-enable-border-radius "><div class="uagb-ifb-left-right-wrap"><div class="uagb-ifb-content"><div class="uagb-ifb-image-icon-content uagb-ifb-imgicon-wrap"><div class="uagb-ifb-icon-wrap"><span class="uagb-ifb-icon"><svg xmlns="http://www.w3.org/2000/svg" viewBox="0 0 640 512"><path d="M622.34 153.2L343.4 67.5c-15.2-4.67-31.6-4.67-46.79 0L17.66 153.2c-23.54 7.23-23.54 38.36 0 45.59l48.63 14.94c-10.67 13.19-17.23 29.28-17.88 46.9C38.78 266.15 32 276.11 32 288c0 10.78 5.68 19.85 13.86 25.65L20.33 428.53C18.11 438.52 25.71 448 35.94 448h56.11c10.24 0 17.84-9.48 15.62-19.47L82.14 313.65C90.32 307.85 96 298.78 96 288c0-11.57-6.47-21.25-15.66-26.87.76-15.02 8.44-28.3 20.69-36.72L296.6 284.5c9.06 2.78 26.44 6.25 46.79 0l278.95-85.7c23.55-7.24 23.55-38.36 0-45.6zM352.79 315.09c-28.53 8.76-52.84 3.92-65.59 0l-145.02-44.55L128 384c0 35.35 85.96 64 192 64s192-28.65 192-64l-14.18-113.47-145.03 44.56z"></path></svg></span></div></div><div class="uagb-ifb-title-wrap"><span class="uagb-ifb-title-prefix">Apply Online</span><h3 class="uagb-ifb-title">Diploma Courses</h3></div><div class="uagb-ifb-separator-parent"><div class="uagb-ifb-separator"></div></div><div class="uagb-ifb-text-wrap"><p class="uagb-ifb-desc"><strong><a href="https://nsambyatrainingsch.com/nursing-nsambya-training-school/diploma-in-nursing-direct-ddn-st-francis-hospital-nsambya-training-school/">Diploma in Nursing (DDN) – Direct</a></strong><br><strong><a href="https://nsambyatrainingsch.com/diploma-in-nursing-dn-upgrading-st-francis-hospital-nsambya-training-school/">Diploma in Nursing (DN) – Upgrading</a></strong><br><strong><a href="https://nsambyatrainingsch.com/midwifery-nsambya-training-school/diploma-in-midwifery-upgrading-st-francis-hospital-nsambya-training-school-3/">Diploma in Midwifery (DM) – Upgrading</a></strong><br><strong><a href="https://nsambyatrainingsch.com/midwifery-nsambya-training-school/diploma-in-midwifery-e-learning-st-francis-hospital-nsambya-training-school/">Diploma in Midwifery E-Learning (DMeL)</a></strong><br><strong><a href="https://nsambyatrainingsch.com/departments-nsambya-training-school/medical-laboratory-technology-courses-nsambya-training-school/diploma-medical-laboratory-technology-direct-st-francis-hospital-nsambya-training-school/">Diploma in Medical Laboratory Technology (DMLT) – Direct</a></strong><br><strong><a href="https://nsambyatrainingsch.com/departments-nsambya-training-school/medical-laboratory-technology-courses-nsambya-training-school/diploma-in-medical-laboratory-technology-dmlt-upgrading-st-francis-hospital-nsambya-training-school/">Diploma in Medical Laboratory Technology (DMLT) – Upgrading</a></strong><br><a href="https://nsambyatrainingsch.com/academics-nsambya-training-school-st-francis-hospital/all-courses-st-francis-hospital-nsambya-training-school/diploma-clinical-mentoring-dcm-st-francis-hospital-nsambya-training-school/"><strong>Diploma in Clinical Mentoring (DCM)</strong></a></p></div></div></div></div></div>\n<!-- /wp:uagb/info-box --></div>\n<!-- /wp:column --></div>\n<!-- /wp:columns -->\n\n<!-- wp:uagb/post-masonry {"block_id":"a6b5cd5d"} /-->\n\n<!-- wp:group {"align":"full","backgroundColor":"ast-global-color-5"} -->\n<div class="wp-block-group alignfull has-ast-global-color-5-background-color has-background"><!-- wp:heading {"textColor":"ast-global-color-1","className":"has-text-align-center"} -->\n<h2 class="has-text-align-center has-ast-global-color-1-color has-text-color">St. Francis Hospital Nsambya Training School</h2>\n<!-- /wp:heading -->\n\n<!-- wp:tribe/events-list -->\n<!-- wp:legacy-widget {"idBase":"tribe-widget-events-list","instance":{"encoded":"YTo2OntzOjU6InRpdGxlIjtzOjE1OiJVcGNvbWluZyBFdmVudHMiO3M6NToibGltaXQiO3M6MToiNSI7czoxODoibm9fdXBjb21pbmdfZXZlbnRzIjtiOjA7czoyMDoiZmVhdHVyZWRfZXZlbnRzX29ubHkiO2I6MDtzOjEzOiJqc29ubGRfZW5hYmxlIjtiOjE7czoyMDoidHJpYmVfaXNfbGlzdF93aWRnZXQiO2I6MDt9","hash":"d5f9bc10d2c301bd00350c5b2a6bd3bf"}} /-->\n<!-- /wp:tribe/events-list -->\n\n<!-- wp:heading {"textAlign":"center","textColor":"ast-global-color-1"} -->\n<h2 class="has-text-align-center has-ast-global-color-1-color has-text-color">Join Uganda''s Leading Health Care Training Institution</h2>\n<!-- /wp:heading -->\n\n<!-- wp:columns -->\n<div class="wp-block-columns"><!-- wp:column {"width":"100%"} -->\n<div class="wp-block-column" style="flex-basis:100%"><!-- wp:buttons -->\n<div class="wp-block-buttons"><!-- wp:button {"align":"center","extUtilities":[]} -->\n<div class="wp-block-button aligncenter"><a class="wp-block-button__link wp-element-button" href="https://admissions.nsambyatrainingsch.com/wp-login.php?">ONLINE APPLICATIONS PORTAL</a></div>\n<!-- /wp:button --></div>\n<!-- /wp:buttons --></div>\n<!-- /wp:column --></div>\n<!-- /wp:columns -->\n\n<!-- wp:buttons -->\n<div class="wp-block-buttons"><!-- wp:button /--></div>\n<!-- /wp:buttons -->\n\n<!-- wp:group -->\n<div class="wp-block-group"><!-- wp:buttons -->\n<div class="wp-block-buttons"><!-- wp:button {"align":"center","extUtilities":[]} -->\n<div class="wp-block-button aligncenter"><a class="wp-block-button__link wp-element-button" href="https://admissions.nsambyatrainingsch.com/wp-login.php?">STAFF ACCESS</a></div>\n<!-- /wp:button --></div>\n<!-- /wp:buttons --></div>\n<!-- /wp:group --></div>\n<!-- /wp:group -->\n\n<!-- wp:group {"align":"full","backgroundColor":"ast-global-color-4"} -->\n<div class="wp-block-group alignfull has-ast-global-color-4-background-color has-background"><!-- wp:metaslider/slider {"slideshowId":25791} -->\n<div class="alignnormal">[metaslider id=25791 cssclass=""]</div>\n<!-- /wp:metaslider/slider --></div>\n<!-- /wp:group -->\n\n<!-- wp:loginout /-->', 'Online Admissions Portal', '', 'inherit', 'closed', 'closed', '', '25407-revision-v1', '', '', '2022-07-19 00:47:24', '2022-07-19 00:47:24', '', 25407, 'https://admissions.nsambyatrainingsch.com/?p=26057', 0, 'revision', '', 0);
INSERT INTO `ntswebposts` VALUES
(26058, 1, '2022-07-19 00:48:48', '2022-07-19 00:48:48', '<!-- wp:cover {"url":"https://admissions.nsambyatrainingsch.com/wp-content/uploads/2022/05/Nsambya-Hospital-Training-School-Website-Images-3-scaled.jpg","id":25698,"dimRatio":80,"focalPoint":{"x":"0.42","y":"0.53"},"minHeight":850,"align":"full","extUtilities":[]} -->\n<div class="wp-block-cover alignfull" style="min-height:850px"><span aria-hidden="true" class="wp-block-cover__background has-background-dim-80 has-background-dim"></span><img class="wp-block-cover__image-background wp-image-25698" alt="" src="https://admissions.nsambyatrainingsch.com/wp-content/uploads/2022/05/Nsambya-Hospital-Training-School-Website-Images-3-scaled.jpg" style="object-position:42% 53%" data-object-fit="cover" data-object-position="42% 53%"/><div class="wp-block-cover__inner-container"><!-- wp:spacer {"height":"135px","UAGDisplayConditions":"responsiveVisibility","UAGHideDesktop":true} -->\n<div style="height:135px" aria-hidden="true" class="wp-block-spacer uag-hide-desktop"></div>\n<!-- /wp:spacer -->\n\n<!-- wp:spacer {"height":"40px","UAGDisplayConditions":"responsiveVisibility","UAGHideMob":true,"UAGHideTab":true} -->\n<div style="height:40px" aria-hidden="true" class="wp-block-spacer uag-hide-tab uag-hide-mob"></div>\n<!-- /wp:spacer -->\n\n<!-- wp:heading {"level":1,"textColor":"white","className":"has-text-align-center"} -->\n<h1 class="has-text-align-center has-white-color has-text-color">Online Admissions Portal</h1>\n<!-- /wp:heading -->\n\n<!-- wp:columns -->\n<div class="wp-block-columns"><!-- wp:column -->\n<div class="wp-block-column"><!-- wp:uagb/info-box {"inheritFromTheme":true,"classMigrate":true,"headingColor":"var(\\u002d\\u002dast-global-color-5)","icon":"user-graduate","iconSize":64,"iconHover":"var(\\u002d\\u002dast-global-color-1)","iconColor":"var(\\u002d\\u002dast-global-color-0)","block_id":"6642950b","seperatorColor":"var(\\u002d\\u002dast-global-color-5)","seperatorThickness":1,"ctaType":"button","ctaText":"ALL COURSES","ctaLink":"https://nsambyatrainingsch.com/academics-nsambya-training-school-st-francis-hospital/all-courses-st-francis-hospital-nsambya-training-school/","showPrefix":false,"showDesc":false} -->\n<div class="wp-block-uagb-info-box uagb-infobox__outer-wrap uagb-block-6642950b"><div class="uagb-infobox__content-wrap uagb-infobox uagb-infobox-has-icon uagb-infobox-icon-above-title uagb-infobox-image-valign-top uagb-infobox-enable-border-radius "><div class="uagb-ifb-left-right-wrap"><div class="uagb-ifb-content"><div class="uagb-ifb-image-icon-content uagb-ifb-imgicon-wrap"><div class="uagb-ifb-icon-wrap"><span class="uagb-ifb-icon"><svg xmlns="http://www.w3.org/2000/svg" viewBox="0 0 448 512"><path d="M319.4 320.6L224 416l-95.4-95.4C57.1 323.7 0 382.2 0 454.4v9.6c0 26.5 21.5 48 48 48h352c26.5 0 48-21.5 48-48v-9.6c0-72.2-57.1-130.7-128.6-133.8zM13.6 79.8l6.4 1.5v58.4c-7 4.2-12 11.5-12 20.3 0 8.4 4.6 15.4 11.1 19.7L3.5 242c-1.7 6.9 2.1 14 7.6 14h41.8c5.5 0 9.3-7.1 7.6-14l-15.6-62.3C51.4 175.4 56 168.4 56 160c0-8.8-5-16.1-12-20.3V87.1l66 15.9c-8.6 17.2-14 36.4-14 57 0 70.7 57.3 128 128 128s128-57.3 128-128c0-20.6-5.3-39.8-14-57l96.3-23.2c18.2-4.4 18.2-27.1 0-31.5l-190.4-46c-13-3.1-26.7-3.1-39.7 0L13.6 48.2c-18.1 4.4-18.1 27.2 0 31.6z"></path></svg></span></div></div><div class="uagb-ifb-title-wrap"><h3 class="uagb-ifb-title">Courses Offered</h3></div><div class="uagb-ifb-separator-parent"><div class="uagb-ifb-separator"></div></div><div class="uagb-ifb-text-wrap"><div class="uagb-ifb-cta uagb-infobox-cta-link-style"><div class="uagb-ifb-button-wrapper wp-block-button"><a href="https://nsambyatrainingsch.com/academics-nsambya-training-school-st-francis-hospital/all-courses-st-francis-hospital-nsambya-training-school/" class="wp-block-button__link" target="_self" rel="noopener noreferrer"><span class="uagb-ifb-cta-content-wrapper"><span class="uagb-inline-editing ">ALL COURSES</span></span></a></div></div></div></div></div></div></div>\n<!-- /wp:uagb/info-box --></div>\n<!-- /wp:column -->\n\n<!-- wp:column -->\n<div class="wp-block-column"><!-- wp:uagb/info-box {"inheritFromTheme":true,"classMigrate":true,"headingColor":"var(\\u002d\\u002dast-global-color-5)","icon":"university","iconHover":"var(\\u002d\\u002dast-global-color-1)","iconColor":"var(\\u002d\\u002dast-global-color-0)","block_id":"4fb60a09","ctaIcon":"angle-double-right","seperatorColor":"var(\\u002d\\u002dast-global-color-5)","seperatorThickness":1,"ctaType":"button","ctaText":"VIEWS UPDATES","showPrefix":false,"showDesc":false} -->\n<div class="wp-block-uagb-info-box uagb-infobox__outer-wrap uagb-block-4fb60a09"><div class="uagb-infobox__content-wrap uagb-infobox uagb-infobox-has-icon uagb-infobox-icon-above-title uagb-infobox-image-valign-top uagb-infobox-enable-border-radius "><div class="uagb-ifb-left-right-wrap"><div class="uagb-ifb-content"><div class="uagb-ifb-image-icon-content uagb-ifb-imgicon-wrap"><div class="uagb-ifb-icon-wrap"><span class="uagb-ifb-icon"><svg xmlns="http://www.w3.org/2000/svg" viewBox="0 0 512 512"><path d="M496 128v16a8 8 0 0 1-8 8h-24v12c0 6.627-5.373 12-12 12H60c-6.627 0-12-5.373-12-12v-12H24a8 8 0 0 1-8-8v-16a8 8 0 0 1 4.941-7.392l232-88a7.996 7.996 0 0 1 6.118 0l232 88A8 8 0 0 1 496 128zm-24 304H40c-13.255 0-24 10.745-24 24v16a8 8 0 0 0 8 8h464a8 8 0 0 0 8-8v-16c0-13.255-10.745-24-24-24zM96 192v192H60c-6.627 0-12 5.373-12 12v20h416v-20c0-6.627-5.373-12-12-12h-36V192h-64v192h-64V192h-64v192h-64V192H96z"></path></svg></span></div></div><div class="uagb-ifb-title-wrap"><h3 class="uagb-ifb-title">Admissions Updates</h3></div><div class="uagb-ifb-separator-parent"><div class="uagb-ifb-separator"></div></div><div class="uagb-ifb-text-wrap"><div class="uagb-ifb-cta uagb-infobox-cta-link-style"><div class="uagb-ifb-button-wrapper wp-block-button"><a href="#" class="wp-block-button__link" target="_self" rel="noopener noreferrer"><span class="uagb-ifb-button-icon uagb-ifb-align-icon-after"><svg xmlns="http://www.w3.org/2000/svg" viewBox="0 0 448 512"><path d="M224.3 273l-136 136c-9.4 9.4-24.6 9.4-33.9 0l-22.6-22.6c-9.4-9.4-9.4-24.6 0-33.9l96.4-96.4-96.4-96.4c-9.4-9.4-9.4-24.6 0-33.9L54.3 103c9.4-9.4 24.6-9.4 33.9 0l136 136c9.5 9.4 9.5 24.6.1 34zm192-34l-136-136c-9.4-9.4-24.6-9.4-33.9 0l-22.6 22.6c-9.4 9.4-9.4 24.6 0 33.9l96.4 96.4-96.4 96.4c-9.4 9.4-9.4 24.6 0 33.9l22.6 22.6c9.4 9.4 24.6 9.4 33.9 0l136-136c9.4-9.2 9.4-24.4 0-33.8z"></path></svg></span><span class="uagb-ifb-cta-content-wrapper"><span class="uagb-inline-editing ">VIEWS UPDATES</span></span></a></div></div></div></div></div></div></div>\n<!-- /wp:uagb/info-box --></div>\n<!-- /wp:column --></div>\n<!-- /wp:columns -->\n\n<!-- wp:paragraph {"align":"center"} -->\n<p class="has-text-align-center">If you''re new here, Kindly Create an account to access the Online Applications Portal;  Existing Applicants, Please Log In to track the progress of your Application.</p>\n<!-- /wp:paragraph -->\n\n<!-- wp:paragraph {"align":"center"} -->\n<p class="has-text-align-center">Thank you for expressing Interest in Studying at St. Francis Hospital Nsambya Training School. </p>\n<!-- /wp:paragraph -->\n\n<!-- wp:buttons {"layout":{"type":"flex","justifyContent":"center","orientation":"horizontal"}} -->\n<div class="wp-block-buttons"><!-- wp:button {"extUtilities":[]} -->\n<div class="wp-block-button"><a class="wp-block-button__link wp-element-button" href="https://admissions.nsambyatrainingsch.com/register/">CREATE ACCOUNT</a></div>\n<!-- /wp:button -->\n\n<!-- wp:button {"extUtilities":[]} -->\n<div class="wp-block-button"><a class="wp-block-button__link wp-element-button" href="https://admissions.nsambyatrainingsch.com/wp-login.php?">LOG IN</a></div>\n<!-- /wp:button --></div>\n<!-- /wp:buttons -->\n\n<!-- wp:spacer {"height":"59px"} -->\n<div style="height:59px" aria-hidden="true" class="wp-block-spacer"></div>\n<!-- /wp:spacer --></div></div>\n<!-- /wp:cover -->\n\n<!-- wp:heading {"textAlign":"center","textColor":"ast-global-color-1"} -->\n<h2 class="has-text-align-center has-ast-global-color-1-color has-text-color">Online Applications Portal</h2>\n<!-- /wp:heading -->\n\n<!-- wp:columns -->\n<div class="wp-block-columns"><!-- wp:column -->\n<div class="wp-block-column"><!-- wp:columns -->\n<div class="wp-block-columns"><!-- wp:column -->\n<div class="wp-block-column"><!-- wp:uagb/info-box {"inheritFromTheme":true,"classMigrate":true,"headingColor":"var(\\u002d\\u002dast-global-color-1)","prefixColor":"var(\\u002d\\u002dast-global-color-2)","icon":"graduation-cap","iconSize":60,"iconHover":"var(\\u002d\\u002dast-global-color-0)","iconColor":"var(\\u002d\\u002dast-global-color-1)","block_id":"ade30802","ctaTarget":true,"ctaIcon":"angle-double-right","ctaType":"button","ctaText":"BACHELORS'' APPLICATIONS","ctaLink":"https://admissions.nsambyatrainingsch.com/home/online-applications-bachelors-degree-courses-at-st-francis-hospital-nsambya-training-school-2/"} -->\n<div class="wp-block-uagb-info-box uagb-infobox__outer-wrap uagb-block-ade30802"><div class="uagb-infobox__content-wrap uagb-infobox uagb-infobox-has-icon uagb-infobox-icon-above-title uagb-infobox-image-valign-top uagb-infobox-enable-border-radius "><div class="uagb-ifb-left-right-wrap"><div class="uagb-ifb-content"><div class="uagb-ifb-image-icon-content uagb-ifb-imgicon-wrap"><div class="uagb-ifb-icon-wrap"><span class="uagb-ifb-icon"><svg xmlns="http://www.w3.org/2000/svg" viewBox="0 0 640 512"><path d="M622.34 153.2L343.4 67.5c-15.2-4.67-31.6-4.67-46.79 0L17.66 153.2c-23.54 7.23-23.54 38.36 0 45.59l48.63 14.94c-10.67 13.19-17.23 29.28-17.88 46.9C38.78 266.15 32 276.11 32 288c0 10.78 5.68 19.85 13.86 25.65L20.33 428.53C18.11 438.52 25.71 448 35.94 448h56.11c10.24 0 17.84-9.48 15.62-19.47L82.14 313.65C90.32 307.85 96 298.78 96 288c0-11.57-6.47-21.25-15.66-26.87.76-15.02 8.44-28.3 20.69-36.72L296.6 284.5c9.06 2.78 26.44 6.25 46.79 0l278.95-85.7c23.55-7.24 23.55-38.36 0-45.6zM352.79 315.09c-28.53 8.76-52.84 3.92-65.59 0l-145.02-44.55L128 384c0 35.35 85.96 64 192 64s192-28.65 192-64l-14.18-113.47-145.03 44.56z"></path></svg></span></div></div><div class="uagb-ifb-title-wrap"><span class="uagb-ifb-title-prefix">Apply Online </span><h3 class="uagb-ifb-title">Bachelor''s Degree Programs</h3></div><div class="uagb-ifb-separator-parent"><div class="uagb-ifb-separator"></div></div><div class="uagb-ifb-text-wrap"><p class="uagb-ifb-desc"><strong><a href="https://nsambyatrainingsch.com/nursing-nsambya-training-school/bachelors-nursing-science-nsambya-training-school/">Bachelors in Nursing Science (BNS)</a></strong><br><strong><a href="https://nsambyatrainingsch.com/nursing-nsambya-training-school/bachelors-in-midwifery-science-bms-st-francis-hospital-nsambya-training-school/">Bachelors in Midwifery Science (BMS)</a></strong></p><div class="uagb-ifb-cta uagb-infobox-cta-link-style"><div class="uagb-ifb-button-wrapper wp-block-button"><a href="https://admissions.nsambyatrainingsch.com/home/online-applications-bachelors-degree-courses-at-st-francis-hospital-nsambya-training-school-2/" class="wp-block-button__link" target="_blank" rel="noopener noreferrer"><span class="uagb-ifb-button-icon uagb-ifb-align-icon-after"><svg xmlns="http://www.w3.org/2000/svg" viewBox="0 0 448 512"><path d="M224.3 273l-136 136c-9.4 9.4-24.6 9.4-33.9 0l-22.6-22.6c-9.4-9.4-9.4-24.6 0-33.9l96.4-96.4-96.4-96.4c-9.4-9.4-9.4-24.6 0-33.9L54.3 103c9.4-9.4 24.6-9.4 33.9 0l136 136c9.5 9.4 9.5 24.6.1 34zm192-34l-136-136c-9.4-9.4-24.6-9.4-33.9 0l-22.6 22.6c-9.4 9.4-9.4 24.6 0 33.9l96.4 96.4-96.4 96.4c-9.4 9.4-9.4 24.6 0 33.9l22.6 22.6c9.4 9.4 24.6 9.4 33.9 0l136-136c9.4-9.2 9.4-24.4 0-33.8z"></path></svg></span><span class="uagb-ifb-cta-content-wrapper"><span class="uagb-inline-editing ">BACHELORS'' APPLICATIONS</span></span></a></div></div></div></div></div></div></div>\n<!-- /wp:uagb/info-box --></div>\n<!-- /wp:column -->\n\n<!-- wp:column -->\n<div class="wp-block-column"><!-- wp:uagb/info-box {"inheritFromTheme":true,"classMigrate":true,"headingColor":"var(\\u002d\\u002dast-global-color-1)","prefixColor":"var(\\u002d\\u002dast-global-color-2)","icon":"graduation-cap","iconSize":60,"iconHover":"var(\\u002d\\u002dast-global-color-0)","iconColor":"var(\\u002d\\u002dast-global-color-1)","block_id":"e3877e95","ctaTarget":true,"ctaIcon":"angle-double-right","ctaType":"button","ctaText":"CERTIFICATE APPLICATIONS","ctaLink":"https://admissions.nsambyatrainingsch.com/online-applications-portal-admissions-nsambya-training-school/online-applications-certificate-courses-nsambya-training-school/"} -->\n<div class="wp-block-uagb-info-box uagb-infobox__outer-wrap uagb-block-e3877e95"><div class="uagb-infobox__content-wrap uagb-infobox uagb-infobox-has-icon uagb-infobox-icon-above-title uagb-infobox-image-valign-top uagb-infobox-enable-border-radius "><div class="uagb-ifb-left-right-wrap"><div class="uagb-ifb-content"><div class="uagb-ifb-image-icon-content uagb-ifb-imgicon-wrap"><div class="uagb-ifb-icon-wrap"><span class="uagb-ifb-icon"><svg xmlns="http://www.w3.org/2000/svg" viewBox="0 0 640 512"><path d="M622.34 153.2L343.4 67.5c-15.2-4.67-31.6-4.67-46.79 0L17.66 153.2c-23.54 7.23-23.54 38.36 0 45.59l48.63 14.94c-10.67 13.19-17.23 29.28-17.88 46.9C38.78 266.15 32 276.11 32 288c0 10.78 5.68 19.85 13.86 25.65L20.33 428.53C18.11 438.52 25.71 448 35.94 448h56.11c10.24 0 17.84-9.48 15.62-19.47L82.14 313.65C90.32 307.85 96 298.78 96 288c0-11.57-6.47-21.25-15.66-26.87.76-15.02 8.44-28.3 20.69-36.72L296.6 284.5c9.06 2.78 26.44 6.25 46.79 0l278.95-85.7c23.55-7.24 23.55-38.36 0-45.6zM352.79 315.09c-28.53 8.76-52.84 3.92-65.59 0l-145.02-44.55L128 384c0 35.35 85.96 64 192 64s192-28.65 192-64l-14.18-113.47-145.03 44.56z"></path></svg></span></div></div><div class="uagb-ifb-title-wrap"><span class="uagb-ifb-title-prefix">Apply Online</span><h3 class="uagb-ifb-title">Certificate Courses</h3></div><div class="uagb-ifb-separator-parent"><div class="uagb-ifb-separator"></div></div><div class="uagb-ifb-text-wrap"><p class="uagb-ifb-desc"><strong><a href="https://nsambyatrainingsch.com/certificate-in-nursing-cnn-course-st-francis-hospital-nsambya-training-school/">Certificate in Nursing (CN)</a></strong><br><strong><a href="https://nsambyatrainingsch.com/nursing-nsambya-training-school/certificate-midwifery-science-cm-st-francis-hospital-nsambya-training-school/">Certificate in Midwifery (CM)</a></strong><br><strong><a href="https://nsambyatrainingsch.com/departments-nsambya-training-school/medical-laboratory-technology-courses-nsambya-training-school/certificate-in-medical-laboratory-technology-cmlt-st-francis-hospital-nsambya-training-school-2/">Certificate in Medical Laboratory Technology (CMLT)</a></strong></p><div class="uagb-ifb-cta uagb-infobox-cta-link-style"><div class="uagb-ifb-button-wrapper wp-block-button"><a href="https://admissions.nsambyatrainingsch.com/online-applications-portal-admissions-nsambya-training-school/online-applications-certificate-courses-nsambya-training-school/" class="wp-block-button__link" target="_blank" rel="noopener noreferrer"><span class="uagb-ifb-button-icon uagb-ifb-align-icon-after"><svg xmlns="http://www.w3.org/2000/svg" viewBox="0 0 448 512"><path d="M224.3 273l-136 136c-9.4 9.4-24.6 9.4-33.9 0l-22.6-22.6c-9.4-9.4-9.4-24.6 0-33.9l96.4-96.4-96.4-96.4c-9.4-9.4-9.4-24.6 0-33.9L54.3 103c9.4-9.4 24.6-9.4 33.9 0l136 136c9.5 9.4 9.5 24.6.1 34zm192-34l-136-136c-9.4-9.4-24.6-9.4-33.9 0l-22.6 22.6c-9.4 9.4-9.4 24.6 0 33.9l96.4 96.4-96.4 96.4c-9.4 9.4-9.4 24.6 0 33.9l22.6 22.6c9.4 9.4 24.6 9.4 33.9 0l136-136c9.4-9.2 9.4-24.4 0-33.8z"></path></svg></span><span class="uagb-ifb-cta-content-wrapper"><span class="uagb-inline-editing ">CERTIFICATE APPLICATIONS</span></span></a></div></div></div></div></div></div></div>\n<!-- /wp:uagb/info-box --></div>\n<!-- /wp:column --></div>\n<!-- /wp:columns -->\n\n<!-- wp:uagb/info-box {"inheritFromTheme":true,"classMigrate":true,"headingColor":"var(\\u002d\\u002dast-global-color-1)","prefixColor":"var(\\u002d\\u002dast-global-color-2)","icon":"graduation-cap","iconSize":60,"iconHover":"var(\\u002d\\u002dast-global-color-0)","iconColor":"var(\\u002d\\u002dast-global-color-1)","block_id":"e495394b","ctaTarget":true,"ctaIcon":"angle-double-right","ctaType":"button","ctaText":"DIPLOMA APPLICATIONS","ctaLink":"https://admissions.nsambyatrainingsch.com/online-applications-portal-admissions-nsambya-training-school/online-applications-diploma-courses-at-st-francis-hospital-nsambya-training-school/"} -->\n<div class="wp-block-uagb-info-box uagb-infobox__outer-wrap uagb-block-e495394b"><div class="uagb-infobox__content-wrap uagb-infobox uagb-infobox-has-icon uagb-infobox-icon-above-title uagb-infobox-image-valign-top uagb-infobox-enable-border-radius "><div class="uagb-ifb-left-right-wrap"><div class="uagb-ifb-content"><div class="uagb-ifb-image-icon-content uagb-ifb-imgicon-wrap"><div class="uagb-ifb-icon-wrap"><span class="uagb-ifb-icon"><svg xmlns="http://www.w3.org/2000/svg" viewBox="0 0 640 512"><path d="M622.34 153.2L343.4 67.5c-15.2-4.67-31.6-4.67-46.79 0L17.66 153.2c-23.54 7.23-23.54 38.36 0 45.59l48.63 14.94c-10.67 13.19-17.23 29.28-17.88 46.9C38.78 266.15 32 276.11 32 288c0 10.78 5.68 19.85 13.86 25.65L20.33 428.53C18.11 438.52 25.71 448 35.94 448h56.11c10.24 0 17.84-9.48 15.62-19.47L82.14 313.65C90.32 307.85 96 298.78 96 288c0-11.57-6.47-21.25-15.66-26.87.76-15.02 8.44-28.3 20.69-36.72L296.6 284.5c9.06 2.78 26.44 6.25 46.79 0l278.95-85.7c23.55-7.24 23.55-38.36 0-45.6zM352.79 315.09c-28.53 8.76-52.84 3.92-65.59 0l-145.02-44.55L128 384c0 35.35 85.96 64 192 64s192-28.65 192-64l-14.18-113.47-145.03 44.56z"></path></svg></span></div></div><div class="uagb-ifb-title-wrap"><span class="uagb-ifb-title-prefix">Apply Online</span><h3 class="uagb-ifb-title">Diploma Courses</h3></div><div class="uagb-ifb-separator-parent"><div class="uagb-ifb-separator"></div></div><div class="uagb-ifb-text-wrap"><p class="uagb-ifb-desc"><strong><a href="https://nsambyatrainingsch.com/nursing-nsambya-training-school/diploma-in-nursing-direct-ddn-st-francis-hospital-nsambya-training-school/">Diploma in Nursing (DDN) – Direct</a></strong><br><strong><a href="https://nsambyatrainingsch.com/diploma-in-nursing-dn-upgrading-st-francis-hospital-nsambya-training-school/">Diploma in Nursing (DN) – Upgrading</a></strong><br><strong><a href="https://nsambyatrainingsch.com/midwifery-nsambya-training-school/diploma-in-midwifery-upgrading-st-francis-hospital-nsambya-training-school-3/">Diploma in Midwifery (DM) – Upgrading</a></strong><br><strong><a href="https://nsambyatrainingsch.com/midwifery-nsambya-training-school/diploma-in-midwifery-e-learning-st-francis-hospital-nsambya-training-school/">Diploma in Midwifery E-Learning (DMeL)</a></strong><br><strong><a href="https://nsambyatrainingsch.com/departments-nsambya-training-school/medical-laboratory-technology-courses-nsambya-training-school/diploma-medical-laboratory-technology-direct-st-francis-hospital-nsambya-training-school/">Diploma in Medical Laboratory Technology (DMLT) – Direct</a></strong><br><strong><a href="https://nsambyatrainingsch.com/departments-nsambya-training-school/medical-laboratory-technology-courses-nsambya-training-school/diploma-in-medical-laboratory-technology-dmlt-upgrading-st-francis-hospital-nsambya-training-school/">Diploma in Medical Laboratory Technology (DMLT) – Upgrading</a></strong><br><a href="https://nsambyatrainingsch.com/academics-nsambya-training-school-st-francis-hospital/all-courses-st-francis-hospital-nsambya-training-school/diploma-clinical-mentoring-dcm-st-francis-hospital-nsambya-training-school/"><strong>Diploma in Clinical Mentoring (DCM)</strong></a></p><div class="uagb-ifb-cta uagb-infobox-cta-link-style"><div class="uagb-ifb-button-wrapper wp-block-button"><a href="https://admissions.nsambyatrainingsch.com/online-applications-portal-admissions-nsambya-training-school/online-applications-diploma-courses-at-st-francis-hospital-nsambya-training-school/" class="wp-block-button__link" target="_blank" rel="noopener noreferrer"><span class="uagb-ifb-button-icon uagb-ifb-align-icon-after"><svg xmlns="http://www.w3.org/2000/svg" viewBox="0 0 448 512"><path d="M224.3 273l-136 136c-9.4 9.4-24.6 9.4-33.9 0l-22.6-22.6c-9.4-9.4-9.4-24.6 0-33.9l96.4-96.4-96.4-96.4c-9.4-9.4-9.4-24.6 0-33.9L54.3 103c9.4-9.4 24.6-9.4 33.9 0l136 136c9.5 9.4 9.5 24.6.1 34zm192-34l-136-136c-9.4-9.4-24.6-9.4-33.9 0l-22.6 22.6c-9.4 9.4-9.4 24.6 0 33.9l96.4 96.4-96.4 96.4c-9.4 9.4-9.4 24.6 0 33.9l22.6 22.6c9.4 9.4 24.6 9.4 33.9 0l136-136c9.4-9.2 9.4-24.4 0-33.8z"></path></svg></span><span class="uagb-ifb-cta-content-wrapper"><span class="uagb-inline-editing ">DIPLOMA APPLICATIONS</span></span></a></div></div></div></div></div></div></div>\n<!-- /wp:uagb/info-box --></div>\n<!-- /wp:column --></div>\n<!-- /wp:columns -->\n\n<!-- wp:uagb/post-masonry {"block_id":"a6b5cd5d"} /-->\n\n<!-- wp:group {"align":"full","backgroundColor":"ast-global-color-5"} -->\n<div class="wp-block-group alignfull has-ast-global-color-5-background-color has-background"><!-- wp:heading {"textColor":"ast-global-color-1","className":"has-text-align-center"} -->\n<h2 class="has-text-align-center has-ast-global-color-1-color has-text-color">St. Francis Hospital Nsambya Training School</h2>\n<!-- /wp:heading -->\n\n<!-- wp:tribe/events-list -->\n<!-- wp:legacy-widget {"idBase":"tribe-widget-events-list","instance":{"encoded":"YTo2OntzOjU6InRpdGxlIjtzOjE1OiJVcGNvbWluZyBFdmVudHMiO3M6NToibGltaXQiO3M6MToiNSI7czoxODoibm9fdXBjb21pbmdfZXZlbnRzIjtiOjA7czoyMDoiZmVhdHVyZWRfZXZlbnRzX29ubHkiO2I6MDtzOjEzOiJqc29ubGRfZW5hYmxlIjtiOjE7czoyMDoidHJpYmVfaXNfbGlzdF93aWRnZXQiO2I6MDt9","hash":"d5f9bc10d2c301bd00350c5b2a6bd3bf"}} /-->\n<!-- /wp:tribe/events-list -->\n\n<!-- wp:heading {"textAlign":"center","textColor":"ast-global-color-1"} -->\n<h2 class="has-text-align-center has-ast-global-color-1-color has-text-color">Join Uganda''s Leading Health Care Training Institution</h2>\n<!-- /wp:heading -->\n\n<!-- wp:columns -->\n<div class="wp-block-columns"><!-- wp:column {"width":"100%"} -->\n<div class="wp-block-column" style="flex-basis:100%"><!-- wp:buttons -->\n<div class="wp-block-buttons"><!-- wp:button {"align":"center","extUtilities":[]} -->\n<div class="wp-block-button aligncenter"><a class="wp-block-button__link wp-element-button" href="https://admissions.nsambyatrainingsch.com/wp-login.php?">ONLINE APPLICATIONS PORTAL</a></div>\n<!-- /wp:button --></div>\n<!-- /wp:buttons --></div>\n<!-- /wp:column --></div>\n<!-- /wp:columns -->\n\n<!-- wp:buttons -->\n<div class="wp-block-buttons"><!-- wp:button /--></div>\n<!-- /wp:buttons -->\n\n<!-- wp:group -->\n<div class="wp-block-group"><!-- wp:buttons -->\n<div class="wp-block-buttons"><!-- wp:button {"align":"center","extUtilities":[]} -->\n<div class="wp-block-button aligncenter"><a class="wp-block-button__link wp-element-button" href="https://admissions.nsambyatrainingsch.com/wp-login.php?">STAFF ACCESS</a></div>\n<!-- /wp:button --></div>\n<!-- /wp:buttons --></div>\n<!-- /wp:group --></div>\n<!-- /wp:group -->\n\n<!-- wp:group {"align":"full","backgroundColor":"ast-global-color-4"} -->\n<div class="wp-block-group alignfull has-ast-global-color-4-background-color has-background"><!-- wp:metaslider/slider {"slideshowId":25791} -->\n<div class="alignnormal">[metaslider id=25791 cssclass=""]</div>\n<!-- /wp:metaslider/slider --></div>\n<!-- /wp:group -->\n\n<!-- wp:loginout /-->', 'Online Admissions Portal', '', 'inherit', 'closed', 'closed', '', '25407-revision-v1', '', '', '2022-07-19 00:48:48', '2022-07-19 00:48:48', '', 25407, 'https://admissions.nsambyatrainingsch.com/?p=26058', 0, 'revision', '', 0),
(26059, 1, '2022-07-19 00:49:33', '2022-07-19 00:49:33', '<!-- wp:cover {"url":"https://admissions.nsambyatrainingsch.com/wp-content/uploads/2022/05/Nsambya-Hospital-Training-School-Website-Images-3-scaled.jpg","id":25698,"dimRatio":80,"focalPoint":{"x":"0.42","y":"0.53"},"minHeight":850,"align":"full","extUtilities":[]} -->\n<div class="wp-block-cover alignfull" style="min-height:850px"><span aria-hidden="true" class="wp-block-cover__background has-background-dim-80 has-background-dim"></span><img class="wp-block-cover__image-background wp-image-25698" alt="" src="https://admissions.nsambyatrainingsch.com/wp-content/uploads/2022/05/Nsambya-Hospital-Training-School-Website-Images-3-scaled.jpg" style="object-position:42% 53%" data-object-fit="cover" data-object-position="42% 53%"/><div class="wp-block-cover__inner-container"><!-- wp:spacer {"height":"135px","UAGDisplayConditions":"responsiveVisibility","UAGHideDesktop":true} -->\n<div style="height:135px" aria-hidden="true" class="wp-block-spacer uag-hide-desktop"></div>\n<!-- /wp:spacer -->\n\n<!-- wp:spacer {"height":"40px","UAGDisplayConditions":"responsiveVisibility","UAGHideMob":true,"UAGHideTab":true} -->\n<div style="height:40px" aria-hidden="true" class="wp-block-spacer uag-hide-tab uag-hide-mob"></div>\n<!-- /wp:spacer -->\n\n<!-- wp:heading {"level":1,"textColor":"white","className":"has-text-align-center"} -->\n<h1 class="has-text-align-center has-white-color has-text-color">Online Admissions Portal</h1>\n<!-- /wp:heading -->\n\n<!-- wp:columns -->\n<div class="wp-block-columns"><!-- wp:column -->\n<div class="wp-block-column"><!-- wp:uagb/info-box {"inheritFromTheme":true,"classMigrate":true,"headingColor":"var(\\u002d\\u002dast-global-color-5)","icon":"user-graduate","iconSize":64,"iconHover":"var(\\u002d\\u002dast-global-color-1)","iconColor":"var(\\u002d\\u002dast-global-color-0)","block_id":"6642950b","seperatorColor":"var(\\u002d\\u002dast-global-color-5)","seperatorThickness":1,"ctaType":"button","ctaText":"ALL COURSES","ctaLink":"https://nsambyatrainingsch.com/academics-nsambya-training-school-st-francis-hospital/all-courses-st-francis-hospital-nsambya-training-school/","showPrefix":false,"showDesc":false} -->\n<div class="wp-block-uagb-info-box uagb-infobox__outer-wrap uagb-block-6642950b"><div class="uagb-infobox__content-wrap uagb-infobox uagb-infobox-has-icon uagb-infobox-icon-above-title uagb-infobox-image-valign-top uagb-infobox-enable-border-radius "><div class="uagb-ifb-left-right-wrap"><div class="uagb-ifb-content"><div class="uagb-ifb-image-icon-content uagb-ifb-imgicon-wrap"><div class="uagb-ifb-icon-wrap"><span class="uagb-ifb-icon"><svg xmlns="http://www.w3.org/2000/svg" viewBox="0 0 448 512"><path d="M319.4 320.6L224 416l-95.4-95.4C57.1 323.7 0 382.2 0 454.4v9.6c0 26.5 21.5 48 48 48h352c26.5 0 48-21.5 48-48v-9.6c0-72.2-57.1-130.7-128.6-133.8zM13.6 79.8l6.4 1.5v58.4c-7 4.2-12 11.5-12 20.3 0 8.4 4.6 15.4 11.1 19.7L3.5 242c-1.7 6.9 2.1 14 7.6 14h41.8c5.5 0 9.3-7.1 7.6-14l-15.6-62.3C51.4 175.4 56 168.4 56 160c0-8.8-5-16.1-12-20.3V87.1l66 15.9c-8.6 17.2-14 36.4-14 57 0 70.7 57.3 128 128 128s128-57.3 128-128c0-20.6-5.3-39.8-14-57l96.3-23.2c18.2-4.4 18.2-27.1 0-31.5l-190.4-46c-13-3.1-26.7-3.1-39.7 0L13.6 48.2c-18.1 4.4-18.1 27.2 0 31.6z"></path></svg></span></div></div><div class="uagb-ifb-title-wrap"><h3 class="uagb-ifb-title">Courses Offered</h3></div><div class="uagb-ifb-separator-parent"><div class="uagb-ifb-separator"></div></div><div class="uagb-ifb-text-wrap"><div class="uagb-ifb-cta uagb-infobox-cta-link-style"><div class="uagb-ifb-button-wrapper wp-block-button"><a href="https://nsambyatrainingsch.com/academics-nsambya-training-school-st-francis-hospital/all-courses-st-francis-hospital-nsambya-training-school/" class="wp-block-button__link" target="_self" rel="noopener noreferrer"><span class="uagb-ifb-cta-content-wrapper"><span class="uagb-inline-editing ">ALL COURSES</span></span></a></div></div></div></div></div></div></div>\n<!-- /wp:uagb/info-box --></div>\n<!-- /wp:column -->\n\n<!-- wp:column -->\n<div class="wp-block-column"><!-- wp:uagb/info-box {"inheritFromTheme":true,"classMigrate":true,"headingColor":"var(\\u002d\\u002dast-global-color-5)","icon":"university","iconHover":"var(\\u002d\\u002dast-global-color-1)","iconColor":"var(\\u002d\\u002dast-global-color-0)","block_id":"4fb60a09","ctaIcon":"angle-double-right","seperatorColor":"var(\\u002d\\u002dast-global-color-5)","seperatorThickness":1,"ctaType":"button","ctaText":"VIEWS UPDATES","showPrefix":false,"showDesc":false} -->\n<div class="wp-block-uagb-info-box uagb-infobox__outer-wrap uagb-block-4fb60a09"><div class="uagb-infobox__content-wrap uagb-infobox uagb-infobox-has-icon uagb-infobox-icon-above-title uagb-infobox-image-valign-top uagb-infobox-enable-border-radius "><div class="uagb-ifb-left-right-wrap"><div class="uagb-ifb-content"><div class="uagb-ifb-image-icon-content uagb-ifb-imgicon-wrap"><div class="uagb-ifb-icon-wrap"><span class="uagb-ifb-icon"><svg xmlns="http://www.w3.org/2000/svg" viewBox="0 0 512 512"><path d="M496 128v16a8 8 0 0 1-8 8h-24v12c0 6.627-5.373 12-12 12H60c-6.627 0-12-5.373-12-12v-12H24a8 8 0 0 1-8-8v-16a8 8 0 0 1 4.941-7.392l232-88a7.996 7.996 0 0 1 6.118 0l232 88A8 8 0 0 1 496 128zm-24 304H40c-13.255 0-24 10.745-24 24v16a8 8 0 0 0 8 8h464a8 8 0 0 0 8-8v-16c0-13.255-10.745-24-24-24zM96 192v192H60c-6.627 0-12 5.373-12 12v20h416v-20c0-6.627-5.373-12-12-12h-36V192h-64v192h-64V192h-64v192h-64V192H96z"></path></svg></span></div></div><div class="uagb-ifb-title-wrap"><h3 class="uagb-ifb-title">Admissions Updates</h3></div><div class="uagb-ifb-separator-parent"><div class="uagb-ifb-separator"></div></div><div class="uagb-ifb-text-wrap"><div class="uagb-ifb-cta uagb-infobox-cta-link-style"><div class="uagb-ifb-button-wrapper wp-block-button"><a href="#" class="wp-block-button__link" target="_self" rel="noopener noreferrer"><span class="uagb-ifb-button-icon uagb-ifb-align-icon-after"><svg xmlns="http://www.w3.org/2000/svg" viewBox="0 0 448 512"><path d="M224.3 273l-136 136c-9.4 9.4-24.6 9.4-33.9 0l-22.6-22.6c-9.4-9.4-9.4-24.6 0-33.9l96.4-96.4-96.4-96.4c-9.4-9.4-9.4-24.6 0-33.9L54.3 103c9.4-9.4 24.6-9.4 33.9 0l136 136c9.5 9.4 9.5 24.6.1 34zm192-34l-136-136c-9.4-9.4-24.6-9.4-33.9 0l-22.6 22.6c-9.4 9.4-9.4 24.6 0 33.9l96.4 96.4-96.4 96.4c-9.4 9.4-9.4 24.6 0 33.9l22.6 22.6c9.4 9.4 24.6 9.4 33.9 0l136-136c9.4-9.2 9.4-24.4 0-33.8z"></path></svg></span><span class="uagb-ifb-cta-content-wrapper"><span class="uagb-inline-editing ">VIEWS UPDATES</span></span></a></div></div></div></div></div></div></div>\n<!-- /wp:uagb/info-box --></div>\n<!-- /wp:column --></div>\n<!-- /wp:columns -->\n\n<!-- wp:paragraph {"align":"center"} -->\n<p class="has-text-align-center">If you''re new here, Kindly Create an account to access the Online Applications Portal;  Existing Applicants, Please Log In to track the progress of your Application.</p>\n<!-- /wp:paragraph -->\n\n<!-- wp:paragraph {"align":"center"} -->\n<p class="has-text-align-center">Thank you for expressing Interest in Studying at St. Francis Hospital Nsambya Training School. </p>\n<!-- /wp:paragraph -->\n\n<!-- wp:buttons {"layout":{"type":"flex","justifyContent":"center","orientation":"horizontal"}} -->\n<div class="wp-block-buttons"><!-- wp:button {"extUtilities":[]} -->\n<div class="wp-block-button"><a class="wp-block-button__link wp-element-button" href="https://admissions.nsambyatrainingsch.com/register/">CREATE ACCOUNT</a></div>\n<!-- /wp:button -->\n\n<!-- wp:button {"extUtilities":[]} -->\n<div class="wp-block-button"><a class="wp-block-button__link wp-element-button" href="https://admissions.nsambyatrainingsch.com/wp-login.php?">LOG IN</a></div>\n<!-- /wp:button --></div>\n<!-- /wp:buttons -->\n\n<!-- wp:spacer {"height":"59px"} -->\n<div style="height:59px" aria-hidden="true" class="wp-block-spacer"></div>\n<!-- /wp:spacer --></div></div>\n<!-- /wp:cover -->\n\n<!-- wp:heading {"textAlign":"center","textColor":"ast-global-color-1"} -->\n<h2 class="has-text-align-center has-ast-global-color-1-color has-text-color">Online Applications Portal</h2>\n<!-- /wp:heading -->\n\n<!-- wp:columns -->\n<div class="wp-block-columns"><!-- wp:column -->\n<div class="wp-block-column"><!-- wp:columns -->\n<div class="wp-block-columns"><!-- wp:column -->\n<div class="wp-block-column"><!-- wp:uagb/info-box {"inheritFromTheme":true,"classMigrate":true,"headingColor":"var(\\u002d\\u002dast-global-color-1)","prefixColor":"var(\\u002d\\u002dast-global-color-2)","icon":"graduation-cap","iconSize":60,"iconHover":"var(\\u002d\\u002dast-global-color-0)","iconColor":"var(\\u002d\\u002dast-global-color-1)","block_id":"ade30802","ctaTarget":true,"ctaIcon":"angle-double-right","seperatorColor":"var(\\u002d\\u002dast-global-color-7)","ctaType":"button","ctaText":"BACHELORS'' APPLICATIONS","ctaLink":"https://admissions.nsambyatrainingsch.com/home/online-applications-bachelors-degree-courses-at-st-francis-hospital-nsambya-training-school-2/"} -->\n<div class="wp-block-uagb-info-box uagb-infobox__outer-wrap uagb-block-ade30802"><div class="uagb-infobox__content-wrap uagb-infobox uagb-infobox-has-icon uagb-infobox-icon-above-title uagb-infobox-image-valign-top uagb-infobox-enable-border-radius "><div class="uagb-ifb-left-right-wrap"><div class="uagb-ifb-content"><div class="uagb-ifb-image-icon-content uagb-ifb-imgicon-wrap"><div class="uagb-ifb-icon-wrap"><span class="uagb-ifb-icon"><svg xmlns="http://www.w3.org/2000/svg" viewBox="0 0 640 512"><path d="M622.34 153.2L343.4 67.5c-15.2-4.67-31.6-4.67-46.79 0L17.66 153.2c-23.54 7.23-23.54 38.36 0 45.59l48.63 14.94c-10.67 13.19-17.23 29.28-17.88 46.9C38.78 266.15 32 276.11 32 288c0 10.78 5.68 19.85 13.86 25.65L20.33 428.53C18.11 438.52 25.71 448 35.94 448h56.11c10.24 0 17.84-9.48 15.62-19.47L82.14 313.65C90.32 307.85 96 298.78 96 288c0-11.57-6.47-21.25-15.66-26.87.76-15.02 8.44-28.3 20.69-36.72L296.6 284.5c9.06 2.78 26.44 6.25 46.79 0l278.95-85.7c23.55-7.24 23.55-38.36 0-45.6zM352.79 315.09c-28.53 8.76-52.84 3.92-65.59 0l-145.02-44.55L128 384c0 35.35 85.96 64 192 64s192-28.65 192-64l-14.18-113.47-145.03 44.56z"></path></svg></span></div></div><div class="uagb-ifb-title-wrap"><span class="uagb-ifb-title-prefix">Apply Online </span><h3 class="uagb-ifb-title">Bachelor''s Degree Programs</h3></div><div class="uagb-ifb-separator-parent"><div class="uagb-ifb-separator"></div></div><div class="uagb-ifb-text-wrap"><p class="uagb-ifb-desc"><strong><a href="https://nsambyatrainingsch.com/nursing-nsambya-training-school/bachelors-nursing-science-nsambya-training-school/">Bachelors in Nursing Science (BNS)</a></strong><br><strong><a href="https://nsambyatrainingsch.com/nursing-nsambya-training-school/bachelors-in-midwifery-science-bms-st-francis-hospital-nsambya-training-school/">Bachelors in Midwifery Science (BMS)</a></strong></p><div class="uagb-ifb-cta uagb-infobox-cta-link-style"><div class="uagb-ifb-button-wrapper wp-block-button"><a href="https://admissions.nsambyatrainingsch.com/home/online-applications-bachelors-degree-courses-at-st-francis-hospital-nsambya-training-school-2/" class="wp-block-button__link" target="_blank" rel="noopener noreferrer"><span class="uagb-ifb-button-icon uagb-ifb-align-icon-after"><svg xmlns="http://www.w3.org/2000/svg" viewBox="0 0 448 512"><path d="M224.3 273l-136 136c-9.4 9.4-24.6 9.4-33.9 0l-22.6-22.6c-9.4-9.4-9.4-24.6 0-33.9l96.4-96.4-96.4-96.4c-9.4-9.4-9.4-24.6 0-33.9L54.3 103c9.4-9.4 24.6-9.4 33.9 0l136 136c9.5 9.4 9.5 24.6.1 34zm192-34l-136-136c-9.4-9.4-24.6-9.4-33.9 0l-22.6 22.6c-9.4 9.4-9.4 24.6 0 33.9l96.4 96.4-96.4 96.4c-9.4 9.4-9.4 24.6 0 33.9l22.6 22.6c9.4 9.4 24.6 9.4 33.9 0l136-136c9.4-9.2 9.4-24.4 0-33.8z"></path></svg></span><span class="uagb-ifb-cta-content-wrapper"><span class="uagb-inline-editing ">BACHELORS'' APPLICATIONS</span></span></a></div></div></div></div></div></div></div>\n<!-- /wp:uagb/info-box --></div>\n<!-- /wp:column -->\n\n<!-- wp:column -->\n<div class="wp-block-column"><!-- wp:uagb/info-box {"inheritFromTheme":true,"classMigrate":true,"headingColor":"var(\\u002d\\u002dast-global-color-1)","prefixColor":"var(\\u002d\\u002dast-global-color-2)","icon":"graduation-cap","iconSize":60,"iconHover":"var(\\u002d\\u002dast-global-color-0)","iconColor":"var(\\u002d\\u002dast-global-color-1)","block_id":"e3877e95","ctaTarget":true,"ctaIcon":"angle-double-right","seperatorColor":"var(\\u002d\\u002dast-global-color-7)","ctaType":"button","ctaText":"CERTIFICATE APPLICATIONS","ctaLink":"https://admissions.nsambyatrainingsch.com/online-applications-portal-admissions-nsambya-training-school/online-applications-certificate-courses-nsambya-training-school/"} -->\n<div class="wp-block-uagb-info-box uagb-infobox__outer-wrap uagb-block-e3877e95"><div class="uagb-infobox__content-wrap uagb-infobox uagb-infobox-has-icon uagb-infobox-icon-above-title uagb-infobox-image-valign-top uagb-infobox-enable-border-radius "><div class="uagb-ifb-left-right-wrap"><div class="uagb-ifb-content"><div class="uagb-ifb-image-icon-content uagb-ifb-imgicon-wrap"><div class="uagb-ifb-icon-wrap"><span class="uagb-ifb-icon"><svg xmlns="http://www.w3.org/2000/svg" viewBox="0 0 640 512"><path d="M622.34 153.2L343.4 67.5c-15.2-4.67-31.6-4.67-46.79 0L17.66 153.2c-23.54 7.23-23.54 38.36 0 45.59l48.63 14.94c-10.67 13.19-17.23 29.28-17.88 46.9C38.78 266.15 32 276.11 32 288c0 10.78 5.68 19.85 13.86 25.65L20.33 428.53C18.11 438.52 25.71 448 35.94 448h56.11c10.24 0 17.84-9.48 15.62-19.47L82.14 313.65C90.32 307.85 96 298.78 96 288c0-11.57-6.47-21.25-15.66-26.87.76-15.02 8.44-28.3 20.69-36.72L296.6 284.5c9.06 2.78 26.44 6.25 46.79 0l278.95-85.7c23.55-7.24 23.55-38.36 0-45.6zM352.79 315.09c-28.53 8.76-52.84 3.92-65.59 0l-145.02-44.55L128 384c0 35.35 85.96 64 192 64s192-28.65 192-64l-14.18-113.47-145.03 44.56z"></path></svg></span></div></div><div class="uagb-ifb-title-wrap"><span class="uagb-ifb-title-prefix">Apply Online</span><h3 class="uagb-ifb-title">Certificate Courses</h3></div><div class="uagb-ifb-separator-parent"><div class="uagb-ifb-separator"></div></div><div class="uagb-ifb-text-wrap"><p class="uagb-ifb-desc"><strong><a href="https://nsambyatrainingsch.com/certificate-in-nursing-cnn-course-st-francis-hospital-nsambya-training-school/">Certificate in Nursing (CN)</a></strong><br><strong><a href="https://nsambyatrainingsch.com/nursing-nsambya-training-school/certificate-midwifery-science-cm-st-francis-hospital-nsambya-training-school/">Certificate in Midwifery (CM)</a></strong><br><strong><a href="https://nsambyatrainingsch.com/departments-nsambya-training-school/medical-laboratory-technology-courses-nsambya-training-school/certificate-in-medical-laboratory-technology-cmlt-st-francis-hospital-nsambya-training-school-2/">Certificate in Medical Laboratory Technology (CMLT)</a></strong></p><div class="uagb-ifb-cta uagb-infobox-cta-link-style"><div class="uagb-ifb-button-wrapper wp-block-button"><a href="https://admissions.nsambyatrainingsch.com/online-applications-portal-admissions-nsambya-training-school/online-applications-certificate-courses-nsambya-training-school/" class="wp-block-button__link" target="_blank" rel="noopener noreferrer"><span class="uagb-ifb-button-icon uagb-ifb-align-icon-after"><svg xmlns="http://www.w3.org/2000/svg" viewBox="0 0 448 512"><path d="M224.3 273l-136 136c-9.4 9.4-24.6 9.4-33.9 0l-22.6-22.6c-9.4-9.4-9.4-24.6 0-33.9l96.4-96.4-96.4-96.4c-9.4-9.4-9.4-24.6 0-33.9L54.3 103c9.4-9.4 24.6-9.4 33.9 0l136 136c9.5 9.4 9.5 24.6.1 34zm192-34l-136-136c-9.4-9.4-24.6-9.4-33.9 0l-22.6 22.6c-9.4 9.4-9.4 24.6 0 33.9l96.4 96.4-96.4 96.4c-9.4 9.4-9.4 24.6 0 33.9l22.6 22.6c9.4 9.4 24.6 9.4 33.9 0l136-136c9.4-9.2 9.4-24.4 0-33.8z"></path></svg></span><span class="uagb-ifb-cta-content-wrapper"><span class="uagb-inline-editing ">CERTIFICATE APPLICATIONS</span></span></a></div></div></div></div></div></div></div>\n<!-- /wp:uagb/info-box --></div>\n<!-- /wp:column --></div>\n<!-- /wp:columns -->\n\n<!-- wp:uagb/info-box {"inheritFromTheme":true,"classMigrate":true,"headingColor":"var(\\u002d\\u002dast-global-color-1)","prefixColor":"var(\\u002d\\u002dast-global-color-2)","icon":"graduation-cap","iconSize":60,"iconHover":"var(\\u002d\\u002dast-global-color-0)","iconColor":"var(\\u002d\\u002dast-global-color-1)","block_id":"e495394b","ctaTarget":true,"ctaIcon":"angle-double-right","seperatorColor":"var(\\u002d\\u002dast-global-color-7)","ctaType":"button","ctaText":"DIPLOMA APPLICATIONS","ctaLink":"https://admissions.nsambyatrainingsch.com/online-applications-portal-admissions-nsambya-training-school/online-applications-diploma-courses-at-st-francis-hospital-nsambya-training-school/"} -->\n<div class="wp-block-uagb-info-box uagb-infobox__outer-wrap uagb-block-e495394b"><div class="uagb-infobox__content-wrap uagb-infobox uagb-infobox-has-icon uagb-infobox-icon-above-title uagb-infobox-image-valign-top uagb-infobox-enable-border-radius "><div class="uagb-ifb-left-right-wrap"><div class="uagb-ifb-content"><div class="uagb-ifb-image-icon-content uagb-ifb-imgicon-wrap"><div class="uagb-ifb-icon-wrap"><span class="uagb-ifb-icon"><svg xmlns="http://www.w3.org/2000/svg" viewBox="0 0 640 512"><path d="M622.34 153.2L343.4 67.5c-15.2-4.67-31.6-4.67-46.79 0L17.66 153.2c-23.54 7.23-23.54 38.36 0 45.59l48.63 14.94c-10.67 13.19-17.23 29.28-17.88 46.9C38.78 266.15 32 276.11 32 288c0 10.78 5.68 19.85 13.86 25.65L20.33 428.53C18.11 438.52 25.71 448 35.94 448h56.11c10.24 0 17.84-9.48 15.62-19.47L82.14 313.65C90.32 307.85 96 298.78 96 288c0-11.57-6.47-21.25-15.66-26.87.76-15.02 8.44-28.3 20.69-36.72L296.6 284.5c9.06 2.78 26.44 6.25 46.79 0l278.95-85.7c23.55-7.24 23.55-38.36 0-45.6zM352.79 315.09c-28.53 8.76-52.84 3.92-65.59 0l-145.02-44.55L128 384c0 35.35 85.96 64 192 64s192-28.65 192-64l-14.18-113.47-145.03 44.56z"></path></svg></span></div></div><div class="uagb-ifb-title-wrap"><span class="uagb-ifb-title-prefix">Apply Online</span><h3 class="uagb-ifb-title">Diploma Courses</h3></div><div class="uagb-ifb-separator-parent"><div class="uagb-ifb-separator"></div></div><div class="uagb-ifb-text-wrap"><p class="uagb-ifb-desc"><strong><a href="https://nsambyatrainingsch.com/nursing-nsambya-training-school/diploma-in-nursing-direct-ddn-st-francis-hospital-nsambya-training-school/">Diploma in Nursing (DDN) – Direct</a></strong><br><strong><a href="https://nsambyatrainingsch.com/diploma-in-nursing-dn-upgrading-st-francis-hospital-nsambya-training-school/">Diploma in Nursing (DN) – Upgrading</a></strong><br><strong><a href="https://nsambyatrainingsch.com/midwifery-nsambya-training-school/diploma-in-midwifery-upgrading-st-francis-hospital-nsambya-training-school-3/">Diploma in Midwifery (DM) – Upgrading</a></strong><br><strong><a href="https://nsambyatrainingsch.com/midwifery-nsambya-training-school/diploma-in-midwifery-e-learning-st-francis-hospital-nsambya-training-school/">Diploma in Midwifery E-Learning (DMeL)</a></strong><br><strong><a href="https://nsambyatrainingsch.com/departments-nsambya-training-school/medical-laboratory-technology-courses-nsambya-training-school/diploma-medical-laboratory-technology-direct-st-francis-hospital-nsambya-training-school/">Diploma in Medical Laboratory Technology (DMLT) – Direct</a></strong><br><strong><a href="https://nsambyatrainingsch.com/departments-nsambya-training-school/medical-laboratory-technology-courses-nsambya-training-school/diploma-in-medical-laboratory-technology-dmlt-upgrading-st-francis-hospital-nsambya-training-school/">Diploma in Medical Laboratory Technology (DMLT) – Upgrading</a></strong><br><a href="https://nsambyatrainingsch.com/academics-nsambya-training-school-st-francis-hospital/all-courses-st-francis-hospital-nsambya-training-school/diploma-clinical-mentoring-dcm-st-francis-hospital-nsambya-training-school/"><strong>Diploma in Clinical Mentoring (DCM)</strong></a></p><div class="uagb-ifb-cta uagb-infobox-cta-link-style"><div class="uagb-ifb-button-wrapper wp-block-button"><a href="https://admissions.nsambyatrainingsch.com/online-applications-portal-admissions-nsambya-training-school/online-applications-diploma-courses-at-st-francis-hospital-nsambya-training-school/" class="wp-block-button__link" target="_blank" rel="noopener noreferrer"><span class="uagb-ifb-button-icon uagb-ifb-align-icon-after"><svg xmlns="http://www.w3.org/2000/svg" viewBox="0 0 448 512"><path d="M224.3 273l-136 136c-9.4 9.4-24.6 9.4-33.9 0l-22.6-22.6c-9.4-9.4-9.4-24.6 0-33.9l96.4-96.4-96.4-96.4c-9.4-9.4-9.4-24.6 0-33.9L54.3 103c9.4-9.4 24.6-9.4 33.9 0l136 136c9.5 9.4 9.5 24.6.1 34zm192-34l-136-136c-9.4-9.4-24.6-9.4-33.9 0l-22.6 22.6c-9.4 9.4-9.4 24.6 0 33.9l96.4 96.4-96.4 96.4c-9.4 9.4-9.4 24.6 0 33.9l22.6 22.6c9.4 9.4 24.6 9.4 33.9 0l136-136c9.4-9.2 9.4-24.4 0-33.8z"></path></svg></span><span class="uagb-ifb-cta-content-wrapper"><span class="uagb-inline-editing ">DIPLOMA APPLICATIONS</span></span></a></div></div></div></div></div></div></div>\n<!-- /wp:uagb/info-box --></div>\n<!-- /wp:column --></div>\n<!-- /wp:columns -->\n\n<!-- wp:uagb/post-masonry {"block_id":"a6b5cd5d"} /-->\n\n<!-- wp:group {"align":"full","backgroundColor":"ast-global-color-5"} -->\n<div class="wp-block-group alignfull has-ast-global-color-5-background-color has-background"><!-- wp:heading {"textColor":"ast-global-color-1","className":"has-text-align-center"} -->\n<h2 class="has-text-align-center has-ast-global-color-1-color has-text-color">St. Francis Hospital Nsambya Training School</h2>\n<!-- /wp:heading -->\n\n<!-- wp:tribe/events-list -->\n<!-- wp:legacy-widget {"idBase":"tribe-widget-events-list","instance":{"encoded":"YTo2OntzOjU6InRpdGxlIjtzOjE1OiJVcGNvbWluZyBFdmVudHMiO3M6NToibGltaXQiO3M6MToiNSI7czoxODoibm9fdXBjb21pbmdfZXZlbnRzIjtiOjA7czoyMDoiZmVhdHVyZWRfZXZlbnRzX29ubHkiO2I6MDtzOjEzOiJqc29ubGRfZW5hYmxlIjtiOjE7czoyMDoidHJpYmVfaXNfbGlzdF93aWRnZXQiO2I6MDt9","hash":"d5f9bc10d2c301bd00350c5b2a6bd3bf"}} /-->\n<!-- /wp:tribe/events-list -->\n\n<!-- wp:heading {"textAlign":"center","textColor":"ast-global-color-1"} -->\n<h2 class="has-text-align-center has-ast-global-color-1-color has-text-color">Join Uganda''s Leading Health Care Training Institution</h2>\n<!-- /wp:heading -->\n\n<!-- wp:columns -->\n<div class="wp-block-columns"><!-- wp:column {"width":"100%"} -->\n<div class="wp-block-column" style="flex-basis:100%"><!-- wp:buttons -->\n<div class="wp-block-buttons"><!-- wp:button {"align":"center","extUtilities":[]} -->\n<div class="wp-block-button aligncenter"><a class="wp-block-button__link wp-element-button" href="https://admissions.nsambyatrainingsch.com/wp-login.php?">ONLINE APPLICATIONS PORTAL</a></div>\n<!-- /wp:button --></div>\n<!-- /wp:buttons --></div>\n<!-- /wp:column --></div>\n<!-- /wp:columns -->\n\n<!-- wp:buttons -->\n<div class="wp-block-buttons"><!-- wp:button /--></div>\n<!-- /wp:buttons -->\n\n<!-- wp:group -->\n<div class="wp-block-group"><!-- wp:buttons -->\n<div class="wp-block-buttons"><!-- wp:button {"align":"center","extUtilities":[]} -->\n<div class="wp-block-button aligncenter"><a class="wp-block-button__link wp-element-button" href="https://admissions.nsambyatrainingsch.com/wp-login.php?">STAFF ACCESS</a></div>\n<!-- /wp:button --></div>\n<!-- /wp:buttons --></div>\n<!-- /wp:group --></div>\n<!-- /wp:group -->\n\n<!-- wp:group {"align":"full","backgroundColor":"ast-global-color-4"} -->\n<div class="wp-block-group alignfull has-ast-global-color-4-background-color has-background"><!-- wp:metaslider/slider {"slideshowId":25791} -->\n<div class="alignnormal">[metaslider id=25791 cssclass=""]</div>\n<!-- /wp:metaslider/slider --></div>\n<!-- /wp:group -->\n\n<!-- wp:loginout /-->', 'Online Admissions Portal', '', 'inherit', 'closed', 'closed', '', '25407-revision-v1', '', '', '2022-07-19 00:49:33', '2022-07-19 00:49:33', '', 25407, 'https://admissions.nsambyatrainingsch.com/?p=26059', 0, 'revision', '', 0),
(26060, 1, '2022-07-19 01:00:02', '2022-07-19 01:00:02', '<!-- wp:cover {"url":"https://admissions.nsambyatrainingsch.com/wp-content/uploads/2022/05/Nsambya-Hospital-Training-School-Website-Images-3-scaled.jpg","id":25698,"dimRatio":80,"focalPoint":{"x":"0.42","y":"0.53"},"minHeight":850,"align":"full","extUtilities":[]} -->\n<div class="wp-block-cover alignfull" style="min-height:850px"><span aria-hidden="true" class="wp-block-cover__background has-background-dim-80 has-background-dim"></span><img class="wp-block-cover__image-background wp-image-25698" alt="" src="https://admissions.nsambyatrainingsch.com/wp-content/uploads/2022/05/Nsambya-Hospital-Training-School-Website-Images-3-scaled.jpg" style="object-position:42% 53%" data-object-fit="cover" data-object-position="42% 53%"/><div class="wp-block-cover__inner-container"><!-- wp:spacer {"height":"135px","UAGDisplayConditions":"responsiveVisibility","UAGHideDesktop":true} -->\n<div style="height:135px" aria-hidden="true" class="wp-block-spacer uag-hide-desktop"></div>\n<!-- /wp:spacer -->\n\n<!-- wp:spacer {"height":"40px","UAGDisplayConditions":"responsiveVisibility","UAGHideMob":true,"UAGHideTab":true} -->\n<div style="height:40px" aria-hidden="true" class="wp-block-spacer uag-hide-tab uag-hide-mob"></div>\n<!-- /wp:spacer -->\n\n<!-- wp:heading {"level":1,"textColor":"white","className":"has-text-align-center"} -->\n<h1 class="has-text-align-center has-white-color has-text-color">Online Admissions Portal</h1>\n<!-- /wp:heading -->\n\n<!-- wp:columns -->\n<div class="wp-block-columns"><!-- wp:column -->\n<div class="wp-block-column"><!-- wp:uagb/info-box {"inheritFromTheme":true,"classMigrate":true,"headingColor":"var(\\u002d\\u002dast-global-color-5)","icon":"user-graduate","iconSize":64,"iconHover":"var(\\u002d\\u002dast-global-color-1)","iconColor":"var(\\u002d\\u002dast-global-color-0)","block_id":"6642950b","seperatorColor":"var(\\u002d\\u002dast-global-color-5)","seperatorThickness":1,"ctaType":"button","ctaText":"ALL COURSES","ctaLink":"https://nsambyatrainingsch.com/academics-nsambya-training-school-st-francis-hospital/all-courses-st-francis-hospital-nsambya-training-school/","showPrefix":false,"showDesc":false} -->\n<div class="wp-block-uagb-info-box uagb-infobox__outer-wrap uagb-block-6642950b"><div class="uagb-infobox__content-wrap uagb-infobox uagb-infobox-has-icon uagb-infobox-icon-above-title uagb-infobox-image-valign-top uagb-infobox-enable-border-radius "><div class="uagb-ifb-left-right-wrap"><div class="uagb-ifb-content"><div class="uagb-ifb-image-icon-content uagb-ifb-imgicon-wrap"><div class="uagb-ifb-icon-wrap"><span class="uagb-ifb-icon"><svg xmlns="http://www.w3.org/2000/svg" viewBox="0 0 448 512"><path d="M319.4 320.6L224 416l-95.4-95.4C57.1 323.7 0 382.2 0 454.4v9.6c0 26.5 21.5 48 48 48h352c26.5 0 48-21.5 48-48v-9.6c0-72.2-57.1-130.7-128.6-133.8zM13.6 79.8l6.4 1.5v58.4c-7 4.2-12 11.5-12 20.3 0 8.4 4.6 15.4 11.1 19.7L3.5 242c-1.7 6.9 2.1 14 7.6 14h41.8c5.5 0 9.3-7.1 7.6-14l-15.6-62.3C51.4 175.4 56 168.4 56 160c0-8.8-5-16.1-12-20.3V87.1l66 15.9c-8.6 17.2-14 36.4-14 57 0 70.7 57.3 128 128 128s128-57.3 128-128c0-20.6-5.3-39.8-14-57l96.3-23.2c18.2-4.4 18.2-27.1 0-31.5l-190.4-46c-13-3.1-26.7-3.1-39.7 0L13.6 48.2c-18.1 4.4-18.1 27.2 0 31.6z"></path></svg></span></div></div><div class="uagb-ifb-title-wrap"><h3 class="uagb-ifb-title">Courses Offered</h3></div><div class="uagb-ifb-separator-parent"><div class="uagb-ifb-separator"></div></div><div class="uagb-ifb-text-wrap"><div class="uagb-ifb-cta uagb-infobox-cta-link-style"><div class="uagb-ifb-button-wrapper wp-block-button"><a href="https://nsambyatrainingsch.com/academics-nsambya-training-school-st-francis-hospital/all-courses-st-francis-hospital-nsambya-training-school/" class="wp-block-button__link" target="_self" rel="noopener noreferrer"><span class="uagb-ifb-cta-content-wrapper"><span class="uagb-inline-editing ">ALL COURSES</span></span></a></div></div></div></div></div></div></div>\n<!-- /wp:uagb/info-box --></div>\n<!-- /wp:column -->\n\n<!-- wp:column -->\n<div class="wp-block-column"><!-- wp:uagb/info-box {"inheritFromTheme":true,"classMigrate":true,"headingColor":"var(\\u002d\\u002dast-global-color-5)","icon":"university","iconHover":"var(\\u002d\\u002dast-global-color-1)","iconColor":"var(\\u002d\\u002dast-global-color-0)","block_id":"4fb60a09","ctaIcon":"angle-double-right","seperatorColor":"var(\\u002d\\u002dast-global-color-5)","seperatorThickness":1,"ctaType":"button","ctaText":"VIEWS UPDATES","showPrefix":false,"showDesc":false} -->\n<div class="wp-block-uagb-info-box uagb-infobox__outer-wrap uagb-block-4fb60a09"><div class="uagb-infobox__content-wrap uagb-infobox uagb-infobox-has-icon uagb-infobox-icon-above-title uagb-infobox-image-valign-top uagb-infobox-enable-border-radius "><div class="uagb-ifb-left-right-wrap"><div class="uagb-ifb-content"><div class="uagb-ifb-image-icon-content uagb-ifb-imgicon-wrap"><div class="uagb-ifb-icon-wrap"><span class="uagb-ifb-icon"><svg xmlns="http://www.w3.org/2000/svg" viewBox="0 0 512 512"><path d="M496 128v16a8 8 0 0 1-8 8h-24v12c0 6.627-5.373 12-12 12H60c-6.627 0-12-5.373-12-12v-12H24a8 8 0 0 1-8-8v-16a8 8 0 0 1 4.941-7.392l232-88a7.996 7.996 0 0 1 6.118 0l232 88A8 8 0 0 1 496 128zm-24 304H40c-13.255 0-24 10.745-24 24v16a8 8 0 0 0 8 8h464a8 8 0 0 0 8-8v-16c0-13.255-10.745-24-24-24zM96 192v192H60c-6.627 0-12 5.373-12 12v20h416v-20c0-6.627-5.373-12-12-12h-36V192h-64v192h-64V192h-64v192h-64V192H96z"></path></svg></span></div></div><div class="uagb-ifb-title-wrap"><h3 class="uagb-ifb-title">Admissions Updates</h3></div><div class="uagb-ifb-separator-parent"><div class="uagb-ifb-separator"></div></div><div class="uagb-ifb-text-wrap"><div class="uagb-ifb-cta uagb-infobox-cta-link-style"><div class="uagb-ifb-button-wrapper wp-block-button"><a href="#" class="wp-block-button__link" target="_self" rel="noopener noreferrer"><span class="uagb-ifb-button-icon uagb-ifb-align-icon-after"><svg xmlns="http://www.w3.org/2000/svg" viewBox="0 0 448 512"><path d="M224.3 273l-136 136c-9.4 9.4-24.6 9.4-33.9 0l-22.6-22.6c-9.4-9.4-9.4-24.6 0-33.9l96.4-96.4-96.4-96.4c-9.4-9.4-9.4-24.6 0-33.9L54.3 103c9.4-9.4 24.6-9.4 33.9 0l136 136c9.5 9.4 9.5 24.6.1 34zm192-34l-136-136c-9.4-9.4-24.6-9.4-33.9 0l-22.6 22.6c-9.4 9.4-9.4 24.6 0 33.9l96.4 96.4-96.4 96.4c-9.4 9.4-9.4 24.6 0 33.9l22.6 22.6c9.4 9.4 24.6 9.4 33.9 0l136-136c9.4-9.2 9.4-24.4 0-33.8z"></path></svg></span><span class="uagb-ifb-cta-content-wrapper"><span class="uagb-inline-editing ">VIEWS UPDATES</span></span></a></div></div></div></div></div></div></div>\n<!-- /wp:uagb/info-box --></div>\n<!-- /wp:column --></div>\n<!-- /wp:columns -->\n\n<!-- wp:paragraph {"align":"center","UAGDisplayConditions":"userstate","UAGLoggedIn":true} -->\n<p class="has-text-align-center">If you''re new here, Kindly Create an account to access the Online Applications Portal;  Existing Applicants, Please Log In to track the progress of your Application.</p>\n<!-- /wp:paragraph -->\n\n<!-- wp:paragraph {"align":"center"} -->\n<p class="has-text-align-center">Thank you for expressing Interest in Studying at St. Francis Hospital Nsambya Training School. </p>\n<!-- /wp:paragraph -->\n\n<!-- wp:buttons {"layout":{"type":"flex","justifyContent":"center","orientation":"horizontal"}} -->\n<div class="wp-block-buttons"><!-- wp:button {"extUtilities":[]} -->\n<div class="wp-block-button"><a class="wp-block-button__link wp-element-button" href="https://admissions.nsambyatrainingsch.com/register/">CREATE ACCOUNT</a></div>\n<!-- /wp:button -->\n\n<!-- wp:button {"extUtilities":[]} -->\n<div class="wp-block-button"><a class="wp-block-button__link wp-element-button" href="https://admissions.nsambyatrainingsch.com/wp-login.php?">LOG IN</a></div>\n<!-- /wp:button --></div>\n<!-- /wp:buttons -->\n\n<!-- wp:spacer {"height":"59px"} -->\n<div style="height:59px" aria-hidden="true" class="wp-block-spacer"></div>\n<!-- /wp:spacer --></div></div>\n<!-- /wp:cover -->\n\n<!-- wp:heading {"textAlign":"center","textColor":"ast-global-color-1"} -->\n<h2 class="has-text-align-center has-ast-global-color-1-color has-text-color">Online Applications Portal</h2>\n<!-- /wp:heading -->\n\n<!-- wp:columns -->\n<div class="wp-block-columns"><!-- wp:column -->\n<div class="wp-block-column"><!-- wp:columns -->\n<div class="wp-block-columns"><!-- wp:column -->\n<div class="wp-block-column"><!-- wp:uagb/info-box {"inheritFromTheme":true,"classMigrate":true,"headingColor":"var(\\u002d\\u002dast-global-color-1)","prefixColor":"var(\\u002d\\u002dast-global-color-2)","icon":"graduation-cap","iconSize":60,"iconHover":"var(\\u002d\\u002dast-global-color-0)","iconColor":"var(\\u002d\\u002dast-global-color-1)","block_id":"ade30802","ctaTarget":true,"ctaIcon":"angle-double-right","seperatorColor":"var(\\u002d\\u002dast-global-color-7)","ctaType":"button","ctaText":"BACHELORS'' APPLICATIONS","ctaLink":"https://admissions.nsambyatrainingsch.com/home/online-applications-bachelors-degree-courses-at-st-francis-hospital-nsambya-training-school-2/"} -->\n<div class="wp-block-uagb-info-box uagb-infobox__outer-wrap uagb-block-ade30802"><div class="uagb-infobox__content-wrap uagb-infobox uagb-infobox-has-icon uagb-infobox-icon-above-title uagb-infobox-image-valign-top uagb-infobox-enable-border-radius "><div class="uagb-ifb-left-right-wrap"><div class="uagb-ifb-content"><div class="uagb-ifb-image-icon-content uagb-ifb-imgicon-wrap"><div class="uagb-ifb-icon-wrap"><span class="uagb-ifb-icon"><svg xmlns="http://www.w3.org/2000/svg" viewBox="0 0 640 512"><path d="M622.34 153.2L343.4 67.5c-15.2-4.67-31.6-4.67-46.79 0L17.66 153.2c-23.54 7.23-23.54 38.36 0 45.59l48.63 14.94c-10.67 13.19-17.23 29.28-17.88 46.9C38.78 266.15 32 276.11 32 288c0 10.78 5.68 19.85 13.86 25.65L20.33 428.53C18.11 438.52 25.71 448 35.94 448h56.11c10.24 0 17.84-9.48 15.62-19.47L82.14 313.65C90.32 307.85 96 298.78 96 288c0-11.57-6.47-21.25-15.66-26.87.76-15.02 8.44-28.3 20.69-36.72L296.6 284.5c9.06 2.78 26.44 6.25 46.79 0l278.95-85.7c23.55-7.24 23.55-38.36 0-45.6zM352.79 315.09c-28.53 8.76-52.84 3.92-65.59 0l-145.02-44.55L128 384c0 35.35 85.96 64 192 64s192-28.65 192-64l-14.18-113.47-145.03 44.56z"></path></svg></span></div></div><div class="uagb-ifb-title-wrap"><span class="uagb-ifb-title-prefix">Apply Online </span><h3 class="uagb-ifb-title">Bachelor''s Degree Programs</h3></div><div class="uagb-ifb-separator-parent"><div class="uagb-ifb-separator"></div></div><div class="uagb-ifb-text-wrap"><p class="uagb-ifb-desc"><strong><a href="https://nsambyatrainingsch.com/nursing-nsambya-training-school/bachelors-nursing-science-nsambya-training-school/">Bachelors in Nursing Science (BNS)</a></strong><br><strong><a href="https://nsambyatrainingsch.com/nursing-nsambya-training-school/bachelors-in-midwifery-science-bms-st-francis-hospital-nsambya-training-school/">Bachelors in Midwifery Science (BMS)</a></strong></p><div class="uagb-ifb-cta uagb-infobox-cta-link-style"><div class="uagb-ifb-button-wrapper wp-block-button"><a href="https://admissions.nsambyatrainingsch.com/home/online-applications-bachelors-degree-courses-at-st-francis-hospital-nsambya-training-school-2/" class="wp-block-button__link" target="_blank" rel="noopener noreferrer"><span class="uagb-ifb-button-icon uagb-ifb-align-icon-after"><svg xmlns="http://www.w3.org/2000/svg" viewBox="0 0 448 512"><path d="M224.3 273l-136 136c-9.4 9.4-24.6 9.4-33.9 0l-22.6-22.6c-9.4-9.4-9.4-24.6 0-33.9l96.4-96.4-96.4-96.4c-9.4-9.4-9.4-24.6 0-33.9L54.3 103c9.4-9.4 24.6-9.4 33.9 0l136 136c9.5 9.4 9.5 24.6.1 34zm192-34l-136-136c-9.4-9.4-24.6-9.4-33.9 0l-22.6 22.6c-9.4 9.4-9.4 24.6 0 33.9l96.4 96.4-96.4 96.4c-9.4 9.4-9.4 24.6 0 33.9l22.6 22.6c9.4 9.4 24.6 9.4 33.9 0l136-136c9.4-9.2 9.4-24.4 0-33.8z"></path></svg></span><span class="uagb-ifb-cta-content-wrapper"><span class="uagb-inline-editing ">BACHELORS'' APPLICATIONS</span></span></a></div></div></div></div></div></div></div>\n<!-- /wp:uagb/info-box --></div>\n<!-- /wp:column -->\n\n<!-- wp:column -->\n<div class="wp-block-column"><!-- wp:uagb/info-box {"inheritFromTheme":true,"classMigrate":true,"headingColor":"var(\\u002d\\u002dast-global-color-1)","prefixColor":"var(\\u002d\\u002dast-global-color-2)","icon":"graduation-cap","iconSize":60,"iconHover":"var(\\u002d\\u002dast-global-color-0)","iconColor":"var(\\u002d\\u002dast-global-color-1)","block_id":"e3877e95","ctaTarget":true,"ctaIcon":"angle-double-right","seperatorColor":"var(\\u002d\\u002dast-global-color-7)","ctaType":"button","ctaText":"CERTIFICATE APPLICATIONS","ctaLink":"https://admissions.nsambyatrainingsch.com/online-applications-portal-admissions-nsambya-training-school/online-applications-certificate-courses-nsambya-training-school/"} -->\n<div class="wp-block-uagb-info-box uagb-infobox__outer-wrap uagb-block-e3877e95"><div class="uagb-infobox__content-wrap uagb-infobox uagb-infobox-has-icon uagb-infobox-icon-above-title uagb-infobox-image-valign-top uagb-infobox-enable-border-radius "><div class="uagb-ifb-left-right-wrap"><div class="uagb-ifb-content"><div class="uagb-ifb-image-icon-content uagb-ifb-imgicon-wrap"><div class="uagb-ifb-icon-wrap"><span class="uagb-ifb-icon"><svg xmlns="http://www.w3.org/2000/svg" viewBox="0 0 640 512"><path d="M622.34 153.2L343.4 67.5c-15.2-4.67-31.6-4.67-46.79 0L17.66 153.2c-23.54 7.23-23.54 38.36 0 45.59l48.63 14.94c-10.67 13.19-17.23 29.28-17.88 46.9C38.78 266.15 32 276.11 32 288c0 10.78 5.68 19.85 13.86 25.65L20.33 428.53C18.11 438.52 25.71 448 35.94 448h56.11c10.24 0 17.84-9.48 15.62-19.47L82.14 313.65C90.32 307.85 96 298.78 96 288c0-11.57-6.47-21.25-15.66-26.87.76-15.02 8.44-28.3 20.69-36.72L296.6 284.5c9.06 2.78 26.44 6.25 46.79 0l278.95-85.7c23.55-7.24 23.55-38.36 0-45.6zM352.79 315.09c-28.53 8.76-52.84 3.92-65.59 0l-145.02-44.55L128 384c0 35.35 85.96 64 192 64s192-28.65 192-64l-14.18-113.47-145.03 44.56z"></path></svg></span></div></div><div class="uagb-ifb-title-wrap"><span class="uagb-ifb-title-prefix">Apply Online</span><h3 class="uagb-ifb-title">Certificate Courses</h3></div><div class="uagb-ifb-separator-parent"><div class="uagb-ifb-separator"></div></div><div class="uagb-ifb-text-wrap"><p class="uagb-ifb-desc"><strong><a href="https://nsambyatrainingsch.com/certificate-in-nursing-cnn-course-st-francis-hospital-nsambya-training-school/">Certificate in Nursing (CN)</a></strong><br><strong><a href="https://nsambyatrainingsch.com/nursing-nsambya-training-school/certificate-midwifery-science-cm-st-francis-hospital-nsambya-training-school/">Certificate in Midwifery (CM)</a></strong><br><strong><a href="https://nsambyatrainingsch.com/departments-nsambya-training-school/medical-laboratory-technology-courses-nsambya-training-school/certificate-in-medical-laboratory-technology-cmlt-st-francis-hospital-nsambya-training-school-2/">Certificate in Medical Laboratory Technology (CMLT)</a></strong></p><div class="uagb-ifb-cta uagb-infobox-cta-link-style"><div class="uagb-ifb-button-wrapper wp-block-button"><a href="https://admissions.nsambyatrainingsch.com/online-applications-portal-admissions-nsambya-training-school/online-applications-certificate-courses-nsambya-training-school/" class="wp-block-button__link" target="_blank" rel="noopener noreferrer"><span class="uagb-ifb-button-icon uagb-ifb-align-icon-after"><svg xmlns="http://www.w3.org/2000/svg" viewBox="0 0 448 512"><path d="M224.3 273l-136 136c-9.4 9.4-24.6 9.4-33.9 0l-22.6-22.6c-9.4-9.4-9.4-24.6 0-33.9l96.4-96.4-96.4-96.4c-9.4-9.4-9.4-24.6 0-33.9L54.3 103c9.4-9.4 24.6-9.4 33.9 0l136 136c9.5 9.4 9.5 24.6.1 34zm192-34l-136-136c-9.4-9.4-24.6-9.4-33.9 0l-22.6 22.6c-9.4 9.4-9.4 24.6 0 33.9l96.4 96.4-96.4 96.4c-9.4 9.4-9.4 24.6 0 33.9l22.6 22.6c9.4 9.4 24.6 9.4 33.9 0l136-136c9.4-9.2 9.4-24.4 0-33.8z"></path></svg></span><span class="uagb-ifb-cta-content-wrapper"><span class="uagb-inline-editing ">CERTIFICATE APPLICATIONS</span></span></a></div></div></div></div></div></div></div>\n<!-- /wp:uagb/info-box --></div>\n<!-- /wp:column --></div>\n<!-- /wp:columns -->\n\n<!-- wp:uagb/info-box {"inheritFromTheme":true,"classMigrate":true,"headingColor":"var(\\u002d\\u002dast-global-color-1)","prefixColor":"var(\\u002d\\u002dast-global-color-2)","icon":"graduation-cap","iconSize":60,"iconHover":"var(\\u002d\\u002dast-global-color-0)","iconColor":"var(\\u002d\\u002dast-global-color-1)","block_id":"e495394b","ctaTarget":true,"ctaIcon":"angle-double-right","seperatorColor":"var(\\u002d\\u002dast-global-color-7)","ctaType":"button","ctaText":"DIPLOMA APPLICATIONS","ctaLink":"https://admissions.nsambyatrainingsch.com/online-applications-portal-admissions-nsambya-training-school/online-applications-diploma-courses-at-st-francis-hospital-nsambya-training-school/"} -->\n<div class="wp-block-uagb-info-box uagb-infobox__outer-wrap uagb-block-e495394b"><div class="uagb-infobox__content-wrap uagb-infobox uagb-infobox-has-icon uagb-infobox-icon-above-title uagb-infobox-image-valign-top uagb-infobox-enable-border-radius "><div class="uagb-ifb-left-right-wrap"><div class="uagb-ifb-content"><div class="uagb-ifb-image-icon-content uagb-ifb-imgicon-wrap"><div class="uagb-ifb-icon-wrap"><span class="uagb-ifb-icon"><svg xmlns="http://www.w3.org/2000/svg" viewBox="0 0 640 512"><path d="M622.34 153.2L343.4 67.5c-15.2-4.67-31.6-4.67-46.79 0L17.66 153.2c-23.54 7.23-23.54 38.36 0 45.59l48.63 14.94c-10.67 13.19-17.23 29.28-17.88 46.9C38.78 266.15 32 276.11 32 288c0 10.78 5.68 19.85 13.86 25.65L20.33 428.53C18.11 438.52 25.71 448 35.94 448h56.11c10.24 0 17.84-9.48 15.62-19.47L82.14 313.65C90.32 307.85 96 298.78 96 288c0-11.57-6.47-21.25-15.66-26.87.76-15.02 8.44-28.3 20.69-36.72L296.6 284.5c9.06 2.78 26.44 6.25 46.79 0l278.95-85.7c23.55-7.24 23.55-38.36 0-45.6zM352.79 315.09c-28.53 8.76-52.84 3.92-65.59 0l-145.02-44.55L128 384c0 35.35 85.96 64 192 64s192-28.65 192-64l-14.18-113.47-145.03 44.56z"></path></svg></span></div></div><div class="uagb-ifb-title-wrap"><span class="uagb-ifb-title-prefix">Apply Online</span><h3 class="uagb-ifb-title">Diploma Courses</h3></div><div class="uagb-ifb-separator-parent"><div class="uagb-ifb-separator"></div></div><div class="uagb-ifb-text-wrap"><p class="uagb-ifb-desc"><strong><a href="https://nsambyatrainingsch.com/nursing-nsambya-training-school/diploma-in-nursing-direct-ddn-st-francis-hospital-nsambya-training-school/">Diploma in Nursing (DDN) – Direct</a></strong><br><strong><a href="https://nsambyatrainingsch.com/diploma-in-nursing-dn-upgrading-st-francis-hospital-nsambya-training-school/">Diploma in Nursing (DN) – Upgrading</a></strong><br><strong><a href="https://nsambyatrainingsch.com/midwifery-nsambya-training-school/diploma-in-midwifery-upgrading-st-francis-hospital-nsambya-training-school-3/">Diploma in Midwifery (DM) – Upgrading</a></strong><br><strong><a href="https://nsambyatrainingsch.com/midwifery-nsambya-training-school/diploma-in-midwifery-e-learning-st-francis-hospital-nsambya-training-school/">Diploma in Midwifery E-Learning (DMeL)</a></strong><br><strong><a href="https://nsambyatrainingsch.com/departments-nsambya-training-school/medical-laboratory-technology-courses-nsambya-training-school/diploma-medical-laboratory-technology-direct-st-francis-hospital-nsambya-training-school/">Diploma in Medical Laboratory Technology (DMLT) – Direct</a></strong><br><strong><a href="https://nsambyatrainingsch.com/departments-nsambya-training-school/medical-laboratory-technology-courses-nsambya-training-school/diploma-in-medical-laboratory-technology-dmlt-upgrading-st-francis-hospital-nsambya-training-school/">Diploma in Medical Laboratory Technology (DMLT) – Upgrading</a></strong><br><a href="https://nsambyatrainingsch.com/academics-nsambya-training-school-st-francis-hospital/all-courses-st-francis-hospital-nsambya-training-school/diploma-clinical-mentoring-dcm-st-francis-hospital-nsambya-training-school/"><strong>Diploma in Clinical Mentoring (DCM)</strong></a></p><div class="uagb-ifb-cta uagb-infobox-cta-link-style"><div class="uagb-ifb-button-wrapper wp-block-button"><a href="https://admissions.nsambyatrainingsch.com/online-applications-portal-admissions-nsambya-training-school/online-applications-diploma-courses-at-st-francis-hospital-nsambya-training-school/" class="wp-block-button__link" target="_blank" rel="noopener noreferrer"><span class="uagb-ifb-button-icon uagb-ifb-align-icon-after"><svg xmlns="http://www.w3.org/2000/svg" viewBox="0 0 448 512"><path d="M224.3 273l-136 136c-9.4 9.4-24.6 9.4-33.9 0l-22.6-22.6c-9.4-9.4-9.4-24.6 0-33.9l96.4-96.4-96.4-96.4c-9.4-9.4-9.4-24.6 0-33.9L54.3 103c9.4-9.4 24.6-9.4 33.9 0l136 136c9.5 9.4 9.5 24.6.1 34zm192-34l-136-136c-9.4-9.4-24.6-9.4-33.9 0l-22.6 22.6c-9.4 9.4-9.4 24.6 0 33.9l96.4 96.4-96.4 96.4c-9.4 9.4-9.4 24.6 0 33.9l22.6 22.6c9.4 9.4 24.6 9.4 33.9 0l136-136c9.4-9.2 9.4-24.4 0-33.8z"></path></svg></span><span class="uagb-ifb-cta-content-wrapper"><span class="uagb-inline-editing ">DIPLOMA APPLICATIONS</span></span></a></div></div></div></div></div></div></div>\n<!-- /wp:uagb/info-box --></div>\n<!-- /wp:column --></div>\n<!-- /wp:columns -->\n\n<!-- wp:uagb/post-masonry {"block_id":"a6b5cd5d"} /-->\n\n<!-- wp:group {"align":"full","backgroundColor":"ast-global-color-5"} -->\n<div class="wp-block-group alignfull has-ast-global-color-5-background-color has-background"><!-- wp:heading {"textColor":"ast-global-color-1","className":"has-text-align-center"} -->\n<h2 class="has-text-align-center has-ast-global-color-1-color has-text-color">St. Francis Hospital Nsambya Training School</h2>\n<!-- /wp:heading -->\n\n<!-- wp:tribe/events-list -->\n<!-- wp:legacy-widget {"idBase":"tribe-widget-events-list","instance":{"encoded":"YTo2OntzOjU6InRpdGxlIjtzOjE1OiJVcGNvbWluZyBFdmVudHMiO3M6NToibGltaXQiO3M6MToiNSI7czoxODoibm9fdXBjb21pbmdfZXZlbnRzIjtiOjA7czoyMDoiZmVhdHVyZWRfZXZlbnRzX29ubHkiO2I6MDtzOjEzOiJqc29ubGRfZW5hYmxlIjtiOjE7czoyMDoidHJpYmVfaXNfbGlzdF93aWRnZXQiO2I6MDt9","hash":"d5f9bc10d2c301bd00350c5b2a6bd3bf"}} /-->\n<!-- /wp:tribe/events-list -->\n\n<!-- wp:heading {"textAlign":"center","textColor":"ast-global-color-1"} -->\n<h2 class="has-text-align-center has-ast-global-color-1-color has-text-color">Join Uganda''s Leading Health Care Training Institution</h2>\n<!-- /wp:heading -->\n\n<!-- wp:columns -->\n<div class="wp-block-columns"><!-- wp:column {"width":"100%"} -->\n<div class="wp-block-column" style="flex-basis:100%"><!-- wp:buttons -->\n<div class="wp-block-buttons"><!-- wp:button {"align":"center","extUtilities":[]} -->\n<div class="wp-block-button aligncenter"><a class="wp-block-button__link wp-element-button" href="https://admissions.nsambyatrainingsch.com/wp-login.php?">ONLINE APPLICATIONS PORTAL</a></div>\n<!-- /wp:button --></div>\n<!-- /wp:buttons --></div>\n<!-- /wp:column --></div>\n<!-- /wp:columns -->\n\n<!-- wp:buttons -->\n<div class="wp-block-buttons"><!-- wp:button /--></div>\n<!-- /wp:buttons -->\n\n<!-- wp:group -->\n<div class="wp-block-group"><!-- wp:buttons -->\n<div class="wp-block-buttons"><!-- wp:button {"align":"center","extUtilities":[]} -->\n<div class="wp-block-button aligncenter"><a class="wp-block-button__link wp-element-button" href="https://admissions.nsambyatrainingsch.com/wp-login.php?">STAFF ACCESS</a></div>\n<!-- /wp:button --></div>\n<!-- /wp:buttons --></div>\n<!-- /wp:group --></div>\n<!-- /wp:group -->\n\n<!-- wp:group {"align":"full","backgroundColor":"ast-global-color-4"} -->\n<div class="wp-block-group alignfull has-ast-global-color-4-background-color has-background"><!-- wp:metaslider/slider {"slideshowId":25791} -->\n<div class="alignnormal">[metaslider id=25791 cssclass=""]</div>\n<!-- /wp:metaslider/slider --></div>\n<!-- /wp:group -->\n\n<!-- wp:loginout /-->', 'Online Admissions Portal', '', 'inherit', 'closed', 'closed', '', '25407-revision-v1', '', '', '2022-07-19 01:00:02', '2022-07-19 01:00:02', '', 25407, 'https://admissions.nsambyatrainingsch.com/?p=26060', 0, 'revision', '', 0);
INSERT INTO `ntswebposts` VALUES
(26070, 1, '2022-07-19 01:08:26', '2022-07-19 01:08:26', '<!-- wp:cover {"url":"https://admissions.nsambyatrainingsch.com/wp-content/uploads/2022/05/Nsambya-Hospital-Training-School-Website-Images-3-scaled.jpg","id":25698,"dimRatio":80,"focalPoint":{"x":"0.42","y":"0.53"},"minHeight":850,"align":"full","extUtilities":[]} -->\n<div class="wp-block-cover alignfull" style="min-height:850px"><span aria-hidden="true" class="wp-block-cover__background has-background-dim-80 has-background-dim"></span><img class="wp-block-cover__image-background wp-image-25698" alt="" src="https://admissions.nsambyatrainingsch.com/wp-content/uploads/2022/05/Nsambya-Hospital-Training-School-Website-Images-3-scaled.jpg" style="object-position:42% 53%" data-object-fit="cover" data-object-position="42% 53%"/><div class="wp-block-cover__inner-container"><!-- wp:spacer {"height":"135px","UAGDisplayConditions":"responsiveVisibility","UAGHideDesktop":true} -->\n<div style="height:135px" aria-hidden="true" class="wp-block-spacer uag-hide-desktop"></div>\n<!-- /wp:spacer -->\n\n<!-- wp:spacer {"height":"40px","UAGDisplayConditions":"responsiveVisibility","UAGHideMob":true,"UAGHideTab":true} -->\n<div style="height:40px" aria-hidden="true" class="wp-block-spacer uag-hide-tab uag-hide-mob"></div>\n<!-- /wp:spacer -->\n\n<!-- wp:heading {"level":1,"textColor":"white","className":"has-text-align-center"} -->\n<h1 class="has-text-align-center has-white-color has-text-color">Online Admissions Portal</h1>\n<!-- /wp:heading -->\n\n<!-- wp:columns -->\n<div class="wp-block-columns"><!-- wp:column -->\n<div class="wp-block-column"><!-- wp:uagb/info-box {"inheritFromTheme":true,"classMigrate":true,"headingColor":"var(\\u002d\\u002dast-global-color-5)","icon":"user-graduate","iconSize":64,"iconHover":"var(\\u002d\\u002dast-global-color-1)","iconColor":"var(\\u002d\\u002dast-global-color-0)","block_id":"6642950b","seperatorColor":"var(\\u002d\\u002dast-global-color-5)","seperatorThickness":1,"ctaType":"button","ctaText":"ALL COURSES","ctaLink":"https://nsambyatrainingsch.com/academics-nsambya-training-school-st-francis-hospital/all-courses-st-francis-hospital-nsambya-training-school/","showPrefix":false,"showDesc":false} -->\n<div class="wp-block-uagb-info-box uagb-infobox__outer-wrap uagb-block-6642950b"><div class="uagb-infobox__content-wrap uagb-infobox uagb-infobox-has-icon uagb-infobox-icon-above-title uagb-infobox-image-valign-top uagb-infobox-enable-border-radius "><div class="uagb-ifb-left-right-wrap"><div class="uagb-ifb-content"><div class="uagb-ifb-image-icon-content uagb-ifb-imgicon-wrap"><div class="uagb-ifb-icon-wrap"><span class="uagb-ifb-icon"><svg xmlns="http://www.w3.org/2000/svg" viewBox="0 0 448 512"><path d="M319.4 320.6L224 416l-95.4-95.4C57.1 323.7 0 382.2 0 454.4v9.6c0 26.5 21.5 48 48 48h352c26.5 0 48-21.5 48-48v-9.6c0-72.2-57.1-130.7-128.6-133.8zM13.6 79.8l6.4 1.5v58.4c-7 4.2-12 11.5-12 20.3 0 8.4 4.6 15.4 11.1 19.7L3.5 242c-1.7 6.9 2.1 14 7.6 14h41.8c5.5 0 9.3-7.1 7.6-14l-15.6-62.3C51.4 175.4 56 168.4 56 160c0-8.8-5-16.1-12-20.3V87.1l66 15.9c-8.6 17.2-14 36.4-14 57 0 70.7 57.3 128 128 128s128-57.3 128-128c0-20.6-5.3-39.8-14-57l96.3-23.2c18.2-4.4 18.2-27.1 0-31.5l-190.4-46c-13-3.1-26.7-3.1-39.7 0L13.6 48.2c-18.1 4.4-18.1 27.2 0 31.6z"></path></svg></span></div></div><div class="uagb-ifb-title-wrap"><h3 class="uagb-ifb-title">Courses Offered</h3></div><div class="uagb-ifb-separator-parent"><div class="uagb-ifb-separator"></div></div><div class="uagb-ifb-text-wrap"><div class="uagb-ifb-cta uagb-infobox-cta-link-style"><div class="uagb-ifb-button-wrapper wp-block-button"><a href="https://nsambyatrainingsch.com/academics-nsambya-training-school-st-francis-hospital/all-courses-st-francis-hospital-nsambya-training-school/" class="wp-block-button__link" target="_self" rel="noopener noreferrer"><span class="uagb-ifb-cta-content-wrapper"><span class="uagb-inline-editing ">ALL COURSES</span></span></a></div></div></div></div></div></div></div>\n<!-- /wp:uagb/info-box --></div>\n<!-- /wp:column -->\n\n<!-- wp:column -->\n<div class="wp-block-column"><!-- wp:uagb/info-box {"inheritFromTheme":true,"classMigrate":true,"headingColor":"var(\\u002d\\u002dast-global-color-5)","icon":"university","iconHover":"var(\\u002d\\u002dast-global-color-1)","iconColor":"var(\\u002d\\u002dast-global-color-0)","block_id":"4fb60a09","ctaIcon":"angle-double-right","seperatorColor":"var(\\u002d\\u002dast-global-color-5)","seperatorThickness":1,"ctaType":"button","ctaText":"VIEWS UPDATES","showPrefix":false,"showDesc":false} -->\n<div class="wp-block-uagb-info-box uagb-infobox__outer-wrap uagb-block-4fb60a09"><div class="uagb-infobox__content-wrap uagb-infobox uagb-infobox-has-icon uagb-infobox-icon-above-title uagb-infobox-image-valign-top uagb-infobox-enable-border-radius "><div class="uagb-ifb-left-right-wrap"><div class="uagb-ifb-content"><div class="uagb-ifb-image-icon-content uagb-ifb-imgicon-wrap"><div class="uagb-ifb-icon-wrap"><span class="uagb-ifb-icon"><svg xmlns="http://www.w3.org/2000/svg" viewBox="0 0 512 512"><path d="M496 128v16a8 8 0 0 1-8 8h-24v12c0 6.627-5.373 12-12 12H60c-6.627 0-12-5.373-12-12v-12H24a8 8 0 0 1-8-8v-16a8 8 0 0 1 4.941-7.392l232-88a7.996 7.996 0 0 1 6.118 0l232 88A8 8 0 0 1 496 128zm-24 304H40c-13.255 0-24 10.745-24 24v16a8 8 0 0 0 8 8h464a8 8 0 0 0 8-8v-16c0-13.255-10.745-24-24-24zM96 192v192H60c-6.627 0-12 5.373-12 12v20h416v-20c0-6.627-5.373-12-12-12h-36V192h-64v192h-64V192h-64v192h-64V192H96z"></path></svg></span></div></div><div class="uagb-ifb-title-wrap"><h3 class="uagb-ifb-title">Admissions Updates</h3></div><div class="uagb-ifb-separator-parent"><div class="uagb-ifb-separator"></div></div><div class="uagb-ifb-text-wrap"><div class="uagb-ifb-cta uagb-infobox-cta-link-style"><div class="uagb-ifb-button-wrapper wp-block-button"><a href="#" class="wp-block-button__link" target="_self" rel="noopener noreferrer"><span class="uagb-ifb-button-icon uagb-ifb-align-icon-after"><svg xmlns="http://www.w3.org/2000/svg" viewBox="0 0 448 512"><path d="M224.3 273l-136 136c-9.4 9.4-24.6 9.4-33.9 0l-22.6-22.6c-9.4-9.4-9.4-24.6 0-33.9l96.4-96.4-96.4-96.4c-9.4-9.4-9.4-24.6 0-33.9L54.3 103c9.4-9.4 24.6-9.4 33.9 0l136 136c9.5 9.4 9.5 24.6.1 34zm192-34l-136-136c-9.4-9.4-24.6-9.4-33.9 0l-22.6 22.6c-9.4 9.4-9.4 24.6 0 33.9l96.4 96.4-96.4 96.4c-9.4 9.4-9.4 24.6 0 33.9l22.6 22.6c9.4 9.4 24.6 9.4 33.9 0l136-136c9.4-9.2 9.4-24.4 0-33.8z"></path></svg></span><span class="uagb-ifb-cta-content-wrapper"><span class="uagb-inline-editing ">VIEWS UPDATES</span></span></a></div></div></div></div></div></div></div>\n<!-- /wp:uagb/info-box --></div>\n<!-- /wp:column --></div>\n<!-- /wp:columns -->\n\n<!-- wp:paragraph {"align":"center","UAGDisplayConditions":"userstate","UAGLoggedIn":true} -->\n<p class="has-text-align-center">If you''re new here, Kindly Create an account to access the Online Applications Portal;  Existing Applicants, Please Log In to track the progress of your Application.</p>\n<!-- /wp:paragraph -->\n\n<!-- wp:paragraph {"align":"center"} -->\n<p class="has-text-align-center">Thank you for expressing Interest in Studying at St. Francis Hospital Nsambya Training School. </p>\n<!-- /wp:paragraph -->\n\n<!-- wp:buttons {"layout":{"type":"flex","justifyContent":"center","orientation":"horizontal"}} -->\n<div class="wp-block-buttons"><!-- wp:button {"extUtilities":[]} -->\n<div class="wp-block-button"><a class="wp-block-button__link wp-element-button" href="https://admissions.nsambyatrainingsch.com/register/">CREATE ACCOUNT</a></div>\n<!-- /wp:button -->\n\n<!-- wp:button {"extUtilities":[]} -->\n<div class="wp-block-button"><a class="wp-block-button__link wp-element-button" href="https://admissions.nsambyatrainingsch.com/wp-login.php?">LOG IN</a></div>\n<!-- /wp:button --></div>\n<!-- /wp:buttons -->\n\n<!-- wp:spacer {"height":"59px"} -->\n<div style="height:59px" aria-hidden="true" class="wp-block-spacer"></div>\n<!-- /wp:spacer --></div></div>\n<!-- /wp:cover -->\n\n<!-- wp:spacer {"height":"23px"} -->\n<div style="height:23px" aria-hidden="true" class="wp-block-spacer"></div>\n<!-- /wp:spacer -->\n\n<!-- wp:heading {"textAlign":"center","textColor":"ast-global-color-1"} -->\n<h2 class="has-text-align-center has-ast-global-color-1-color has-text-color">Online Applications Portal</h2>\n<!-- /wp:heading -->\n\n<!-- wp:columns -->\n<div class="wp-block-columns"><!-- wp:column -->\n<div class="wp-block-column"><!-- wp:columns -->\n<div class="wp-block-columns"><!-- wp:column -->\n<div class="wp-block-column"><!-- wp:uagb/info-box {"inheritFromTheme":true,"classMigrate":true,"headingColor":"var(\\u002d\\u002dast-global-color-1)","prefixColor":"var(\\u002d\\u002dast-global-color-2)","icon":"graduation-cap","iconSize":60,"iconHover":"var(\\u002d\\u002dast-global-color-0)","iconColor":"var(\\u002d\\u002dast-global-color-1)","block_id":"ade30802","ctaTarget":true,"ctaIcon":"angle-double-right","seperatorColor":"var(\\u002d\\u002dast-global-color-7)","ctaType":"button","ctaText":"BACHELORS'' APPLICATIONS","ctaLink":"https://admissions.nsambyatrainingsch.com/home/online-applications-bachelors-degree-courses-at-st-francis-hospital-nsambya-training-school-2/"} -->\n<div class="wp-block-uagb-info-box uagb-infobox__outer-wrap uagb-block-ade30802"><div class="uagb-infobox__content-wrap uagb-infobox uagb-infobox-has-icon uagb-infobox-icon-above-title uagb-infobox-image-valign-top uagb-infobox-enable-border-radius "><div class="uagb-ifb-left-right-wrap"><div class="uagb-ifb-content"><div class="uagb-ifb-image-icon-content uagb-ifb-imgicon-wrap"><div class="uagb-ifb-icon-wrap"><span class="uagb-ifb-icon"><svg xmlns="http://www.w3.org/2000/svg" viewBox="0 0 640 512"><path d="M622.34 153.2L343.4 67.5c-15.2-4.67-31.6-4.67-46.79 0L17.66 153.2c-23.54 7.23-23.54 38.36 0 45.59l48.63 14.94c-10.67 13.19-17.23 29.28-17.88 46.9C38.78 266.15 32 276.11 32 288c0 10.78 5.68 19.85 13.86 25.65L20.33 428.53C18.11 438.52 25.71 448 35.94 448h56.11c10.24 0 17.84-9.48 15.62-19.47L82.14 313.65C90.32 307.85 96 298.78 96 288c0-11.57-6.47-21.25-15.66-26.87.76-15.02 8.44-28.3 20.69-36.72L296.6 284.5c9.06 2.78 26.44 6.25 46.79 0l278.95-85.7c23.55-7.24 23.55-38.36 0-45.6zM352.79 315.09c-28.53 8.76-52.84 3.92-65.59 0l-145.02-44.55L128 384c0 35.35 85.96 64 192 64s192-28.65 192-64l-14.18-113.47-145.03 44.56z"></path></svg></span></div></div><div class="uagb-ifb-title-wrap"><span class="uagb-ifb-title-prefix">Apply Online </span><h3 class="uagb-ifb-title">Bachelor''s Degree Programs</h3></div><div class="uagb-ifb-separator-parent"><div class="uagb-ifb-separator"></div></div><div class="uagb-ifb-text-wrap"><p class="uagb-ifb-desc"><strong><a href="https://nsambyatrainingsch.com/nursing-nsambya-training-school/bachelors-nursing-science-nsambya-training-school/">Bachelors in Nursing Science (BNS)</a></strong><br><strong><a href="https://nsambyatrainingsch.com/nursing-nsambya-training-school/bachelors-in-midwifery-science-bms-st-francis-hospital-nsambya-training-school/">Bachelors in Midwifery Science (BMS)</a></strong></p><div class="uagb-ifb-cta uagb-infobox-cta-link-style"><div class="uagb-ifb-button-wrapper wp-block-button"><a href="https://admissions.nsambyatrainingsch.com/home/online-applications-bachelors-degree-courses-at-st-francis-hospital-nsambya-training-school-2/" class="wp-block-button__link" target="_blank" rel="noopener noreferrer"><span class="uagb-ifb-button-icon uagb-ifb-align-icon-after"><svg xmlns="http://www.w3.org/2000/svg" viewBox="0 0 448 512"><path d="M224.3 273l-136 136c-9.4 9.4-24.6 9.4-33.9 0l-22.6-22.6c-9.4-9.4-9.4-24.6 0-33.9l96.4-96.4-96.4-96.4c-9.4-9.4-9.4-24.6 0-33.9L54.3 103c9.4-9.4 24.6-9.4 33.9 0l136 136c9.5 9.4 9.5 24.6.1 34zm192-34l-136-136c-9.4-9.4-24.6-9.4-33.9 0l-22.6 22.6c-9.4 9.4-9.4 24.6 0 33.9l96.4 96.4-96.4 96.4c-9.4 9.4-9.4 24.6 0 33.9l22.6 22.6c9.4 9.4 24.6 9.4 33.9 0l136-136c9.4-9.2 9.4-24.4 0-33.8z"></path></svg></span><span class="uagb-ifb-cta-content-wrapper"><span class="uagb-inline-editing ">BACHELORS'' APPLICATIONS</span></span></a></div></div></div></div></div></div></div>\n<!-- /wp:uagb/info-box --></div>\n<!-- /wp:column -->\n\n<!-- wp:column -->\n<div class="wp-block-column"><!-- wp:uagb/info-box {"inheritFromTheme":true,"classMigrate":true,"headingColor":"var(\\u002d\\u002dast-global-color-1)","prefixColor":"var(\\u002d\\u002dast-global-color-2)","icon":"graduation-cap","iconSize":60,"iconHover":"var(\\u002d\\u002dast-global-color-0)","iconColor":"var(\\u002d\\u002dast-global-color-1)","block_id":"e3877e95","ctaTarget":true,"ctaIcon":"angle-double-right","seperatorColor":"var(\\u002d\\u002dast-global-color-7)","ctaType":"button","ctaText":"CERTIFICATE APPLICATIONS","ctaLink":"https://admissions.nsambyatrainingsch.com/online-applications-portal-admissions-nsambya-training-school/online-applications-certificate-courses-nsambya-training-school/"} -->\n<div class="wp-block-uagb-info-box uagb-infobox__outer-wrap uagb-block-e3877e95"><div class="uagb-infobox__content-wrap uagb-infobox uagb-infobox-has-icon uagb-infobox-icon-above-title uagb-infobox-image-valign-top uagb-infobox-enable-border-radius "><div class="uagb-ifb-left-right-wrap"><div class="uagb-ifb-content"><div class="uagb-ifb-image-icon-content uagb-ifb-imgicon-wrap"><div class="uagb-ifb-icon-wrap"><span class="uagb-ifb-icon"><svg xmlns="http://www.w3.org/2000/svg" viewBox="0 0 640 512"><path d="M622.34 153.2L343.4 67.5c-15.2-4.67-31.6-4.67-46.79 0L17.66 153.2c-23.54 7.23-23.54 38.36 0 45.59l48.63 14.94c-10.67 13.19-17.23 29.28-17.88 46.9C38.78 266.15 32 276.11 32 288c0 10.78 5.68 19.85 13.86 25.65L20.33 428.53C18.11 438.52 25.71 448 35.94 448h56.11c10.24 0 17.84-9.48 15.62-19.47L82.14 313.65C90.32 307.85 96 298.78 96 288c0-11.57-6.47-21.25-15.66-26.87.76-15.02 8.44-28.3 20.69-36.72L296.6 284.5c9.06 2.78 26.44 6.25 46.79 0l278.95-85.7c23.55-7.24 23.55-38.36 0-45.6zM352.79 315.09c-28.53 8.76-52.84 3.92-65.59 0l-145.02-44.55L128 384c0 35.35 85.96 64 192 64s192-28.65 192-64l-14.18-113.47-145.03 44.56z"></path></svg></span></div></div><div class="uagb-ifb-title-wrap"><span class="uagb-ifb-title-prefix">Apply Online</span><h3 class="uagb-ifb-title">Certificate Courses</h3></div><div class="uagb-ifb-separator-parent"><div class="uagb-ifb-separator"></div></div><div class="uagb-ifb-text-wrap"><p class="uagb-ifb-desc"><strong><a href="https://nsambyatrainingsch.com/certificate-in-nursing-cnn-course-st-francis-hospital-nsambya-training-school/">Certificate in Nursing (CN)</a></strong><br><strong><a href="https://nsambyatrainingsch.com/nursing-nsambya-training-school/certificate-midwifery-science-cm-st-francis-hospital-nsambya-training-school/">Certificate in Midwifery (CM)</a></strong><br><strong><a href="https://nsambyatrainingsch.com/departments-nsambya-training-school/medical-laboratory-technology-courses-nsambya-training-school/certificate-in-medical-laboratory-technology-cmlt-st-francis-hospital-nsambya-training-school-2/">Certificate in Medical Laboratory Technology (CMLT)</a></strong></p><div class="uagb-ifb-cta uagb-infobox-cta-link-style"><div class="uagb-ifb-button-wrapper wp-block-button"><a href="https://admissions.nsambyatrainingsch.com/online-applications-portal-admissions-nsambya-training-school/online-applications-certificate-courses-nsambya-training-school/" class="wp-block-button__link" target="_blank" rel="noopener noreferrer"><span class="uagb-ifb-button-icon uagb-ifb-align-icon-after"><svg xmlns="http://www.w3.org/2000/svg" viewBox="0 0 448 512"><path d="M224.3 273l-136 136c-9.4 9.4-24.6 9.4-33.9 0l-22.6-22.6c-9.4-9.4-9.4-24.6 0-33.9l96.4-96.4-96.4-96.4c-9.4-9.4-9.4-24.6 0-33.9L54.3 103c9.4-9.4 24.6-9.4 33.9 0l136 136c9.5 9.4 9.5 24.6.1 34zm192-34l-136-136c-9.4-9.4-24.6-9.4-33.9 0l-22.6 22.6c-9.4 9.4-9.4 24.6 0 33.9l96.4 96.4-96.4 96.4c-9.4 9.4-9.4 24.6 0 33.9l22.6 22.6c9.4 9.4 24.6 9.4 33.9 0l136-136c9.4-9.2 9.4-24.4 0-33.8z"></path></svg></span><span class="uagb-ifb-cta-content-wrapper"><span class="uagb-inline-editing ">CERTIFICATE APPLICATIONS</span></span></a></div></div></div></div></div></div></div>\n<!-- /wp:uagb/info-box --></div>\n<!-- /wp:column --></div>\n<!-- /wp:columns -->\n\n<!-- wp:uagb/info-box {"inheritFromTheme":true,"classMigrate":true,"headingColor":"var(\\u002d\\u002dast-global-color-1)","prefixColor":"var(\\u002d\\u002dast-global-color-2)","icon":"graduation-cap","iconSize":60,"iconHover":"var(\\u002d\\u002dast-global-color-0)","iconColor":"var(\\u002d\\u002dast-global-color-1)","block_id":"e495394b","ctaTarget":true,"ctaIcon":"angle-double-right","seperatorColor":"var(\\u002d\\u002dast-global-color-7)","ctaType":"button","ctaText":"DIPLOMA APPLICATIONS","ctaLink":"https://admissions.nsambyatrainingsch.com/online-applications-portal-admissions-nsambya-training-school/online-applications-diploma-courses-at-st-francis-hospital-nsambya-training-school/"} -->\n<div class="wp-block-uagb-info-box uagb-infobox__outer-wrap uagb-block-e495394b"><div class="uagb-infobox__content-wrap uagb-infobox uagb-infobox-has-icon uagb-infobox-icon-above-title uagb-infobox-image-valign-top uagb-infobox-enable-border-radius "><div class="uagb-ifb-left-right-wrap"><div class="uagb-ifb-content"><div class="uagb-ifb-image-icon-content uagb-ifb-imgicon-wrap"><div class="uagb-ifb-icon-wrap"><span class="uagb-ifb-icon"><svg xmlns="http://www.w3.org/2000/svg" viewBox="0 0 640 512"><path d="M622.34 153.2L343.4 67.5c-15.2-4.67-31.6-4.67-46.79 0L17.66 153.2c-23.54 7.23-23.54 38.36 0 45.59l48.63 14.94c-10.67 13.19-17.23 29.28-17.88 46.9C38.78 266.15 32 276.11 32 288c0 10.78 5.68 19.85 13.86 25.65L20.33 428.53C18.11 438.52 25.71 448 35.94 448h56.11c10.24 0 17.84-9.48 15.62-19.47L82.14 313.65C90.32 307.85 96 298.78 96 288c0-11.57-6.47-21.25-15.66-26.87.76-15.02 8.44-28.3 20.69-36.72L296.6 284.5c9.06 2.78 26.44 6.25 46.79 0l278.95-85.7c23.55-7.24 23.55-38.36 0-45.6zM352.79 315.09c-28.53 8.76-52.84 3.92-65.59 0l-145.02-44.55L128 384c0 35.35 85.96 64 192 64s192-28.65 192-64l-14.18-113.47-145.03 44.56z"></path></svg></span></div></div><div class="uagb-ifb-title-wrap"><span class="uagb-ifb-title-prefix">Apply Online</span><h3 class="uagb-ifb-title">Diploma Courses</h3></div><div class="uagb-ifb-separator-parent"><div class="uagb-ifb-separator"></div></div><div class="uagb-ifb-text-wrap"><p class="uagb-ifb-desc"><strong><a href="https://nsambyatrainingsch.com/nursing-nsambya-training-school/diploma-in-nursing-direct-ddn-st-francis-hospital-nsambya-training-school/">Diploma in Nursing (DDN) – Direct</a></strong><br><strong><a href="https://nsambyatrainingsch.com/diploma-in-nursing-dn-upgrading-st-francis-hospital-nsambya-training-school/">Diploma in Nursing (DN) – Upgrading</a></strong><br><strong><a href="https://nsambyatrainingsch.com/midwifery-nsambya-training-school/diploma-in-midwifery-upgrading-st-francis-hospital-nsambya-training-school-3/">Diploma in Midwifery (DM) – Upgrading</a></strong><br><strong><a href="https://nsambyatrainingsch.com/midwifery-nsambya-training-school/diploma-in-midwifery-e-learning-st-francis-hospital-nsambya-training-school/">Diploma in Midwifery E-Learning (DMeL)</a></strong><br><strong><a href="https://nsambyatrainingsch.com/departments-nsambya-training-school/medical-laboratory-technology-courses-nsambya-training-school/diploma-medical-laboratory-technology-direct-st-francis-hospital-nsambya-training-school/">Diploma in Medical Laboratory Technology (DMLT) – Direct</a></strong><br><strong><a href="https://nsambyatrainingsch.com/departments-nsambya-training-school/medical-laboratory-technology-courses-nsambya-training-school/diploma-in-medical-laboratory-technology-dmlt-upgrading-st-francis-hospital-nsambya-training-school/">Diploma in Medical Laboratory Technology (DMLT) – Upgrading</a></strong><br><a href="https://nsambyatrainingsch.com/academics-nsambya-training-school-st-francis-hospital/all-courses-st-francis-hospital-nsambya-training-school/diploma-clinical-mentoring-dcm-st-francis-hospital-nsambya-training-school/"><strong>Diploma in Clinical Mentoring (DCM)</strong></a></p><div class="uagb-ifb-cta uagb-infobox-cta-link-style"><div class="uagb-ifb-button-wrapper wp-block-button"><a href="https://admissions.nsambyatrainingsch.com/online-applications-portal-admissions-nsambya-training-school/online-applications-diploma-courses-at-st-francis-hospital-nsambya-training-school/" class="wp-block-button__link" target="_blank" rel="noopener noreferrer"><span class="uagb-ifb-button-icon uagb-ifb-align-icon-after"><svg xmlns="http://www.w3.org/2000/svg" viewBox="0 0 448 512"><path d="M224.3 273l-136 136c-9.4 9.4-24.6 9.4-33.9 0l-22.6-22.6c-9.4-9.4-9.4-24.6 0-33.9l96.4-96.4-96.4-96.4c-9.4-9.4-9.4-24.6 0-33.9L54.3 103c9.4-9.4 24.6-9.4 33.9 0l136 136c9.5 9.4 9.5 24.6.1 34zm192-34l-136-136c-9.4-9.4-24.6-9.4-33.9 0l-22.6 22.6c-9.4 9.4-9.4 24.6 0 33.9l96.4 96.4-96.4 96.4c-9.4 9.4-9.4 24.6 0 33.9l22.6 22.6c9.4 9.4 24.6 9.4 33.9 0l136-136c9.4-9.2 9.4-24.4 0-33.8z"></path></svg></span><span class="uagb-ifb-cta-content-wrapper"><span class="uagb-inline-editing ">DIPLOMA APPLICATIONS</span></span></a></div></div></div></div></div></div></div>\n<!-- /wp:uagb/info-box --></div>\n<!-- /wp:column --></div>\n<!-- /wp:columns -->\n\n<!-- wp:uagb/post-masonry {"block_id":"a6b5cd5d"} /-->\n\n<!-- wp:group {"align":"full","backgroundColor":"ast-global-color-5"} -->\n<div class="wp-block-group alignfull has-ast-global-color-5-background-color has-background"><!-- wp:heading {"textColor":"ast-global-color-1","className":"has-text-align-center"} -->\n<h2 class="has-text-align-center has-ast-global-color-1-color has-text-color">St. Francis Hospital Nsambya Training School</h2>\n<!-- /wp:heading -->\n\n<!-- wp:tribe/events-list -->\n<!-- wp:legacy-widget {"idBase":"tribe-widget-events-list","instance":{"encoded":"YTo2OntzOjU6InRpdGxlIjtzOjE1OiJVcGNvbWluZyBFdmVudHMiO3M6NToibGltaXQiO3M6MToiNSI7czoxODoibm9fdXBjb21pbmdfZXZlbnRzIjtiOjA7czoyMDoiZmVhdHVyZWRfZXZlbnRzX29ubHkiO2I6MDtzOjEzOiJqc29ubGRfZW5hYmxlIjtiOjE7czoyMDoidHJpYmVfaXNfbGlzdF93aWRnZXQiO2I6MDt9","hash":"d5f9bc10d2c301bd00350c5b2a6bd3bf"}} /-->\n<!-- /wp:tribe/events-list -->\n\n<!-- wp:heading {"textAlign":"center","textColor":"ast-global-color-1"} -->\n<h2 class="has-text-align-center has-ast-global-color-1-color has-text-color">Join Uganda''s Leading Health Care Training Institution</h2>\n<!-- /wp:heading -->\n\n<!-- wp:columns -->\n<div class="wp-block-columns"><!-- wp:column {"width":"100%"} -->\n<div class="wp-block-column" style="flex-basis:100%"><!-- wp:buttons -->\n<div class="wp-block-buttons"><!-- wp:button {"align":"center","extUtilities":[]} -->\n<div class="wp-block-button aligncenter"><a class="wp-block-button__link wp-element-button" href="https://admissions.nsambyatrainingsch.com/wp-login.php?">ONLINE APPLICATIONS PORTAL</a></div>\n<!-- /wp:button --></div>\n<!-- /wp:buttons --></div>\n<!-- /wp:column --></div>\n<!-- /wp:columns -->\n\n<!-- wp:buttons -->\n<div class="wp-block-buttons"><!-- wp:button /--></div>\n<!-- /wp:buttons -->\n\n<!-- wp:group -->\n<div class="wp-block-group"><!-- wp:buttons -->\n<div class="wp-block-buttons"><!-- wp:button {"align":"center","extUtilities":[]} -->\n<div class="wp-block-button aligncenter"><a class="wp-block-button__link wp-element-button" href="https://admissions.nsambyatrainingsch.com/wp-login.php?">STAFF ACCESS</a></div>\n<!-- /wp:button --></div>\n<!-- /wp:buttons --></div>\n<!-- /wp:group --></div>\n<!-- /wp:group -->\n\n<!-- wp:group {"align":"full","backgroundColor":"ast-global-color-4"} -->\n<div class="wp-block-group alignfull has-ast-global-color-4-background-color has-background"><!-- wp:metaslider/slider {"slideshowId":25791} -->\n<div class="alignnormal">[metaslider id=25791 cssclass=""]</div>\n<!-- /wp:metaslider/slider --></div>\n<!-- /wp:group -->\n\n<!-- wp:loginout /-->', 'Online Admissions Portal', '', 'inherit', 'closed', 'closed', '', '25407-revision-v1', '', '', '2022-07-19 01:08:26', '2022-07-19 01:08:26', '', 25407, 'https://admissions.nsambyatrainingsch.com/?p=26070', 0, 'revision', '', 0),
(26073, 1, '2022-07-19 01:44:57', '2022-07-19 01:44:57', '<!-- wp:paragraph {"align":"center"} -->\n<p class="has-text-align-center"><strong>Online Application Form - Diploma Courses at St. Francis Hospital Nsambya Training School</strong></p>\n<!-- /wp:paragraph -->\n\n<!-- wp:paragraph -->\n<p>Note: <em>*For Required Fields that Apply not to you, Kindly Fill in <strong>N/A (Not Applicable)</strong></em></p>\n<!-- /wp:paragraph -->\n\n<!-- wp:wpforms/form-selector {"formId":"26016","displayTitle":true,"displayDesc":true} /-->', 'Online Applications - Diploma Courses at St. Francis Hospital Nsambya Training School', '', 'inherit', 'closed', 'closed', '', '26031-autosave-v1', '', '', '2022-07-19 01:44:57', '2022-07-19 01:44:57', '', 26031, 'https://admissions.nsambyatrainingsch.com/?p=26073', 0, 'revision', '', 0),
(26074, 0, '2023-01-12 11:24:21', '2023-01-12 11:24:21', 'An administrator accepted an invitation to join &quot;<a href="{{{group.url}}}">{{group.name}}</a>&quot; on your behalf.\n\nIf you disagree with this, you can leave the group at anytime visiting your <a href="{{{leave-group.url}}}">groups memberships page</a>.', '[{{{site.name}}}] Membership request for group "{{group.name}}" accepted', 'An administrator accepted an invitation to join "{{group.name}}" on your behalf.\n\nIf you disagree with this, you can leave the group at anytime visiting your groups memberships page: {{{leave-group.url}}}', 'publish', 'closed', 'closed', '', 'site-name-membership-request-for-group-group-name-accepted-2', '', '', '2023-01-12 11:24:21', '2023-01-12 11:24:21', '', 0, 'https://admissions.nsambyatrainingsch.com/?post_type=bp-email&p=26074', 0, 'bp-email', '', 0),
(26075, 0, '2023-01-12 11:24:21', '2023-01-12 11:24:21', 'An administrator rejected an invitation to join &quot;<a href="{{{group.url}}}">{{group.name}}</a>&quot; on your behalf.\n\nIf you disagree with this, please contact the site administrator.', '[{{{site.name}}}] Membership request for group "{{group.name}}" rejected', 'An administrator rejected an invitation to join "{{group.name}}" on your behalf.\n\nIf you disagree with this, please contact the site administrator.', 'publish', 'closed', 'closed', '', 'site-name-membership-request-for-group-group-name-rejected-2', '', '', '2023-01-12 11:24:21', '2023-01-12 11:24:21', '', 0, 'https://admissions.nsambyatrainingsch.com/?post_type=bp-email&p=26075', 0, 'bp-email', '', 0);

-- --------------------------------------------------------

--
-- Table structure for table `ntswebpresto_player_audio_presets`
--

CREATE TABLE `ntswebpresto_player_audio_presets` (
  `id` bigint(20) unsigned NOT NULL AUTO_INCREMENT,
  `name` varchar(155) COLLATE utf8mb4_unicode_520_ci DEFAULT NULL,
  `slug` varchar(155) COLLATE utf8mb4_unicode_520_ci DEFAULT NULL,
  `icon` varchar(155) COLLATE utf8mb4_unicode_520_ci DEFAULT NULL,
  `skin` varchar(155) COLLATE utf8mb4_unicode_520_ci DEFAULT NULL,
  `rewind` tinyint(1) NOT NULL DEFAULT '0',
  `play` tinyint(1) NOT NULL DEFAULT '0',
  `play-large` tinyint(1) NOT NULL DEFAULT '0',
  `fast-forward` tinyint(1) NOT NULL DEFAULT '0',
  `progress` tinyint(1) NOT NULL DEFAULT '0',
  `current-time` tinyint(1) NOT NULL DEFAULT '0',
  `mute` tinyint(1) NOT NULL DEFAULT '0',
  `volume` tinyint(1) NOT NULL DEFAULT '0',
  `speed` tinyint(1) NOT NULL DEFAULT '0',
  `pip` tinyint(1) NOT NULL DEFAULT '0',
  `reset_on_end` tinyint(1) NOT NULL DEFAULT '0',
  `save_player_position` tinyint(1) NOT NULL DEFAULT '0',
  `sticky_scroll` tinyint(1) NOT NULL DEFAULT '0',
  `sticky_scroll_position` varchar(16) COLLATE utf8mb4_unicode_520_ci DEFAULT NULL,
  `on_video_end` varchar(16) COLLATE utf8mb4_unicode_520_ci DEFAULT NULL,
  `play_video_viewport` tinyint(1) NOT NULL DEFAULT '0',
  `hide_logo` tinyint(1) NOT NULL DEFAULT '0',
  `border_radius` bigint(20) unsigned DEFAULT NULL,
  `background_color` varchar(155) COLLATE utf8mb4_unicode_520_ci DEFAULT NULL,
  `control_color` varchar(155) COLLATE utf8mb4_unicode_520_ci DEFAULT NULL,
  `is_locked` tinyint(1) NOT NULL DEFAULT '0',
  `cta` longtext COLLATE utf8mb4_unicode_520_ci NOT NULL,
  `email_collection` longtext COLLATE utf8mb4_unicode_520_ci NOT NULL,
  `action_bar` longtext COLLATE utf8mb4_unicode_520_ci NOT NULL,
  `created_by` bigint(20) unsigned DEFAULT NULL,
  `created_at` timestamp NOT NULL DEFAULT CURRENT_TIMESTAMP,
  `updated_at` timestamp NOT NULL DEFAULT '0000-00-00 00:00:00',
  `deleted_at` timestamp NULL DEFAULT NULL,
  PRIMARY KEY (`id`),
  KEY `name` (`name`)
) ENGINE=InnoDB  DEFAULT CHARSET=utf8mb4 COLLATE=utf8mb4_unicode_520_ci;

--
-- Dumping data for table `ntswebpresto_player_audio_presets`
--

INSERT INTO `ntswebpresto_player_audio_presets` VALUES
(1, 'Default', 'default', 'format-audio', 'default', 1, 1, 1, 1, 1, 1, 1, 1, 1, 0, 1, 1, 0, 'bottom right', 'select', 0, 0, NULL, NULL, NULL, 1, '', '', '', 1, '2022-05-19 17:38:29', '2022-05-19 17:38:29', NULL),
(2, 'Simple', 'simple', 'video-alt3', NULL, 0, 1, 1, 0, 1, 0, 0, 0, 1, 0, 1, 0, 0, 'bottom right', 'select', 0, 0, NULL, NULL, NULL, 1, '', '', '', 1, '2022-05-19 17:38:29', '2022-05-19 17:38:29', NULL),
(3, 'Minimal', 'minimal', 'controls-play', NULL, 0, 0, 1, 0, 0, 0, 0, 0, 0, 0, 1, 0, 0, 'bottom right', 'select', 0, 0, NULL, NULL, NULL, 1, '', '', '', 1, '2022-05-19 17:38:29', '2022-05-19 17:38:29', NULL),
(4, 'Course', 'course', 'format-audio', 'stacked', 1, 1, 1, 1, 1, 1, 1, 1, 1, 0, 1, 1, 0, 'bottom right', 'select', 0, 0, NULL, NULL, NULL, 1, '', '', '', 1, '2022-05-19 17:38:29', '2022-05-19 17:38:29', NULL);

-- --------------------------------------------------------

--
-- Table structure for table `ntswebpresto_player_email_collection`
--

CREATE TABLE `ntswebpresto_player_email_collection` (
  `id` bigint(20) unsigned NOT NULL AUTO_INCREMENT,
  `enabled` tinyint(1) NOT NULL DEFAULT '0',
  `behavior` varchar(155) COLLATE utf8mb4_unicode_520_ci NOT NULL,
  `percentage` bigint(20) DEFAULT NULL,
  `allow_skip` tinyint(1) NOT NULL DEFAULT '0',
  `headline` varchar(155) COLLATE utf8mb4_unicode_520_ci NOT NULL,
  `bottom_text` varchar(155) COLLATE utf8mb4_unicode_520_ci NOT NULL,
  `button_text` varchar(155) COLLATE utf8mb4_unicode_520_ci NOT NULL,
  `preset_id` bigint(20) DEFAULT NULL,
  `border_radius` bigint(20) NOT NULL,
  `email_provider` varchar(155) COLLATE utf8mb4_unicode_520_ci DEFAULT NULL,
  `email_provider_list` varchar(155) COLLATE utf8mb4_unicode_520_ci DEFAULT NULL,
  `email_provider_tag` varchar(155) COLLATE utf8mb4_unicode_520_ci DEFAULT NULL,
  `created_by` bigint(20) unsigned DEFAULT NULL,
  `created_at` timestamp NOT NULL DEFAULT CURRENT_TIMESTAMP,
  `updated_at` timestamp NOT NULL DEFAULT '0000-00-00 00:00:00',
  `deleted_at` timestamp NULL DEFAULT NULL,
  PRIMARY KEY (`id`),
  KEY `preset_id` (`preset_id`)
) ENGINE=InnoDB DEFAULT CHARSET=utf8mb4 COLLATE=utf8mb4_unicode_520_ci;

-- --------------------------------------------------------

--
-- Table structure for table `ntswebpresto_player_presets`
--

CREATE TABLE `ntswebpresto_player_presets` (
  `id` bigint(20) unsigned NOT NULL AUTO_INCREMENT,
  `name` varchar(155) COLLATE utf8mb4_unicode_520_ci DEFAULT NULL,
  `slug` varchar(155) COLLATE utf8mb4_unicode_520_ci DEFAULT NULL,
  `icon` varchar(155) COLLATE utf8mb4_unicode_520_ci DEFAULT NULL,
  `skin` varchar(155) COLLATE utf8mb4_unicode_520_ci DEFAULT NULL,
  `play-large` tinyint(1) NOT NULL DEFAULT '0',
  `rewind` tinyint(1) NOT NULL DEFAULT '0',
  `play` tinyint(1) NOT NULL DEFAULT '0',
  `fast-forward` tinyint(1) NOT NULL DEFAULT '0',
  `progress` tinyint(1) NOT NULL DEFAULT '0',
  `current-time` tinyint(1) NOT NULL DEFAULT '0',
  `mute` tinyint(1) NOT NULL DEFAULT '0',
  `volume` tinyint(1) NOT NULL DEFAULT '0',
  `speed` tinyint(1) NOT NULL DEFAULT '0',
  `pip` tinyint(1) NOT NULL DEFAULT '0',
  `fullscreen` tinyint(1) NOT NULL DEFAULT '0',
  `captions` tinyint(1) NOT NULL DEFAULT '0',
  `reset_on_end` tinyint(1) NOT NULL DEFAULT '0',
  `auto_hide` tinyint(1) NOT NULL DEFAULT '0',
  `captions_enabled` tinyint(1) NOT NULL DEFAULT '0',
  `save_player_position` tinyint(1) NOT NULL DEFAULT '0',
  `sticky_scroll` tinyint(1) NOT NULL DEFAULT '0',
  `sticky_scroll_position` varchar(16) COLLATE utf8mb4_unicode_520_ci DEFAULT NULL,
  `on_video_end` varchar(16) COLLATE utf8mb4_unicode_520_ci DEFAULT NULL,
  `play_video_viewport` tinyint(1) NOT NULL DEFAULT '0',
  `hide_youtube` tinyint(1) NOT NULL DEFAULT '0',
  `lazy_load_youtube` tinyint(1) NOT NULL DEFAULT '0',
  `hide_logo` tinyint(1) NOT NULL DEFAULT '0',
  `border_radius` bigint(20) unsigned DEFAULT NULL,
  `caption_style` varchar(155) COLLATE utf8mb4_unicode_520_ci DEFAULT NULL,
  `caption_background` varchar(155) COLLATE utf8mb4_unicode_520_ci DEFAULT NULL,
  `is_locked` tinyint(1) NOT NULL DEFAULT '0',
  `cta` longtext COLLATE utf8mb4_unicode_520_ci NOT NULL,
  `watermark` longtext COLLATE utf8mb4_unicode_520_ci NOT NULL,
  `email_collection` longtext COLLATE utf8mb4_unicode_520_ci NOT NULL,
  `action_bar` longtext COLLATE utf8mb4_unicode_520_ci NOT NULL,
  `created_by` bigint(20) unsigned DEFAULT NULL,
  `created_at` timestamp NOT NULL DEFAULT CURRENT_TIMESTAMP,
  `updated_at` timestamp NOT NULL DEFAULT '0000-00-00 00:00:00',
  `deleted_at` timestamp NULL DEFAULT NULL,
  `search` longtext COLLATE utf8mb4_unicode_520_ci NOT NULL,
  PRIMARY KEY (`id`),
  KEY `name` (`name`)
) ENGINE=InnoDB  DEFAULT CHARSET=utf8mb4 COLLATE=utf8mb4_unicode_520_ci;

--
-- Dumping data for table `ntswebpresto_player_presets`
--

INSERT INTO `ntswebpresto_player_presets` VALUES
(1, 'Default', 'default', 'format-video', 'modern', 1, 1, 1, 1, 1, 1, 1, 1, 0, 0, 1, 0, 1, 1, 0, 1, 0, 'bottom right', 'select', 0, 0, 0, 0, NULL, NULL, NULL, 1, '', '', '', '', 1, '2022-05-19 17:38:29', '2022-05-19 17:38:29', NULL, ''),
(2, 'Course', 'course', 'welcome-learn-more', 'modern', 1, 1, 1, 1, 1, 1, 1, 1, 1, 1, 1, 0, 1, 1, 0, 1, 1, 'bottom right', 'select', 0, 0, 0, 0, NULL, NULL, NULL, 1, '', '', '', '', 1, '2022-05-19 17:38:29', '2022-05-19 17:38:29', NULL, ''),
(3, 'Simple', 'simple', 'video-alt3', 'modern', 1, 0, 1, 0, 1, 0, 0, 0, 0, 0, 1, 0, 1, 1, 0, 0, 0, 'bottom right', 'select', 0, 1, 0, 0, NULL, NULL, NULL, 1, '', '', '', '', 1, '2022-05-19 17:38:29', '2022-05-19 17:38:29', NULL, ''),
(4, 'Minimal', 'minimal', 'controls-play', 'modern', 1, 0, 0, 0, 0, 0, 0, 0, 0, 0, 0, 0, 1, 0, 0, 0, 0, 'bottom right', 'select', 0, 1, 0, 1, NULL, NULL, NULL, 1, '', '', '', '', 1, '2022-05-19 17:38:29', '2022-05-19 17:38:29', NULL, ''),
(5, 'Youtube Optimized', 'youtube', 'youtube', 'modern', 1, 1, 1, 1, 1, 1, 1, 1, 1, 0, 1, 0, 1, 1, 0, 0, 0, 'bottom right', 'select', 0, 0, 1, 0, NULL, NULL, NULL, 1, '', '', '', 'a:6:{s:7:"enabled";b:1;s:16:"percentage_start";i:0;s:4:"text";s:24:"Subscribe to our channel";s:16:"background_color";s:7:"#1d1d1d";s:11:"button_type";s:7:"youtube";s:12:"button_count";b:0;}', 1, '2022-05-19 17:38:29', '2022-05-19 17:38:29', NULL, '');

-- --------------------------------------------------------

--
-- Table structure for table `ntswebpresto_player_videos`
--

CREATE TABLE `ntswebpresto_player_videos` (
  `id` bigint(20) unsigned NOT NULL AUTO_INCREMENT,
  `title` varchar(255) COLLATE utf8mb4_unicode_520_ci NOT NULL,
  `type` varchar(155) COLLATE utf8mb4_unicode_520_ci NOT NULL,
  `external_id` varchar(155) COLLATE utf8mb4_unicode_520_ci DEFAULT NULL,
  `attachment_id` bigint(20) unsigned DEFAULT NULL,
  `post_id` bigint(20) DEFAULT NULL,
  `src` varchar(255) COLLATE utf8mb4_unicode_520_ci DEFAULT NULL,
  `created_by` bigint(20) unsigned DEFAULT NULL,
  `created_at` timestamp NOT NULL DEFAULT CURRENT_TIMESTAMP,
  `updated_at` timestamp NOT NULL DEFAULT '0000-00-00 00:00:00',
  `deleted_at` timestamp NULL DEFAULT NULL,
  PRIMARY KEY (`id`),
  KEY `external_id` (`external_id`),
  KEY `attachment_id` (`attachment_id`),
  KEY `created_at` (`created_at`),
  KEY `updated_at` (`updated_at`)
) ENGINE=InnoDB DEFAULT CHARSET=utf8mb4 COLLATE=utf8mb4_unicode_520_ci;

-- --------------------------------------------------------

--
-- Table structure for table `ntswebpresto_player_visits`
--

CREATE TABLE `ntswebpresto_player_visits` (
  `id` bigint(20) unsigned NOT NULL AUTO_INCREMENT,
  `user_id` bigint(20) unsigned DEFAULT NULL,
  `duration` bigint(20) unsigned NOT NULL,
  `video_id` bigint(20) unsigned NOT NULL,
  `ip_address` varchar(39) COLLATE utf8mb4_unicode_520_ci DEFAULT '',
  `created_at` timestamp NOT NULL DEFAULT CURRENT_TIMESTAMP,
  `updated_at` timestamp NOT NULL DEFAULT '0000-00-00 00:00:00',
  `deleted_at` timestamp NULL DEFAULT NULL,
  PRIMARY KEY (`id`),
  KEY `user_id` (`user_id`),
  KEY `video_id` (`video_id`),
  KEY `ip_address` (`ip_address`),
  KEY `created_at` (`created_at`),
  KEY `updated_at` (`updated_at`)
) ENGINE=InnoDB DEFAULT CHARSET=utf8mb4 COLLATE=utf8mb4_unicode_520_ci;

-- --------------------------------------------------------

--
-- Table structure for table `ntswebpresto_player_webhooks`
--

CREATE TABLE `ntswebpresto_player_webhooks` (
  `id` bigint(20) unsigned NOT NULL AUTO_INCREMENT,
  `name` varchar(155) COLLATE utf8mb4_unicode_520_ci DEFAULT NULL,
  `url` varchar(255) COLLATE utf8mb4_unicode_520_ci DEFAULT NULL,
  `method` varchar(155) COLLATE utf8mb4_unicode_520_ci DEFAULT NULL,
  `email_name` varchar(155) COLLATE utf8mb4_unicode_520_ci DEFAULT NULL,
  `headers` varchar(255) COLLATE utf8mb4_unicode_520_ci DEFAULT NULL,
  `created_by` bigint(20) unsigned DEFAULT NULL,
  `created_at` timestamp NOT NULL DEFAULT CURRENT_TIMESTAMP,
  `updated_at` timestamp NOT NULL DEFAULT '0000-00-00 00:00:00',
  `deleted_at` timestamp NULL DEFAULT NULL,
  PRIMARY KEY (`id`),
  KEY `name` (`name`)
) ENGINE=InnoDB DEFAULT CHARSET=utf8mb4 COLLATE=utf8mb4_unicode_520_ci;

-- --------------------------------------------------------

--
-- Table structure for table `ntswebsignups`
--

CREATE TABLE `ntswebsignups` (
  `signup_id` bigint(20) NOT NULL AUTO_INCREMENT,
  `domain` varchar(200) COLLATE utf8mb4_unicode_520_ci NOT NULL DEFAULT '',
  `path` varchar(100) COLLATE utf8mb4_unicode_520_ci NOT NULL DEFAULT '',
  `title` longtext COLLATE utf8mb4_unicode_520_ci NOT NULL,
  `user_login` varchar(60) COLLATE utf8mb4_unicode_520_ci NOT NULL DEFAULT '',
  `user_email` varchar(100) COLLATE utf8mb4_unicode_520_ci NOT NULL DEFAULT '',
  `registered` datetime NOT NULL DEFAULT '0000-00-00 00:00:00',
  `activated` datetime NOT NULL DEFAULT '0000-00-00 00:00:00',
  `active` tinyint(1) NOT NULL DEFAULT '0',
  `activation_key` varchar(50) COLLATE utf8mb4_unicode_520_ci NOT NULL DEFAULT '',
  `meta` longtext COLLATE utf8mb4_unicode_520_ci,
  PRIMARY KEY (`signup_id`),
  KEY `activation_key` (`activation_key`),
  KEY `user_email` (`user_email`),
  KEY `user_login_email` (`user_login`,`user_email`),
  KEY `domain_path` (`domain`(140),`path`(51))
) ENGINE=InnoDB  DEFAULT CHARSET=utf8mb4 COLLATE=utf8mb4_unicode_520_ci;

--
-- Dumping data for table `ntswebsignups`
--

INSERT INTO `ntswebsignups` VALUES
(1, '', '', '', 'mubirueddyedward', 'eddiwizzie@gmail.com', '2022-05-28 10:30:52', '2022-05-28 10:35:18', 1, 'HdmXLhSrx0AIFDRUwxLFvxks42Y6MxdX', 'a:5:{s:7:"field_1";s:18:"MUBIRU EDDY EDWARD";s:17:"profile_field_ids";s:1:"1";s:8:"password";s:34:"$P$B5CFpWM61CsoJ1q3vpONugm8eqWjfM.";s:9:"sent_date";s:19:"2022-05-28 10:34:26";s:10:"count_sent";i:5;}'),
(2, '', '', '', 'mugisannet', 'mugisannet@yahoo.com', '2022-06-07 09:02:36', '0000-00-00 00:00:00', 0, '7dBzjeGaS3brFRjQmh6VOlra9rQfyKD3', 'a:5:{s:7:"field_1";s:21:"Murungi Faith Pauline";s:17:"profile_field_ids";s:1:"1";s:8:"password";s:34:"$P$BPy/xNyKwDmOmPf5EEAbtfkqG98utw1";s:9:"sent_date";s:19:"2022-06-07 09:02:36";s:10:"count_sent";i:1;}'),
(3, '', '', '', 'ampeire256', 'jlapotta@gmail.com', '2022-06-09 10:01:03', '2022-06-09 10:17:27', 1, 'NMhOfr1k2qnFHVbca0a57yjv2fQkZR7N', 'a:5:{s:7:"field_1";s:12:"AMPEIRE JOHN";s:17:"profile_field_ids";s:1:"1";s:8:"password";s:34:"$P$BIOxM2EDdfwbBUoOv3O/n3rMEH1Gfb/";s:9:"sent_date";s:19:"2022-06-09 10:16:37";s:10:"count_sent";i:2;}'),
(4, '', '', '', 'balabajohnpeter', 'balabapeterson@gmail.com', '2022-06-09 11:48:32', '0000-00-00 00:00:00', 0, 'RHo1Bd3VrqCkxgeeCWfrY0o53xES6te2', 'a:5:{s:7:"field_1";s:6:"Balaba";s:17:"profile_field_ids";s:1:"1";s:8:"password";s:34:"$P$Bzhj.cEJVbcgUTKI7zTSmRDm4KSoxi1";s:9:"sent_date";s:19:"2022-06-09 11:48:32";s:10:"count_sent";i:1;}'),
(5, '', '', '', 'bigjohnz', 'big256johnz@gmail.com', '2022-06-09 12:18:02', '0000-00-00 00:00:00', 0, '4KtPXIOTcht5Aaxpdsiaf2E4uak3JDfq', 'a:5:{s:7:"field_1";s:6:"Balaba";s:17:"profile_field_ids";s:1:"1";s:8:"password";s:34:"$P$BXQJodRxttV/PiYjckbZrrkwBLsH3L/";s:9:"sent_date";s:19:"2022-06-09 12:37:33";s:10:"count_sent";i:3;}'),
(6, '', '', '', 'sethunya', 'mokgalajwesethunya16@gmail.com', '2022-06-13 10:55:24', '0000-00-00 00:00:00', 0, 'FiPHpJNcrkZ55KpWWj4BYCOLhtWQ2r5F', 'a:5:{s:7:"field_1";s:19:"sethunya mokgalajwe";s:17:"profile_field_ids";s:1:"1";s:8:"password";s:34:"$P$Bw/vQtsQOiWc8kEDMl1FSLmbZM8PS4/";s:9:"sent_date";s:19:"2022-06-13 10:55:25";s:10:"count_sent";i:1;}'),
(7, '', '', '', 'aanyunightgrace', 'aanyugrace17@gmail.com', '2022-06-13 13:35:39', '2022-06-13 13:39:31', 1, 'qEGLrMoKmQVm3OeEXJdmRhaphCIZOvyW', 'a:5:{s:7:"field_1";s:17:"AANYU NIGHT GRACE";s:17:"profile_field_ids";s:1:"1";s:8:"password";s:34:"$P$BL8MAPJSrLWtsaG5CJZ1U8CjTOHn7f/";s:9:"sent_date";s:19:"2022-06-13 13:35:39";s:10:"count_sent";i:1;}'),
(8, '', '', '', 'Kihundeprossy', 'kihundeprossy@gmail.com', '2022-06-15 11:35:58', '0000-00-00 00:00:00', 0, 'NSOTYGnWBKwqRUYoBjLucg2jYOCoHXsD', 'a:5:{s:7:"field_1";s:14:"Kihunde prossy";s:17:"profile_field_ids";s:1:"1";s:8:"password";s:34:"$P$BQVnKWviBuK6FGTw5nhyHYPOaU9Jtb.";s:9:"sent_date";s:19:"2022-06-15 11:35:58";s:10:"count_sent";i:1;}'),
(9, '', '', '', 'NantongoShakirah', 'blessedshakirah15@gmail.com', '2022-06-18 07:26:00', '2022-06-18 07:50:21', 1, 'PwRyCGdHPGyzcUCoO8rofgqx8MkUq8NK', 'a:5:{s:7:"field_1";s:17:"Nantongo Shakirah";s:17:"profile_field_ids";s:1:"1";s:8:"password";s:34:"$P$Bv4CTVi9OGam1h0Rwyfu2.LbJ6uJBV/";s:9:"sent_date";s:19:"2022-06-18 07:48:00";s:10:"count_sent";i:2;}'),
(10, '', '', '', 'KyaligonzaNickson', 'kyaligonzanickson2@gmail.com', '2022-06-20 17:45:18', '0000-00-00 00:00:00', 0, 'wqmk094ljxLbbUfZzeM36HIiPM7l3yHC', 'a:5:{s:7:"field_1";s:18:"Kyaligonza Nickson";s:17:"profile_field_ids";s:1:"1";s:8:"password";s:34:"$P$BYZLJPIPCX3H6owwQ/89Me2SBwRFkP.";s:9:"sent_date";s:19:"2022-06-20 17:45:18";s:10:"count_sent";i:1;}'),
(11, '', '', '', 'Collins', 'arinzona0@yahoo.com', '2022-06-21 11:31:08', '2022-06-21 11:32:16', 1, 'C1eQkUiZXnscUVVL1VmlYCOXFery3UNe', 'a:5:{s:7:"field_1";s:18:"Agu Collins Arinze";s:17:"profile_field_ids";s:1:"1";s:8:"password";s:34:"$P$BHkYnchKmYAQJchWDmJq0vggNvRgX71";s:9:"sent_date";s:19:"2022-06-21 11:31:08";s:10:"count_sent";i:1;}'),
(12, '', '', '', 'Truphy', 'Zilpafwamba@gmail.com', '2022-06-25 08:23:28', '0000-00-00 00:00:00', 0, 'ymbJ6Plv7H3BvFaXf6shP0GLDvJEvOHd', 'a:5:{s:7:"field_1";s:16:"Truphosa Afwamba";s:17:"profile_field_ids";s:1:"1";s:8:"password";s:34:"$P$BY4gc5//T0.o6LmyxrIS1rDB7GF5t11";s:9:"sent_date";s:19:"2022-06-25 08:25:22";s:10:"count_sent";i:2;}'),
(13, '', '', '', 'Collins975', 'aarinze975@gmail.com', '2022-06-29 19:43:19', '0000-00-00 00:00:00', 0, 'mgwWHKIWX3KzhyzIrzx7IAjOM4gEdMUl', 'a:5:{s:7:"field_1";s:18:"Agu Collins Arinze";s:17:"profile_field_ids";s:1:"1";s:8:"password";s:34:"$P$B3ENYXoA59sX5OtNFwDF7MhgAaeSSw0";s:9:"sent_date";s:19:"2022-06-30 06:56:12";s:10:"count_sent";i:3;}'),
(14, '', '', '', 'ARIHOHELLEN', 'hellenariho@gmail.com', '2022-06-30 20:07:05', '0000-00-00 00:00:00', 0, 'HyaNWKZEW0jy44vKRJnrRocCR1edcncn', 'a:5:{s:7:"field_1";s:12:"ARIHO HELLEN";s:17:"profile_field_ids";s:1:"1";s:8:"password";s:34:"$P$BVS.iWB8HWoseSeJ8Ei6keg7z86vnk/";s:9:"sent_date";s:19:"2022-06-30 20:07:06";s:10:"count_sent";i:1;}'),
(15, '', '', '', 'kasiita', 'kasiitamarvin@gmail.com', '2022-07-01 11:23:53', '0000-00-00 00:00:00', 0, 'zSOumQ19NKwo7HbDg0M6sP58l4jkKzfI', 'a:8:{s:7:"field_1";s:20:"Kasiita Peter Claver";s:7:"field_2";s:36:"Bachelors in Midwifery Science (BMS)";s:8:"field_15";s:10:"0784812630";s:19:"field_15_visibility";s:6:"public";s:17:"profile_field_ids";s:6:"1,2,15";s:8:"password";s:34:"$P$BVbqUV2xTua9C4OEoSjVuClI1pfjCK/";s:9:"sent_date";s:19:"2022-07-01 11:23:53";s:10:"count_sent";i:1;}'),
(16, '', '', '', 'kasiita4546', 'kasiitap@hotmail.com', '2022-07-01 14:46:03', '0000-00-00 00:00:00', 0, 'HcDOtosySgTJrET0hgFLqKpUn8LC7JbT', 'a:8:{s:7:"field_1";s:13:"Kasiita Peter";s:7:"field_2";s:29:"Certificate in Midwifery (CM)";s:8:"field_15";s:10:"0700746454";s:19:"field_15_visibility";s:6:"public";s:17:"profile_field_ids";s:6:"1,2,15";s:8:"password";s:34:"$P$BI1UfoX2Kibx6k5ZbrPXEHjh74WKIm/";s:9:"sent_date";s:19:"2022-07-01 14:46:03";s:10:"count_sent";i:1;}'),
(17, '', '', '', 'Ashiraf', 'ashiraf032@gmail.com', '2022-07-12 17:17:05', '0000-00-00 00:00:00', 0, 'AB08efs8Zcg06xFfpSQzYS1IUMgIhGqN', 'a:8:{s:7:"field_1";s:17:"Kisambira Ashiraf";s:7:"field_2";s:27:"Certificate in Nursing (CN)";s:8:"field_15";s:10:"0759271429";s:19:"field_15_visibility";s:6:"public";s:17:"profile_field_ids";s:6:"1,2,15";s:8:"password";s:34:"$P$BSbcbf15s5FYkGKz9fgEePLUDsX0kW1";s:9:"sent_date";s:19:"2022-07-12 17:17:05";s:10:"count_sent";i:1;}'),
(18, '', '', '', 'Charlesward', 'charles1133ward@gmail.com', '2022-07-13 06:24:28', '0000-00-00 00:00:00', 0, 'jK4Qy8w2axUPlSpDujr4gyte0qYZHuPX', 'a:8:{s:7:"field_1";s:16:"Kagugube Charles";s:7:"field_2";s:27:"Certificate in Nursing (CN)";s:8:"field_15";s:10:"0784810432";s:19:"field_15_visibility";s:6:"public";s:17:"profile_field_ids";s:6:"1,2,15";s:8:"password";s:34:"$P$Bwkp24hSJ7.TC0xv4aIdi293uB247Y0";s:9:"sent_date";s:19:"2022-07-13 06:24:28";s:10:"count_sent";i:1;}'),
(19, '', '', '', 'ashi', 'ashi032raf@gmail.com', '2022-07-14 18:58:19', '0000-00-00 00:00:00', 0, '635UjwT9WDkTkDpGJxRl1FTn7FnhVVRb', 'a:8:{s:7:"field_1";s:17:"Kisambira Ashiraf";s:7:"field_2";s:27:"Certificate in Nursing (CN)";s:8:"field_15";s:10:"0759271429";s:19:"field_15_visibility";s:6:"public";s:17:"profile_field_ids";s:6:"1,2,15";s:8:"password";s:34:"$P$B83a1i0.CHR9XUYQ219YkYeH5kU0NI0";s:9:"sent_date";s:19:"2022-07-14 19:04:59";s:10:"count_sent";i:2;}'),
(20, '', '', '', 'fallahrichard', 'fallahrichard20@gmail.com', '2022-07-17 14:07:05', '0000-00-00 00:00:00', 0, 'tFhspCW5qg9nKCFgvzcYGKuu36MwGmH0', 'a:8:{s:7:"field_1";s:14:"Fallah Richard";s:7:"field_2";s:35:"Diploma in Nursing (DDN) – Direct";s:8:"field_15";s:11:"+2203855428";s:19:"field_15_visibility";s:6:"public";s:17:"profile_field_ids";s:6:"1,2,15";s:8:"password";s:34:"$P$B/ltZYlNcEFxrDGgw4SXfvipUgREvE0";s:9:"sent_date";s:19:"2022-07-17 14:07:05";s:10:"count_sent";i:1;}'),
(21, '', '', '', 'fallah12@', 'fallahrichard1@gmail.com', '2022-07-18 00:22:44', '0000-00-00 00:00:00', 0, 'wApxd03p96bk3EqAYSsB8Llelb5DFcFG', 'a:8:{s:7:"field_1";s:14:"Fallah Richard";s:7:"field_2";s:27:"Certificate in Nursing (CN)";s:8:"field_15";s:11:"+2203855428";s:19:"field_15_visibility";s:6:"public";s:17:"profile_field_ids";s:6:"1,2,15";s:8:"password";s:34:"$P$BrgAJaJXIExQhz21i2ib93VleS3cs80";s:9:"sent_date";s:19:"2022-07-18 00:54:23";s:10:"count_sent";i:2;}'),
(22, '', '', '', 'NamwanoKPatience', 'namwanopatience@gmail.com', '2022-07-18 17:01:46', '2022-07-18 17:08:28', 1, 'q5iE0VlybAlMTaOi8ZIpzqNBVlPJ4qvS', 'a:8:{s:7:"field_1";s:22:"Namwano Patience Kusol";s:7:"field_2";s:27:"Certificate in Nursing (CN)";s:8:"field_15";s:10:"0778233198";s:19:"field_15_visibility";s:6:"public";s:17:"profile_field_ids";s:6:"1,2,15";s:8:"password";s:34:"$P$BJjRVRIId0J.TW4HIx.qJq1e3v4bgh/";s:9:"sent_date";s:19:"2022-07-18 17:07:35";s:10:"count_sent";i:2;}'),
(23, '', '', '', 'amonojacqueline@gmail.com', 'amonojacqueline@gmail.com', '2022-07-19 18:11:30', '0000-00-00 00:00:00', 0, 'e8y9Mw0SIcaDYPyyoKNrU9Tu5yZII1ET', 'a:8:{s:7:"field_1";s:13:"Odur Jonathan";s:7:"field_2";s:61:"Diploma in Medical Laboratory Technology (DMLT) – Upgrading";s:8:"field_15";s:9:"777926975";s:19:"field_15_visibility";s:6:"public";s:17:"profile_field_ids";s:6:"1,2,15";s:8:"password";s:34:"$P$BOb66LaDjPftfZL0Q0MO35PMZeTtX2/";s:9:"sent_date";s:19:"2022-07-19 18:11:30";s:10:"count_sent";i:1;}'),
(24, '', '', '', 'Grobie', 'robieg585@gmail.com', '2022-07-24 09:49:27', '2022-12-23 16:00:53', 1, 'osAHYHwPsnOqmIx3uBvIJ98w54iOlNSm', 'a:8:{s:7:"field_1";s:15:"Robert GAMUKAMA";s:7:"field_2";s:61:"Diploma in Medical Laboratory Technology (DMLT) – Upgrading";s:8:"field_15";s:10:"0781240900";s:19:"field_15_visibility";s:6:"public";s:17:"profile_field_ids";s:6:"1,2,15";s:8:"password";s:34:"$P$B5gLKNs.dzSGD4MGb5wyUb215qmJW41";s:9:"sent_date";s:19:"2022-12-23 16:00:21";s:10:"count_sent";i:2;}'),
(25, '', '', '', 'KatoJohnbaptistSsonko', 'kjbssonko@gmail.com', '2022-08-02 11:24:14', '2022-08-02 11:30:17', 1, 'NthO5UjgXYLsPkTmSvrRLMgp8KDPyFTz', 'a:8:{s:7:"field_1";s:23:"Kato Johnbaptist Ssonko";s:7:"field_2";s:37:"Diploma in Nursing (DN) – Upgrading";s:8:"field_15";s:10:"0751955925";s:19:"field_15_visibility";s:6:"public";s:17:"profile_field_ids";s:6:"1,2,15";s:8:"password";s:34:"$P$Br4fbIS8t6wRenWRz.M8SAm9uTM9vO/";s:9:"sent_date";s:19:"2022-08-02 11:29:37";s:10:"count_sent";i:2;}'),
(26, '', '', '', 'MORUCHRISTINE', 'moruchristine@gmail.com', '2022-08-04 14:56:34', '0000-00-00 00:00:00', 0, '3UqbDTwMpaMtzjq76bQzyQdMVGtaUawg', 'a:8:{s:7:"field_1";s:14:"MORU CHRISTINE";s:7:"field_2";s:36:"Bachelors in Midwifery Science (BMS)";s:8:"field_15";s:10:"0777691111";s:19:"field_15_visibility";s:6:"public";s:17:"profile_field_ids";s:6:"1,2,15";s:8:"password";s:34:"$P$BS0bWfk8nFCR0FxZeqJMz2f.pFEuBz0";s:9:"sent_date";s:19:"2022-08-04 15:16:28";s:10:"count_sent";i:2;}'),
(27, '', '', '', 'besigyevictorbrian', 'besigyebrian23@gmail.com', '2022-08-12 18:44:14', '0000-00-00 00:00:00', 0, '41HG8F11JPE7IyetnPtD0Hfkd7ToN7pt', 'a:8:{s:7:"field_1";s:20:"Besigye Victor brian";s:7:"field_2";s:61:"Diploma in Medical Laboratory Technology (DMLT) – Upgrading";s:8:"field_15";s:10:"0784639703";s:19:"field_15_visibility";s:6:"public";s:17:"profile_field_ids";s:6:"1,2,15";s:8:"password";s:34:"$P$BumrQ6N3hmD5yWvDNR1UqZtU.LWXIM/";s:9:"sent_date";s:19:"2022-08-17 10:04:38";s:10:"count_sent";i:11;}'),
(28, '', '', '', 'ocereks', 'ocerekedeabraham@gmail.com', '2022-08-13 08:17:51', '0000-00-00 00:00:00', 0, 'jl2OLrzNY189Us7cKKQJClts1Q8Holzj', 'a:8:{s:7:"field_1";s:17:"OCEREKEDE ABRAHAM";s:7:"field_2";s:37:"Diploma in Nursing (DN) – Upgrading";s:8:"field_15";s:10:"0755642715";s:19:"field_15_visibility";s:6:"public";s:17:"profile_field_ids";s:6:"1,2,15";s:8:"password";s:34:"$P$BcUPkDHjg8j5BnQ1fh1Tc.f0AcoUsi0";s:9:"sent_date";s:19:"2022-08-13 08:21:47";s:10:"count_sent";i:3;}'),
(29, '', '', '', 'kingdominathor', 'geofreyamunyuku@gmail.com', '2022-08-17 18:20:52', '0000-00-00 00:00:00', 0, 'N7IF3JEI4nWodJu0FErvR8eg78Uxg0eV', 'a:8:{s:7:"field_1";s:16:"Geofrey Amunyuku";s:7:"field_2";s:61:"Diploma in Medical Laboratory Technology (DMLT) – Upgrading";s:8:"field_15";s:10:"0775263314";s:19:"field_15_visibility";s:10:"adminsonly";s:17:"profile_field_ids";s:6:"1,2,15";s:8:"password";s:34:"$P$BH56wZ1wXMuyYlP0O7MNcjdKLLQuz81";s:9:"sent_date";s:19:"2022-08-18 09:43:11";s:10:"count_sent";i:4;}'),
(30, '', '', '', 'TUSIIMIRAHOFLORIDA', 'floridatusiimire@gmail.com', '2022-08-18 05:39:57', '2022-08-18 06:21:40', 1, 'QqWklMFu8MUqBfH4ohyE4zyTrBix5sIh', 'a:8:{s:7:"field_1";s:19:"TUSIIMIRAHO FLORIDA";s:7:"field_2";s:36:"Bachelors in Midwifery Science (BMS)";s:8:"field_15";s:10:"0778726030";s:19:"field_15_visibility";s:6:"public";s:17:"profile_field_ids";s:6:"1,2,15";s:8:"password";s:34:"$P$BiFACLM/dflj/K7YiXtZPd8FrcbuhY.";s:9:"sent_date";s:19:"2022-08-18 06:19:39";s:10:"count_sent";i:2;}'),
(31, '', '', '', 'amgeofrey', '91kingdomination@gmail.com', '2022-08-18 11:18:36', '0000-00-00 00:00:00', 0, 'Ky3WE83tk4H96NFU73fKhSppGPHsRnfM', 'a:8:{s:7:"field_1";s:16:"Geofrey Amunyuku";s:7:"field_2";s:61:"Diploma in Medical Laboratory Technology (DMLT) – Upgrading";s:8:"field_15";s:10:"0775263314";s:19:"field_15_visibility";s:10:"adminsonly";s:17:"profile_field_ids";s:6:"1,2,15";s:8:"password";s:34:"$P$BL0Ff//M2dAbFltLVKqPAiexRaYtiz0";s:9:"sent_date";s:19:"2022-08-18 11:18:36";s:10:"count_sent";i:1;}'),
(32, '', '', '', 'ajaloSandra96', 'ajsandra8@gmail.com', '2022-08-23 20:22:24', '0000-00-00 00:00:00', 0, 'dgQJIeZJfIav6rOfJMmVgN9Wak64N5pb', 'a:8:{s:7:"field_1";s:6:"Sandra";s:7:"field_2";s:27:"Certificate in Nursing (CN)";s:8:"field_15";s:10:"0752063636";s:19:"field_15_visibility";s:10:"adminsonly";s:17:"profile_field_ids";s:6:"1,2,15";s:8:"password";s:34:"$P$BOFnVRcZSIjog9VzKjEh.nnIm6sdTB1";s:9:"sent_date";s:19:"2022-08-23 20:22:25";s:10:"count_sent";i:1;}'),
(33, '', '', '', 'GeraldE', 'geraldekwaro8@gmail.com', '2022-08-27 12:19:42', '0000-00-00 00:00:00', 0, 'A4vYNWS6dB1hevmAVXdk2DR2fzuml3QM', 'a:8:{s:7:"field_1";s:13:"Gerald Ekwaro";s:7:"field_2";s:37:"Diploma in Nursing (DN) – Upgrading";s:8:"field_15";s:14:"+256 752491633";s:19:"field_15_visibility";s:6:"public";s:17:"profile_field_ids";s:6:"1,2,15";s:8:"password";s:34:"$P$Be8mZv3CzZdPyUzhtPXaVAUuP6iSwD0";s:9:"sent_date";s:19:"2022-08-27 12:23:50";s:10:"count_sent";i:3;}'),
(34, '', '', '', 'ENOCH', 'batazeenock@gmail.com', '2022-08-27 17:47:43', '0000-00-00 00:00:00', 0, 'ysovq7G4Iv8jeGwo9mcm3uzjuHo6ysby', 'a:8:{s:7:"field_1";s:12:"BATAZE ENOCH";s:7:"field_2";s:58:"Diploma in Medical Laboratory Technology (DMLT) – Direct";s:8:"field_15";s:10:"0757704593";s:19:"field_15_visibility";s:6:"public";s:17:"profile_field_ids";s:6:"1,2,15";s:8:"password";s:34:"$P$BWI4wv363W7Dy00zNOhXmuhhQBHEYl.";s:9:"sent_date";s:19:"2022-08-27 18:10:34";s:10:"count_sent";i:3;}'),
(35, '', '', '', 'ENOQ', 'enochmuweranaigedhe@gmail.com', '2022-08-27 18:24:24', '2022-08-27 18:38:35', 1, '30Kzc7ZhQjzcddVtWEAwVQRFyoo0vIuf', 'a:8:{s:7:"field_1";s:12:"ENOCK BATAZE";s:7:"field_2";s:58:"Diploma in Medical Laboratory Technology (DMLT) – Direct";s:8:"field_15";s:10:"0757704593";s:19:"field_15_visibility";s:6:"public";s:17:"profile_field_ids";s:6:"1,2,15";s:8:"password";s:34:"$P$BWXdz3mhTByLvNSTPnV/oNRyU.RJz5.";s:9:"sent_date";s:19:"2022-08-27 18:24:25";s:10:"count_sent";i:1;}'),
(36, '', '', '', 'rhodahkemirembe', 'rhodahkemirembe@gmail.com', '2022-08-31 15:52:25', '0000-00-00 00:00:00', 0, 'F5FLBDRZrsb43QKgtz7a2K118YUf5D02', 'a:8:{s:7:"field_1";s:16:"Rhodah kemirembe";s:7:"field_2";s:27:"Certificate in Nursing (CN)";s:8:"field_15";s:10:"0753748631";s:19:"field_15_visibility";s:10:"adminsonly";s:17:"profile_field_ids";s:6:"1,2,15";s:8:"password";s:34:"$P$BvT4lZrXmc/snofXDTKLpGvlqBAgAa0";s:9:"sent_date";s:19:"2022-09-05 15:34:10";s:10:"count_sent";i:6;}'),
(37, '', '', '', '@emmanuel1', 'emmanuelwamulongo.d@gmail.com', '2022-09-02 23:59:32', '0000-00-00 00:00:00', 0, '4NWEKUbh8S7R9wpWK1WGBMz9UzTS2cTZ', 'a:8:{s:7:"field_1";s:25:"Wamulongo Emmanuel Derick";s:7:"field_2";s:58:"Diploma in Medical Laboratory Technology (DMLT) – Direct";s:8:"field_15";s:10:"0787986813";s:19:"field_15_visibility";s:6:"public";s:17:"profile_field_ids";s:6:"1,2,15";s:8:"password";s:34:"$P$B00YlXnwxLN17mrbPXOVs0mYK6KOiZ/";s:9:"sent_date";s:19:"2022-09-02 23:59:32";s:10:"count_sent";i:1;}'),
(38, '', '', '', 'kutosijoseph', 'kutosijosephn9@gmail.com', '2022-09-03 11:45:20', '0000-00-00 00:00:00', 0, 'ZGBsciHD5SY0TParEaPrlGJENrxCaqUs', 'a:8:{s:7:"field_1";s:13:"Kutosi Joseph";s:7:"field_2";s:27:"Certificate in Nursing (CN)";s:8:"field_15";s:10:"0780852438";s:19:"field_15_visibility";s:6:"public";s:17:"profile_field_ids";s:6:"1,2,15";s:8:"password";s:34:"$P$B.gzwMAXGPSxRtr3bA3t12gnpCG1qJ/";s:9:"sent_date";s:19:"2022-09-03 11:45:20";s:10:"count_sent";i:1;}'),
(39, '', '', '', 'NakabuyeRosemary', 'rosemarynakabuye26@gmail.com', '2022-09-06 04:24:42', '0000-00-00 00:00:00', 0, 'Dw06SbwDPfGR7pxDDiKe63yoRGseGEFY', 'a:8:{s:7:"field_1";s:17:"Nakabuye Rosemary";s:7:"field_2";s:29:"Certificate in Midwifery (CM)";s:8:"field_15";s:10:"0776957988";s:19:"field_15_visibility";s:6:"public";s:17:"profile_field_ids";s:6:"1,2,15";s:8:"password";s:34:"$P$BEtojbRhYlrvhHoGDt5hYC6DeYuTwD.";s:9:"sent_date";s:19:"2022-09-06 04:24:42";s:10:"count_sent";i:1;}'),
(40, '', '', '', 'Isaaclochiam', 'isaac2804@yahoo.com', '2022-09-07 07:19:57', '2022-09-07 07:21:06', 1, 'V5rCmDi1LdZYHXtgUXAZc8jTun94ALzv', 'a:8:{s:7:"field_1";s:13:"Lochiam Isaac";s:7:"field_2";s:37:"Diploma in Nursing (DN) – Upgrading";s:8:"field_15";s:10:"0778754675";s:19:"field_15_visibility";s:6:"public";s:17:"profile_field_ids";s:6:"1,2,15";s:8:"password";s:34:"$P$BigOcPwGNmb/tuh8ZKa88/vjKjJ4ri1";s:9:"sent_date";s:19:"2022-09-07 07:19:57";s:10:"count_sent";i:1;}'),
(41, '', '', '', 'jbmulindwa', 'johnbaptist.s.mulindwa@gmail.com', '2022-09-09 20:31:51', '0000-00-00 00:00:00', 0, 'xeXgNqAOvdFB7jZ57Fe4KDUpwGn1fn5j', 'a:8:{s:7:"field_1";s:13:"John mulindwa";s:7:"field_2";s:27:"Certificate in Nursing (CN)";s:8:"field_15";s:9:"078545945";s:19:"field_15_visibility";s:6:"public";s:17:"profile_field_ids";s:6:"1,2,15";s:8:"password";s:34:"$P$B7t3gNgT./M.voSsvTWUxZ9n7s0rzz0";s:9:"sent_date";s:19:"2022-09-09 20:31:51";s:10:"count_sent";i:1;}'),
(42, '', '', '', 'busuulwa', 'kennethbusuulwa251@gmail.com', '2022-09-22 07:04:24', '0000-00-00 00:00:00', 0, 'eDOk3QHDRb66IipyvZf91E4k18b6lBzl', 'a:8:{s:7:"field_1";s:8:"Busuulwa";s:7:"field_2";s:37:"Diploma in Nursing (DN) – Upgrading";s:8:"field_15";s:10:"0741773537";s:19:"field_15_visibility";s:6:"public";s:17:"profile_field_ids";s:6:"1,2,15";s:8:"password";s:34:"$P$BXCASjfj0uYI.CozCTdPcOgOcSD8Sg/";s:9:"sent_date";s:19:"2022-09-22 07:04:24";s:10:"count_sent";i:1;}'),
(43, '', '', '', 'nabiryemeble', 'quadyaf@gmail.com', '2022-10-14 13:32:56', '0000-00-00 00:00:00', 0, 'KDfpWnYh15gTX7HaBZQDqtpde6nBWMT5', 'a:8:{s:7:"field_1";s:13:"Nabirye Meble";s:7:"field_2";s:61:"Diploma in Medical Laboratory Technology (DMLT) – Upgrading";s:8:"field_15";s:10:"0785173791";s:19:"field_15_visibility";s:6:"public";s:17:"profile_field_ids";s:6:"1,2,15";s:8:"password";s:34:"$P$BaMyN9A/3haoLNoIR08JRvh02sbqTe0";s:9:"sent_date";s:19:"2022-10-14 13:32:56";s:10:"count_sent";i:1;}'),
(44, '', '', '', 'Kastim360', 'kasikotimothy360@gmail.com', '2022-10-29 02:09:43', '0000-00-00 00:00:00', 0, 'iZPxYfR5ifLZqV9T5DP6VpRka9jDpTy3', 'a:8:{s:7:"field_1";s:14:"Kasiko Timothy";s:7:"field_2";s:37:"Diploma in Nursing (DN) – Upgrading";s:8:"field_15";s:10:"0751777491";s:19:"field_15_visibility";s:6:"public";s:17:"profile_field_ids";s:6:"1,2,15";s:8:"password";s:34:"$P$BRHNJmpoNEVGptIv4.PWc.9SGDDtJu1";s:9:"sent_date";s:19:"2022-10-29 02:09:43";s:10:"count_sent";i:1;}'),
(45, '', '', '', 'Valentino', 'mkitimbo97@gmail.com', '2022-11-13 17:11:01', '2022-11-13 17:14:42', 1, 'ALDR7LacUw1nbyR6en6eR9riEFoB7LsA', 'a:8:{s:7:"field_1";s:13:"Ajong Deborah";s:7:"field_2";s:35:"Diploma in Nursing (DDN) – Direct";s:8:"field_15";s:13:"+211925503649";s:19:"field_15_visibility";s:6:"public";s:17:"profile_field_ids";s:6:"1,2,15";s:8:"password";s:34:"$P$BsOGbAXGtEK43GJpuvH5/1uHRB5vKU0";s:9:"sent_date";s:19:"2022-11-13 17:11:02";s:10:"count_sent";i:1;}'),
(46, '', '', '', 'Abitopamela', 'abitopamela@gmail.com', '2022-11-15 18:30:13', '0000-00-00 00:00:00', 0, 'QrvS8p8uSuMbpGn6YLz4d9at6GjGPhV3', 'a:8:{s:7:"field_1";s:12:"Abito Pamela";s:7:"field_2";s:58:"Diploma in Medical Laboratory Technology (DMLT) – Direct";s:8:"field_15";s:10:"0761819727";s:19:"field_15_visibility";s:6:"public";s:17:"profile_field_ids";s:6:"1,2,15";s:8:"password";s:34:"$P$ByUoOm1mV3f8HXdXAuLA/ksd/gy/Gu/";s:9:"sent_date";s:19:"2022-11-15 18:40:52";s:10:"count_sent";i:5;}'),
(47, '', '', '', 'KatoBenjamin', 'benjaminkato798@gmail.com', '2022-11-21 12:06:00', '2022-11-21 12:07:16', 1, 'uNocGoqFiEfRF7rgl4fSITc30xeYV3wa', 'a:8:{s:7:"field_1";s:13:"Kayo Benjamin";s:7:"field_2";s:51:"Certificate in Medical Laboratory Technology (CMLT)";s:8:"field_15";s:10:"0780162959";s:19:"field_15_visibility";s:6:"public";s:17:"profile_field_ids";s:6:"1,2,15";s:8:"password";s:34:"$P$B6AuZv3cUyw5ZhdCRTZCBAgMbkMwT10";s:9:"sent_date";s:19:"2022-11-21 12:06:00";s:10:"count_sent";i:1;}'),
(48, '', '', '', 'mugerwaandrew', 'andrewmugerwa470@gmail.com', '2022-12-05 11:39:58', '0000-00-00 00:00:00', 0, 'FNUmUaYKVYfOu4qChPRpaw1NvyoO2bx1', 'a:8:{s:7:"field_1";s:14:"Mugerwa andrew";s:7:"field_2";s:61:"Diploma in Medical Laboratory Technology (DMLT) – Upgrading";s:8:"field_15";s:21:"0786459366/0759623120";s:19:"field_15_visibility";s:6:"public";s:17:"profile_field_ids";s:6:"1,2,15";s:8:"password";s:34:"$P$BqKBrl4rCMVjhmlKb8vVCNxcQQKNxl.";s:9:"sent_date";s:19:"2022-12-05 11:39:58";s:10:"count_sent";i:1;}'),
(49, '', '', '', 'immaculatenakirijja2@gmail.com', 'immaculatenakirijja2@gmail.com', '2022-12-06 15:52:30', '2022-12-11 09:54:21', 1, '5TGIbJKh4SMKbgOFpL318bHBDKd5IBWM', 'a:8:{s:7:"field_1";s:20:"Nakirijja Immaculate";s:7:"field_2";s:38:"Diploma in Midwifery E-Learning (DMeL)";s:8:"field_15";s:10:"0754727430";s:19:"field_15_visibility";s:6:"public";s:17:"profile_field_ids";s:6:"1,2,15";s:8:"password";s:34:"$P$B0LRPdKZwE4tbziOoqBu8PgTxhnVLj0";s:9:"sent_date";s:19:"2022-12-06 15:52:31";s:10:"count_sent";i:1;}'),
(50, '', '', '', 'MarionMwete', 'marionmwete@gmail.com', '2022-12-09 19:32:20', '0000-00-00 00:00:00', 0, 'zFH2OhVHKrIkgz9mcp584DRTIw39jGyL', 'a:8:{s:7:"field_1";s:12:"Mwete Marion";s:7:"field_2";s:58:"Diploma in Medical Laboratory Technology (DMLT) – Direct";s:8:"field_15";s:10:"0773764690";s:19:"field_15_visibility";s:6:"public";s:17:"profile_field_ids";s:6:"1,2,15";s:8:"password";s:34:"$P$BpfGNsPlg/sRT39hVnRTtkprDpIDzl1";s:9:"sent_date";s:19:"2022-12-09 19:32:20";s:10:"count_sent";i:1;}'),
(51, '', '', '', 'RuthTekisooka', 'ruthtekisooka@yahoo.com', '2022-12-19 19:09:20', '0000-00-00 00:00:00', 0, 'v5ooxLhdG2s7R4JwBdsK3EIAQl3FgcVC', 'a:8:{s:7:"field_1";s:6:"Ruth T";s:7:"field_2";s:29:"Certificate in Midwifery (CM)";s:8:"field_15";s:10:"0751720790";s:19:"field_15_visibility";s:6:"public";s:17:"profile_field_ids";s:6:"1,2,15";s:8:"password";s:34:"$P$B49ZKkQ8ruiPN0qlca9jnhefcBMxB6/";s:9:"sent_date";s:19:"2022-12-19 19:09:20";s:10:"count_sent";i:1;}'),
(52, '', '', '', 'MargaretNalubulwa', 'lubulwamaggie@gmail.com', '2022-12-21 08:25:17', '2022-12-24 17:41:51', 1, 'SLqrncC1hcI9z6LMas79kG2xEcCaqMZr', 'a:8:{s:7:"field_1";s:18:"Nalubulwa Margaret";s:7:"field_2";s:58:"Diploma in Medical Laboratory Technology (DMLT) – Direct";s:8:"field_15";s:10:"0779167349";s:19:"field_15_visibility";s:6:"public";s:17:"profile_field_ids";s:6:"1,2,15";s:8:"password";s:34:"$P$B6Sc/B0diEbmopRKe3bE00DtzGeyZ41";s:9:"sent_date";s:19:"2022-12-21 08:25:17";s:10:"count_sent";i:1;}'),
(53, '', '', '', 'Nashiba', 'xnashiba@gmail.com', '2022-12-22 22:13:57', '0000-00-00 00:00:00', 0, 'NrLExtnPtGsj5jziKbpDJJNvzP9E9TvM', 'a:8:{s:7:"field_1";s:15:"Kwizira Nashiba";s:7:"field_2";s:51:"Certificate in Medical Laboratory Technology (CMLT)";s:8:"field_15";s:10:"0740418759";s:19:"field_15_visibility";s:6:"public";s:17:"profile_field_ids";s:6:"1,2,15";s:8:"password";s:34:"$P$BbjfwcaQ2AMMDof7E7UxAdsQRBgbB10";s:9:"sent_date";s:19:"2022-12-22 22:13:57";s:10:"count_sent";i:1;}'),
(54, '', '', '', 'NalubegaChristine', 'aggiechristine7@gmail.com', '2022-12-26 09:52:17', '0000-00-00 00:00:00', 0, 'NpvLxwhIsmw01Q5FON0qRgRtOGcguUJ5', 'a:8:{s:7:"field_1";s:24:"Kabali Nandawula Cabrine";s:7:"field_2";s:29:"Certificate in Midwifery (CM)";s:8:"field_15";s:10:"0772837445";s:19:"field_15_visibility";s:6:"public";s:17:"profile_field_ids";s:6:"1,2,15";s:8:"password";s:34:"$P$BtGs7JErAiug.YEzaBqCQqdmMn1lm.0";s:9:"sent_date";s:19:"2022-12-26 09:52:17";s:10:"count_sent";i:1;}'),
(55, '', '', '', 'Awio02560', 'andyawiogoe@gmail.com', '2022-12-27 14:56:52', '0000-00-00 00:00:00', 0, '9WVkLLSXjovpXTxy2LuCCzc7bq0V8NGE', 'a:8:{s:7:"field_1";s:11:"Awio Andrew";s:7:"field_2";s:51:"Certificate in Medical Laboratory Technology (CMLT)";s:8:"field_15";s:10:"0772639575";s:19:"field_15_visibility";s:6:"public";s:17:"profile_field_ids";s:6:"1,2,15";s:8:"password";s:34:"$P$BvbWdPnx7NNLm4oJC9lDqhh3VM4VTN/";s:9:"sent_date";s:19:"2022-12-27 14:56:53";s:10:"count_sent";i:1;}'),
(56, '', '', '', 'leaticia', 'leaticianambafu@gmail.com', '2022-12-29 12:34:06', '2023-01-09 15:46:47', 1, 'UM9ee6Lq6rkGlIqj2emONGyKbXiZXFWK', 'a:8:{s:7:"field_1";s:8:"Leaticia";s:7:"field_2";s:38:"Diploma in Midwifery E-Learning (DMeL)";s:8:"field_15";s:10:"0771494625";s:19:"field_15_visibility";s:6:"public";s:17:"profile_field_ids";s:6:"1,2,15";s:8:"password";s:34:"$P$B1Sg6byTKEohKyPN18jfVh1UaTUYQW.";s:9:"sent_date";s:19:"2022-12-29 12:34:06";s:10:"count_sent";i:1;}'),
(57, '', '', '', 'karungiagnesprettysylvia', 'prettyksylvia19@gmail.com', '2023-01-04 19:35:02', '2023-01-04 20:47:59', 1, 'K8RFpNIjGnwn7rpIAt1USVi4MBhIF5Yf', 'a:8:{s:7:"field_1";s:20:"Karungi agnes pretty";s:7:"field_2";s:61:"Diploma in Medical Laboratory Technology (DMLT) – Upgrading";s:8:"field_15";s:10:"0780490659";s:19:"field_15_visibility";s:6:"public";s:17:"profile_field_ids";s:6:"1,2,15";s:8:"password";s:34:"$P$Bh/HiiwwBrrMSIzXeMvGH/t7J/.b5s1";s:9:"sent_date";s:19:"2023-01-04 19:35:03";s:10:"count_sent";i:1;}'),
(58, '', '', '', 'mildred.bwaligonza', 'bwaligonzam@gmail.com', '2023-01-07 22:06:02', '0000-00-00 00:00:00', 0, 'fS1aV3ePoJQPb3PU0Sfdp7lifZM3XzN5', 'a:8:{s:7:"field_1";s:18:"Bwaligonza mildred";s:7:"field_2";s:36:"Bachelors in Midwifery Science (BMS)";s:8:"field_15";s:10:"0785796476";s:19:"field_15_visibility";s:6:"public";s:17:"profile_field_ids";s:6:"1,2,15";s:8:"password";s:34:"$P$BqJ2HCWr4qbkeU/8n3IQvDJ9rC4mJd.";s:9:"sent_date";s:19:"2023-01-07 22:08:26";s:10:"count_sent";i:2;}'),
(59, '', '', '', 'Trishtrix', 'trishteddy57@gmail.com', '2023-01-14 13:47:06', '0000-00-00 00:00:00', 0, 'g7dG2c1AYlj0oivkwbUiv7xHJUrkJFtx', 'a:8:{s:7:"field_1";s:14:"Nangendo teddy";s:7:"field_2";s:58:"Diploma in Medical Laboratory Technology (DMLT) – Direct";s:8:"field_15";s:10:"0702465215";s:19:"field_15_visibility";s:6:"public";s:17:"profile_field_ids";s:6:"1,2,15";s:8:"password";s:34:"$P$BvYVmYQqlcxTQ9jf6nIJeYywtFj9c81";s:9:"sent_date";s:19:"2023-01-14 13:47:06";s:10:"count_sent";i:1;}'),
(60, '', '', '', 'peteropoka', 'peteropoka868@gmail.com', '2023-01-14 15:22:20', '0000-00-00 00:00:00', 0, '5scEINGhklNWE4roKaQP52EdS1BQZ6Ff', 'a:8:{s:7:"field_1";s:11:"Opoka peter";s:7:"field_2";s:51:"Certificate in Medical Laboratory Technology (CMLT)";s:8:"field_15";s:13:"+211928978419";s:19:"field_15_visibility";s:6:"public";s:17:"profile_field_ids";s:6:"1,2,15";s:8:"password";s:34:"$P$BuB.qdBtlI1Ztj4tTXKo5UPWGsXqzY0";s:9:"sent_date";s:19:"2023-01-14 15:22:20";s:10:"count_sent";i:1;}'),
(61, '', '', '', 'recho', 'lamunurecho@gmail.com', '2023-02-15 08:57:39', '0000-00-00 00:00:00', 0, 'wvXtY5980emBYhAd23T1lmBzSwdxpUj3', 'a:8:{s:7:"field_1";s:14:"Lamunu rachael";s:7:"field_2";s:29:"Certificate in Midwifery (CM)";s:8:"field_15";s:10:"0783272254";s:19:"field_15_visibility";s:6:"public";s:17:"profile_field_ids";s:6:"1,2,15";s:8:"password";s:34:"$P$B7qztVErRHfdaHRV81k9dJx2UpxCf//";s:9:"sent_date";s:19:"2023-02-15 08:57:39";s:10:"count_sent";i:1;}'),
(62, '', '', '', 'okechgeorge555@gmail.com', 'okechgeorge555@gmail.com', '2023-02-18 11:30:34', '2023-02-18 11:42:35', 1, 'afyvRVUWuigEA1Kqcq1wb1BJRy4DxWu7', 'a:8:{s:7:"field_1";s:20:"Apunyu michael James";s:7:"field_2";s:27:"Certificate in Nursing (CN)";s:8:"field_15";s:10:"0774400518";s:19:"field_15_visibility";s:6:"public";s:17:"profile_field_ids";s:6:"1,2,15";s:8:"password";s:34:"$P$BxslJ1dpGnTdE8SBNdEj/jez1TwQ1..";s:9:"sent_date";s:19:"2023-02-18 11:39:28";s:10:"count_sent";i:4;}'),
(63, '', '', '', 'Dorry256', 'orishabadoreen18@gmail.com', '2023-02-18 16:34:46', '0000-00-00 00:00:00', 0, 'L411c8WyJK0n1627gmUaX6PSbNVjLo8Z', 'a:8:{s:7:"field_1";s:15:"Orishaba Doreen";s:7:"field_2";s:29:"Certificate in Midwifery (CM)";s:8:"field_15";s:10:"0778714903";s:19:"field_15_visibility";s:6:"public";s:17:"profile_field_ids";s:6:"1,2,15";s:8:"password";s:34:"$P$B6TKdkpfJvgRomz8Hztjt9nTBEvmjf/";s:9:"sent_date";s:19:"2023-02-18 16:41:27";s:10:"count_sent";i:2;}'),
(64, '', '', '', 'odyekjoshuaallan', 'ugdyekoz@gmail.com', '2023-02-18 20:17:14', '2023-02-26 18:34:34', 1, 'XomwZFFDCDHc5Nsbow2d2zom2kNgFEDs', 'a:8:{s:7:"field_1";s:6:"Joshua";s:7:"field_2";s:27:"Certificate in Nursing (CN)";s:8:"field_15";s:10:"0761432233";s:19:"field_15_visibility";s:6:"public";s:17:"profile_field_ids";s:6:"1,2,15";s:8:"password";s:34:"$P$BvYZiQ1Ui/a5eBmDKjUvKgkg8fJrs1/";s:9:"sent_date";s:19:"2023-02-26 18:19:32";s:10:"count_sent";i:3;}'),
(65, '', '', '', 'sandranyakato', 'sandranyakato64@gmail.com', '2023-02-19 07:46:33', '2023-02-19 07:59:16', 1, 'gu3MvGPKGmIqVdFXQxXjyZ9ewdE9Oqjl', 'a:8:{s:7:"field_1";s:14:"Nyakato sandra";s:7:"field_2";s:37:"Diploma in Nursing (DN) – Upgrading";s:8:"field_15";s:10:"0753552916";s:19:"field_15_visibility";s:6:"public";s:17:"profile_field_ids";s:6:"1,2,15";s:8:"password";s:34:"$P$BtbqNv3i8NiSnq71QJsOpUmSV4yBSF.";s:9:"sent_date";s:19:"2023-02-19 07:58:44";s:10:"count_sent";i:2;}'),
(66, '', '', '', 'nasirumbibrenda', 'brendanasirumbi2@gmail.com', '2023-02-19 09:41:58', '0000-00-00 00:00:00', 0, 'p36kRfxdvdUlWLGmeYYkRsk1Rqc7OymJ', 'a:8:{s:7:"field_1";s:16:"Nasirumbi Brenda";s:7:"field_2";s:27:"Certificate in Nursing (CN)";s:8:"field_15";s:10:"0750064258";s:19:"field_15_visibility";s:6:"public";s:17:"profile_field_ids";s:6:"1,2,15";s:8:"password";s:34:"$P$Bn/cn3EefDGvfcr92T7a.GYbQaeArM0";s:9:"sent_date";s:19:"2023-02-19 09:41:58";s:10:"count_sent";i:1;}'),
(67, '', '', '', 'nasirumbibrenda2', 'brendanasirumbi95@gmail.com', '2023-02-19 09:56:23', '0000-00-00 00:00:00', 0, '6AnrKmYmGYVIkcvbfnl8KfDYDKmwOeDI', 'a:8:{s:7:"field_1";s:16:"Nasirumbi Brenda";s:7:"field_2";s:27:"Certificate in Nursing (CN)";s:8:"field_15";s:10:"0750064258";s:19:"field_15_visibility";s:6:"public";s:17:"profile_field_ids";s:6:"1,2,15";s:8:"password";s:34:"$P$B0VqXt1Ze0LYMxEbYIzp0Qr0/xmgDi/";s:9:"sent_date";s:19:"2023-02-19 09:56:23";s:10:"count_sent";i:1;}'),
(68, '', '', '', 'nasirumbibrendah', 'brendanasirumbi85@gmail.com', '2023-02-19 10:02:42', '2023-02-19 10:08:45', 1, 'ClwGln3kThHyAkWF0da4mYows4Ra1Wdl', 'a:8:{s:7:"field_1";s:16:"Nasirumbi Brenda";s:7:"field_2";s:27:"Certificate in Nursing (CN)";s:8:"field_15";s:10:"0750064258";s:19:"field_15_visibility";s:6:"public";s:17:"profile_field_ids";s:6:"1,2,15";s:8:"password";s:34:"$P$B8e8ulKZBT/j6iN86e2GI/rDvlTQK60";s:9:"sent_date";s:19:"2023-02-19 10:02:43";s:10:"count_sent";i:1;}'),
(69, '', '', '', 'mbabazigloria385@gmail.com', 'mbabazigloria385@gmail.com', '2023-02-20 07:52:59', '2023-02-20 07:58:39', 1, 'vQZcDAcvkn10LR6GoYZg5S5jMBVRLrpA', 'a:8:{s:7:"field_1";s:14:"Mbabazi Gloria";s:7:"field_2";s:27:"Certificate in Nursing (CN)";s:8:"field_15";s:10:"0755181793";s:19:"field_15_visibility";s:6:"public";s:17:"profile_field_ids";s:6:"1,2,15";s:8:"password";s:34:"$P$B16hqrXt5tS1Boj/OtiHjz2yQVeiY50";s:9:"sent_date";s:19:"2023-02-20 07:52:59";s:10:"count_sent";i:1;}'),
(70, '', '', '', 'Ogwalyakobo', 'yaogronlogz@gmail.com', '2023-02-20 21:10:25', '0000-00-00 00:00:00', 0, 'WBflsHdo8IHvzvWA3x60I3pUAhbWUEZ1', 'a:8:{s:7:"field_1";s:12:"Ogwal yakobo";s:7:"field_2";s:27:"Certificate in Nursing (CN)";s:8:"field_15";s:10:"0700515019";s:19:"field_15_visibility";s:6:"public";s:17:"profile_field_ids";s:6:"1,2,15";s:8:"password";s:34:"$P$BNqQlDWT8URvWuZTKhLUYLOrJ8PbEG1";s:9:"sent_date";s:19:"2023-02-20 21:10:25";s:10:"count_sent";i:1;}'),
(71, '', '', '', 'Pedro', 'mubangizipedro@gmail.com', '2023-02-21 10:03:31', '0000-00-00 00:00:00', 0, 'lsMkLRyz7tXvyPWxrqoSz0saRBBRsrcG', 'a:8:{s:7:"field_1";s:15:"Mubangizi Pedro";s:7:"field_2";s:27:"Certificate in Nursing (CN)";s:8:"field_15";s:10:"0707330322";s:19:"field_15_visibility";s:6:"public";s:17:"profile_field_ids";s:6:"1,2,15";s:8:"password";s:34:"$P$B6Z6Lrgj8pOdeqapNUjNr4tws6hpBx/";s:9:"sent_date";s:19:"2023-02-21 10:03:31";s:10:"count_sent";i:1;}'),
(72, '', '', '', 'NanyunjaSamaliC', 'nanyunjasamali@gmail.com', '2023-02-22 08:42:30', '2023-02-22 09:40:52', 1, 'mUMjgv3OV1rxxP1Sbt488AwNyNTrW84G', 'a:8:{s:7:"field_1";s:15:"Nanyunja Samali";s:7:"field_2";s:27:"Certificate in Nursing (CN)";s:8:"field_15";s:10:"0759715058";s:19:"field_15_visibility";s:6:"public";s:17:"profile_field_ids";s:6:"1,2,15";s:8:"password";s:34:"$P$BReZc7fldeIyk9ASnM2nhVxlqUSjdr.";s:9:"sent_date";s:19:"2023-02-22 08:42:30";s:10:"count_sent";i:1;}'),
(73, '', '', '', 'onencan', 'wizzyross34@gmail.com', '2023-02-22 18:51:44', '0000-00-00 00:00:00', 0, 'OEvMzHDQPBPcRbchsR3M5QXu7Q1duRh0', 'a:8:{s:7:"field_1";s:19:"Onencan ErickRwiose";s:7:"field_2";s:27:"Certificate in Nursing (CN)";s:8:"field_15";s:10:"0778240755";s:19:"field_15_visibility";s:6:"public";s:17:"profile_field_ids";s:6:"1,2,15";s:8:"password";s:34:"$P$BF7J4xoysd.ps8QUSIZxCYjFvigPYw0";s:9:"sent_date";s:19:"2023-02-22 18:51:44";s:10:"count_sent";i:1;}'),
(74, '', '', '', 'onencanerick', 'erickbulther5@gmail.com', '2023-02-22 19:09:12', '2023-02-22 19:14:18', 1, 'LVEdLJmfn3nPY7ZTubceVoPs3sPUdXpe', 'a:8:{s:7:"field_1";s:17:"Onencan ErickRose";s:7:"field_2";s:27:"Certificate in Nursing (CN)";s:8:"field_15";s:10:"0778240755";s:19:"field_15_visibility";s:6:"public";s:17:"profile_field_ids";s:6:"1,2,15";s:8:"password";s:34:"$P$Bg7eTkk7/BK11/msqoMHWNyP/1jGsI1";s:9:"sent_date";s:19:"2023-02-22 19:09:12";s:10:"count_sent";i:1;}'),
(75, '', '', '', 'kuteesapatience', 'kibalamapatrick05@gmail.com', '2023-02-23 11:25:39', '0000-00-00 00:00:00', 0, 'yFJDYLwGtPyfd3RL4gUK1oXIi3xKEKIg', 'a:8:{s:7:"field_1";s:16:"Kuteesa patience";s:7:"field_2";s:27:"Certificate in Nursing (CN)";s:8:"field_15";s:10:"0776730423";s:19:"field_15_visibility";s:6:"public";s:17:"profile_field_ids";s:6:"1,2,15";s:8:"password";s:34:"$P$BrU2e36y/ozjz9p4zBgn7Fj2sSsAo11";s:9:"sent_date";s:19:"2023-02-23 11:25:39";s:10:"count_sent";i:1;}'),
(76, '', '', '', 'HajiAbonMuzamil', 'muzamilabon@gmail.com', '2023-02-23 14:23:18', '0000-00-00 00:00:00', 0, '6JVpv0gXbe70fr2GAUEY3EtxSGyfTw5J', 'a:8:{s:7:"field_1";s:20:"Asma Muzamil Driwaru";s:7:"field_2";s:29:"Certificate in Midwifery (CM)";s:8:"field_15";s:10:"0772453791";s:19:"field_15_visibility";s:6:"public";s:17:"profile_field_ids";s:6:"1,2,15";s:8:"password";s:34:"$P$Bq1nYmlFyGQ2V/p7O578sn8KX5Awrs/";s:9:"sent_date";s:19:"2023-02-23 14:23:20";s:10:"count_sent";i:1;}'),
(77, '', '', '', 'AtuhuraHarriet', 'atuhuraharriet51@gmail.com', '2023-02-24 10:00:56', '2023-02-24 10:05:50', 1, 'sV3j5dak3pWD5tjEsyR3iBM3lYolr4HL', 'a:8:{s:7:"field_1";s:15:"Atuhura Harriet";s:7:"field_2";s:27:"Certificate in Nursing (CN)";s:8:"field_15";s:10:"0788514879";s:19:"field_15_visibility";s:6:"public";s:17:"profile_field_ids";s:6:"1,2,15";s:8:"password";s:34:"$P$BXMP9m9A22PzqmUstgxZQM3OPzEIqF0";s:9:"sent_date";s:19:"2023-02-24 10:00:56";s:10:"count_sent";i:1;}'),
(78, '', '', '', 'Cherylcarol', 'cherylcarol324@gmail.com', '2023-02-24 10:03:39', '2023-02-24 10:08:18', 1, 'ALfFfUMOYWqNO6mJ8KA3SoQ2a8ibmgum', 'a:8:{s:7:"field_1";s:18:"Cheryl Carol Awuor";s:7:"field_2";s:27:"Certificate in Nursing (CN)";s:8:"field_15";s:13:"+254790256462";s:19:"field_15_visibility";s:6:"public";s:17:"profile_field_ids";s:6:"1,2,15";s:8:"password";s:34:"$P$B9GApPuSKCXgr23Aj3WvxV5vKchxBD1";s:9:"sent_date";s:19:"2023-02-24 10:05:40";s:10:"count_sent";i:2;}'),
(79, '', '', '', 'Blessing19978@', 'amali.anita.blessing@gmail.com', '2023-02-25 07:05:06', '0000-00-00 00:00:00', 0, 'YV4e5QBDh7Yfc2iu5Vh5CjD81d03GiKp', 'a:8:{s:7:"field_1";s:20:"Amali Anita blessing";s:7:"field_2";s:27:"Certificate in Nursing (CN)";s:8:"field_15";s:13:"+256760796959";s:19:"field_15_visibility";s:6:"public";s:17:"profile_field_ids";s:6:"1,2,15";s:8:"password";s:34:"$P$BEo58cT8ZrQkS1wZUru0GM8s4IrOWc1";s:9:"sent_date";s:19:"2023-02-25 07:06:53";s:10:"count_sent";i:2;}'),
(80, '', '', '', 'Daniel', 'danmicah4@gamil.com', '2023-02-25 16:08:19', '0000-00-00 00:00:00', 0, 'KPJIjvDKNQHshXSCmfg3TUy1vkxv6eSH', 'a:8:{s:7:"field_1";s:5:"Micah";s:7:"field_2";s:27:"Certificate in Nursing (CN)";s:8:"field_15";s:10:"0787314739";s:19:"field_15_visibility";s:6:"public";s:17:"profile_field_ids";s:6:"1,2,15";s:8:"password";s:34:"$P$BKcfvjxpuToxgQHaf7b4EibOxNoqUM0";s:9:"sent_date";s:19:"2023-02-25 16:08:19";s:10:"count_sent";i:1;}'),
(81, '', '', '', 'Sipi', 'danielmicah1997@gmail.com', '2023-02-25 16:11:24', '0000-00-00 00:00:00', 0, '9pD8AvaBy5buXDRMdFpBBD5BgA6Z1eBy', 'a:8:{s:7:"field_1";s:12:"Daniel Micah";s:7:"field_2";s:27:"Certificate in Nursing (CN)";s:8:"field_15";s:10:"0787314739";s:19:"field_15_visibility";s:6:"public";s:17:"profile_field_ids";s:6:"1,2,15";s:8:"password";s:34:"$P$Bs96KPLylWlWpsEcXRZAHeLgBxGH9A0";s:9:"sent_date";s:19:"2023-02-25 16:11:24";s:10:"count_sent";i:1;}'),
(82, '', '', '', 'JustineCissy.N', 'rinahgyn2@gmail.com', '2023-02-26 20:46:37', '0000-00-00 00:00:00', 0, 'bnvlVssQoPE20qBphWZcn5OF5GFuwsKQ', 'a:8:{s:7:"field_1";s:22:"Justine Cissy Nalwanga";s:7:"field_2";s:51:"Certificate in Medical Laboratory Technology (CMLT)";s:8:"field_15";s:10:"0702971476";s:19:"field_15_visibility";s:6:"public";s:17:"profile_field_ids";s:6:"1,2,15";s:8:"password";s:34:"$P$B0uNUGDrLe2sTnZKHHaXpFmcaUJdYu1";s:9:"sent_date";s:19:"2023-02-26 20:46:37";s:10:"count_sent";i:1;}'),
(83, '', '', '', 'KemigisaMaryViola', 'marykemigisa17@gmail.com', '2023-02-27 08:09:49', '0000-00-00 00:00:00', 0, 'FJ8Vqr2bNH1soJyBJNK64O5LJxUaPIOH', 'a:8:{s:7:"field_1";s:19:"Kemigisa Mary Viola";s:7:"field_2";s:39:"Diploma in Midwifery (DM) – Upgrading";s:8:"field_15";s:10:"0706366181";s:19:"field_15_visibility";s:6:"public";s:17:"profile_field_ids";s:6:"1,2,15";s:8:"password";s:34:"$P$BwZ.ccRyzn7V3sRNJ6HJyMQXBy9rJL.";s:9:"sent_date";s:19:"2023-02-27 08:09:50";s:10:"count_sent";i:1;}'),
(84, '', '', '', 'Amesonancy', 'amesonancy2005@gmail.com', '2023-02-27 11:11:36', '2023-02-27 11:16:26', 1, 'vVwgD1gFW0Fy4ZICJPHYU484cWOILsDX', 'a:8:{s:7:"field_1";s:11:"Ameso Nancy";s:7:"field_2";s:27:"Certificate in Nursing (CN)";s:8:"field_15";s:10:"0761397107";s:19:"field_15_visibility";s:6:"public";s:17:"profile_field_ids";s:6:"1,2,15";s:8:"password";s:34:"$P$B9sj3tYuE3N/WdoE8TJchXtiddJSWg1";s:9:"sent_date";s:19:"2023-02-27 11:12:39";s:10:"count_sent";i:2;}'),
(85, '', '', '', '@Esther19.ug', 'esthernambalirwa8@gmail.com', '2023-02-27 11:14:14', '2023-02-27 12:59:56', 1, 'pEsM0TXhbeIqQJGet0B1vmcgcQk8MXg2', 'a:8:{s:7:"field_1";s:25:"NAMBALIRWA ESTHER KISAKYE";s:7:"field_2";s:27:"Certificate in Nursing (CN)";s:8:"field_15";s:10:"0782955816";s:19:"field_15_visibility";s:6:"public";s:17:"profile_field_ids";s:6:"1,2,15";s:8:"password";s:34:"$P$BsPcxSu533H3pHtxTBSv8F.Oahzadp.";s:9:"sent_date";s:19:"2023-02-27 11:14:14";s:10:"count_sent";i:1;}'),
(86, '', '', '', 'kasatajosephine', 'kasatajerry@gmail.com', '2023-03-02 12:35:47', '0000-00-00 00:00:00', 0, 'BbuMsbLqJyHAYKeHoAbx1BiTqrPd2HTk', 'a:8:{s:7:"field_1";s:15:"Kasatajosephine";s:7:"field_2";s:51:"Certificate in Medical Laboratory Technology (CMLT)";s:8:"field_15";s:10:"0775779137";s:19:"field_15_visibility";s:6:"public";s:17:"profile_field_ids";s:6:"1,2,15";s:8:"password";s:34:"$P$BPtqcVS2U.Ibt283BkEY4lwsbo9r3m1";s:9:"sent_date";s:19:"2023-03-02 12:35:47";s:10:"count_sent";i:1;}'),
(87, '', '', '', 'inanew32507346', 'inanew17@ablogs.site', '2023-03-02 19:41:16', '0000-00-00 00:00:00', 0, 'bNPIu3gkhnWEHP3dCF8ip5CFfhqHARQW', 'a:8:{s:7:"field_1";s:7:"Ina New";s:7:"field_2";s:27:"Certificate in Nursing (CN)";s:8:"field_15";s:12:"030 46 57 86";s:19:"field_15_visibility";s:6:"public";s:17:"profile_field_ids";s:6:"1,2,15";s:8:"password";s:34:"$P$ByGx7IoJBZyY1Cdgdu1QAcEU9M1vPI1";s:9:"sent_date";s:19:"2023-03-02 19:41:16";s:10:"count_sent";i:1;}'),
(88, '', '', '', 'alina5', 'alinaitwewilliam@yahoo.com', '2023-03-03 18:00:20', '0000-00-00 00:00:00', 0, 'xRW7Bs6ree7150zRWnJCU07HDtexXr29', 'a:8:{s:7:"field_1";s:9:"Alinaitwe";s:7:"field_2";s:27:"Certificate in Nursing (CN)";s:8:"field_15";s:10:"0775867362";s:19:"field_15_visibility";s:6:"public";s:17:"profile_field_ids";s:6:"1,2,15";s:8:"password";s:34:"$P$BOsfrV4pR4ApQpNSCAaV/kkF5Tg7G20";s:9:"sent_date";s:19:"2023-03-03 18:00:20";s:10:"count_sent";i:1;}'),
(89, '', '', '', 'NassakaWinfred', 'nassakawinfred20@gmail.com', '2023-03-04 07:06:28', '2023-03-04 07:14:52', 1, 'b9cUCaCG7s3FClyleuvuyKlzIBQP9Eap', 'a:8:{s:7:"field_1";s:15:"Nassaka Winfred";s:7:"field_2";s:37:"Diploma in Nursing (DN) – Upgrading";s:8:"field_15";s:10:"0754221528";s:19:"field_15_visibility";s:6:"public";s:17:"profile_field_ids";s:6:"1,2,15";s:8:"password";s:34:"$P$BNzYHiSprE6ucxur5Z84K2hhLi7Nzk0";s:9:"sent_date";s:19:"2023-03-04 07:06:28";s:10:"count_sent";i:1;}'),
(90, '', '', '', 'AdhiamboGeorgiaEva', 'Aviemeghan@gmail.com', '2023-03-04 09:27:50', '0000-00-00 00:00:00', 0, 'hK95DaKibHKctlqQ7AP7zTvtqE4qk9qD', 'a:8:{s:7:"field_1";s:20:"Adhiambo Georgia Eva";s:7:"field_2";s:27:"Certificate in Nursing (CN)";s:8:"field_15";s:10:"0779357170";s:19:"field_15_visibility";s:6:"public";s:17:"profile_field_ids";s:6:"1,2,15";s:8:"password";s:34:"$P$ByuRFo0Zty5CH96IKuc16TwbpVzexh1";s:9:"sent_date";s:19:"2023-03-04 09:27:50";s:10:"count_sent";i:1;}'),
(91, '', '', '', 'morgannogita7@gmail.com', 'morgannogita7@gmail.com', '2023-03-04 09:42:09', '2023-03-04 09:47:01', 1, 'qy2GQUhw2EXFS0PYJ3QbowKri69T9YKQ', 'a:8:{s:7:"field_1";s:20:"Adhiambo Georgia Eva";s:7:"field_2";s:27:"Certificate in Nursing (CN)";s:8:"field_15";s:10:"0779357170";s:19:"field_15_visibility";s:6:"public";s:17:"profile_field_ids";s:6:"1,2,15";s:8:"password";s:34:"$P$BS4AYL859CdXBe.O2DuFg9bs1gACvz1";s:9:"sent_date";s:19:"2023-03-04 09:42:09";s:10:"count_sent";i:1;}'),
(92, '', '', '', 'ApolloGrace', 'graceapolloga@gmail.com', '2023-03-04 14:44:31', '2023-03-04 14:59:47', 1, 'CblyQ1hjeYxu10K8jZ7kA76s8nTydooG', 'a:8:{s:7:"field_1";s:18:"Lubangakene Daniel";s:7:"field_2";s:51:"Certificate in Medical Laboratory Technology (CMLT)";s:8:"field_15";s:10:"0772708912";s:19:"field_15_visibility";s:6:"public";s:17:"profile_field_ids";s:6:"1,2,15";s:8:"password";s:34:"$P$BJNw/2x6cVLEqmFFusGnNkv9pmychA0";s:9:"sent_date";s:19:"2023-03-04 14:44:31";s:10:"count_sent";i:1;}'),
(93, '', '', '', 'Fredeh@', 'sewankambofred4@gmail.com', '2023-03-06 06:47:36', '2023-03-06 06:54:37', 1, 'x1Luos2ShHvLKTDx3E8pFQqrntknaL8z', 'a:8:{s:7:"field_1";s:15:"SEWANKAMBO FRED";s:7:"field_2";s:27:"Certificate in Nursing (CN)";s:8:"field_15";s:10:"0775147963";s:19:"field_15_visibility";s:6:"public";s:17:"profile_field_ids";s:6:"1,2,15";s:8:"password";s:34:"$P$BwEgvy9EkKyxwUUYz/z4nT7MHOpjgz0";s:9:"sent_date";s:19:"2023-03-06 06:47:36";s:10:"count_sent";i:1;}'),
(94, '', '', '', 'AsoboraMariam', 'ajunatadeo@gmail.com', '2023-03-06 12:10:31', '2023-03-06 12:12:01', 1, 'w608BgdvMsPjDiORT71tsEWkjcKRUL7f', 'a:8:{s:7:"field_1";s:14:"Asobora Mariam";s:7:"field_2";s:29:"Certificate in Midwifery (CM)";s:8:"field_15";s:10:"0773546584";s:19:"field_15_visibility";s:6:"public";s:17:"profile_field_ids";s:6:"1,2,15";s:8:"password";s:34:"$P$BaNg4G9Z.r5TIvmqiNfCVHmIKNLi7H1";s:9:"sent_date";s:19:"2023-03-06 12:10:31";s:10:"count_sent";i:1;}'),
(95, '', '', '', 'Prisla34.@', 'dritopriscilla39@gmail.com', '2023-03-07 10:28:50', '2023-03-07 10:42:14', 1, '63ptS5ZGSGCFXzWi3H0zzBfXwA4ummr9', 'a:8:{s:7:"field_1";s:15:"Priscilla Drito";s:7:"field_2";s:27:"Certificate in Nursing (CN)";s:8:"field_15";s:10:"0752450676";s:19:"field_15_visibility";s:6:"public";s:17:"profile_field_ids";s:6:"1,2,15";s:8:"password";s:34:"$P$BeH59sUTUpW3nPsoix0gqUK30S9zNW0";s:9:"sent_date";s:19:"2023-03-07 10:28:51";s:10:"count_sent";i:1;}'),
(96, '', '', '', 'NassaliDoreen', 'nassalidoryn@gmail.com', '2023-03-07 15:28:57', '0000-00-00 00:00:00', 0, 'CDgRkX2YanDHs5dQMowQHbevLqCnt7Xv', 'a:8:{s:7:"field_1";s:7:"Nassali";s:7:"field_2";s:27:"Certificate in Nursing (CN)";s:8:"field_15";s:10:"0758593942";s:19:"field_15_visibility";s:6:"public";s:17:"profile_field_ids";s:6:"1,2,15";s:8:"password";s:34:"$P$B2kBe0HCw7dzuXYMRuKTnKXh3p/ho..";s:9:"sent_date";s:19:"2023-03-07 15:28:57";s:10:"count_sent";i:1;}'),
(97, '', '', '', 'Simera7', 'marksimera4@gmail.com', '2023-03-09 11:38:54', '2023-03-09 11:46:40', 1, 'gHPO3ALx7JCXrbscUDr6zfLkJobYOoCa', 'a:8:{s:7:"field_1";s:6:"Simera";s:7:"field_2";s:51:"Certificate in Medical Laboratory Technology (CMLT)";s:8:"field_15";s:9:"073849481";s:19:"field_15_visibility";s:6:"public";s:17:"profile_field_ids";s:6:"1,2,15";s:8:"password";s:34:"$P$BQUS7IxeJvgRoVJR/pwKh/5Gq4jUL4.";s:9:"sent_date";s:19:"2023-03-09 11:38:54";s:10:"count_sent";i:1;}'),
(98, '', '', '', 'Anishasangote', 'anishasangotendo@gmail.com', '2023-03-10 06:39:26', '0000-00-00 00:00:00', 0, 'ZGJVVYJSBXrekU1nNpbLgxWBklhztwhf', 'a:8:{s:7:"field_1";s:18:"Anisha sango tendo";s:7:"field_2";s:27:"Certificate in Nursing (CN)";s:8:"field_15";s:10:"0741811342";s:19:"field_15_visibility";s:6:"public";s:17:"profile_field_ids";s:6:"1,2,15";s:8:"password";s:34:"$P$BY8BEmus5BkliVuukFhyQGt/iEJXNV0";s:9:"sent_date";s:19:"2023-03-10 06:39:26";s:10:"count_sent";i:1;}'),
(99, '', '', '', 'BrenKay', 'brenkay883@gmail.com', '2023-03-11 17:54:51', '2023-03-11 17:56:34', 1, '4LSougaLegsdcJGOCBbJbT1whEIfLDiC', 'a:8:{s:7:"field_1";s:17:"Brendah Katongole";s:7:"field_2";s:36:"Bachelors in Midwifery Science (BMS)";s:8:"field_15";s:10:"0782598220";s:19:"field_15_visibility";s:6:"public";s:17:"profile_field_ids";s:6:"1,2,15";s:8:"password";s:34:"$P$BajfeHZfiVOYxQmrrIFVULWooKvRZg.";s:9:"sent_date";s:19:"2023-03-11 17:54:52";s:10:"count_sent";i:1;}'),
(100, '', '', '', 'AYOPROSCOVIA', 'ayoproscovia74@gmail.com', '2023-03-11 18:42:58', '0000-00-00 00:00:00', 0, '0cHA1RT8xV150ApLzlvjDc0h5R1dOQEt', 'a:8:{s:7:"field_1";s:13:"AYO PROSCOVIA";s:7:"field_2";s:27:"Certificate in Nursing (CN)";s:8:"field_15";s:10:"0772880073";s:19:"field_15_visibility";s:6:"public";s:17:"profile_field_ids";s:6:"1,2,15";s:8:"password";s:34:"$P$Bi2Msu/8iUa1FIzmW5Kfs2aoxyt1JO0";s:9:"sent_date";s:19:"2023-03-11 18:42:58";s:10:"count_sent";i:1;}'),
(101, '', '', '', 'Nantale', 'ruthnantale323@g.com', '2023-03-13 08:01:02', '0000-00-00 00:00:00', 0, 'wJx0rYFkUSQHtPLKW1Axg06KtSpcUQNE', 'a:8:{s:7:"field_1";s:12:"Nantale Ruth";s:7:"field_2";s:39:"Diploma in Midwifery (DM) – Upgrading";s:8:"field_15";s:10:"0753378702";s:19:"field_15_visibility";s:6:"public";s:17:"profile_field_ids";s:6:"1,2,15";s:8:"password";s:34:"$P$BoLAeqOacS52RqmhRNhxcGpBk6g7b50";s:9:"sent_date";s:19:"2023-03-13 08:03:03";s:10:"count_sent";i:2;}'),
(102, '', '', '', 'Evelyn', 'jaykayan@yahoo.com', '2023-03-14 06:46:42', '2023-03-14 06:47:40', 1, 'oajdGCNG9NF1WW1hUz3nk4VPF4uusyJ4', 'a:8:{s:7:"field_1";s:12:"Eva Namuleme";s:7:"field_2";s:35:"Diploma in Nursing (DDN) – Direct";s:8:"field_15";s:10:"0786298670";s:19:"field_15_visibility";s:6:"public";s:17:"profile_field_ids";s:6:"1,2,15";s:8:"password";s:34:"$P$BB8AzJnQvYNjbtPaXeB6lpq0kJkvge0";s:9:"sent_date";s:19:"2023-03-14 06:46:42";s:10:"count_sent";i:1;}'),
(103, '', '', '', 'shirataine38@gmail.com', 'shirataine38@gmail.com', '2023-03-14 16:22:05', '2023-03-17 04:54:23', 1, 'W6lf4kGUq1fR8VS3KZrbechH3tDHQeRC', 'a:8:{s:7:"field_1";s:18:"Ainembabazi shirat";s:7:"field_2";s:29:"Certificate in Midwifery (CM)";s:8:"field_15";s:10:"0742233957";s:19:"field_15_visibility";s:6:"public";s:17:"profile_field_ids";s:6:"1,2,15";s:8:"password";s:34:"$P$BHcc/gjvU2N56WLnv2C2CsRbIXFPp60";s:9:"sent_date";s:19:"2023-03-14 16:22:06";s:10:"count_sent";i:1;}'),
(104, '', '', '', 'TENYWAJOEL', 'tenywajoelofficial@gmail.com', '2023-03-16 11:13:44', '2023-03-16 11:26:23', 1, 'cMPw80ASFqqSIQJAO6dusNfzfR3tPdw7', 'a:8:{s:7:"field_1";s:11:"TENYWA JOEL";s:7:"field_2";s:27:"Certificate in Nursing (CN)";s:8:"field_15";s:10:"0757191229";s:19:"field_15_visibility";s:6:"public";s:17:"profile_field_ids";s:6:"1,2,15";s:8:"password";s:34:"$P$B5iokQhZlboLbLdNw4ZAREyv1QzKNA0";s:9:"sent_date";s:19:"2023-03-16 11:13:44";s:10:"count_sent";i:1;}'),
(105, '', '', '', 'Acayomarion', 'marionacayo@gmail.com', '2023-03-16 22:35:31', '0000-00-00 00:00:00', 0, 'dkicEHOnIOOtsViSLTKpYN31TFRUEBfG', 'a:8:{s:7:"field_1";s:12:"Acayo marion";s:7:"field_2";s:29:"Certificate in Midwifery (CM)";s:8:"field_15";s:10:"0779958154";s:19:"field_15_visibility";s:6:"public";s:17:"profile_field_ids";s:6:"1,2,15";s:8:"password";s:34:"$P$BFoJ9LXNZyPZ4DLEmF982y3pZgEv5a1";s:9:"sent_date";s:19:"2023-03-16 22:35:31";s:10:"count_sent";i:1;}'),
(106, '', '', '', '@kwagalalindaannebrite', 'lindaannebritek@gmail.com', '2023-03-17 15:18:06', '2023-03-17 15:29:00', 1, 'xC34JFauMaHK8d2zl48DZ0AEB26RL3Kv', 'a:8:{s:7:"field_1";s:23:"Kwagala Linda Annebrite";s:7:"field_2";s:27:"Certificate in Nursing (CN)";s:8:"field_15";s:10:"0706020779";s:19:"field_15_visibility";s:6:"public";s:17:"profile_field_ids";s:6:"1,2,15";s:8:"password";s:34:"$P$BAHAvLLZ7124m/jAEUDpvz/mvvlMcG1";s:9:"sent_date";s:19:"2023-03-17 15:18:06";s:10:"count_sent";i:1;}'),
(107, '', '', '', 'Gladys', 'nakkondegladys@gmail.com', '2023-03-17 15:24:46', '0000-00-00 00:00:00', 0, 'Eg2ucTUyEr2KsJlNrHpG2VyUBwot4ZkL', 'a:8:{s:7:"field_1";s:15:"Nakkonde Gladys";s:7:"field_2";s:61:"Diploma in Medical Laboratory Technology (DMLT) – Upgrading";s:8:"field_15";s:10:"0770338970";s:19:"field_15_visibility";s:6:"public";s:17:"profile_field_ids";s:6:"1,2,15";s:8:"password";s:34:"$P$B2S4zQQUDDE7Tfo0xjeFkosXaOy5fH0";s:9:"sent_date";s:19:"2023-03-17 15:24:46";s:10:"count_sent";i:1;}'),
(108, '', '', '', 'MASHEMERERWACORNELIUS', 'corneliusmashemererwa@gmail.com', '2023-03-19 06:05:53', '0000-00-00 00:00:00', 0, 'hv3a0i9hhYAzfkOQCXM9wwj2Etw59pVf', 'a:8:{s:7:"field_1";s:22:"mashemererwa cornelius";s:7:"field_2";s:61:"Diploma in Medical Laboratory Technology (DMLT) – Upgrading";s:8:"field_15";s:13:"+256787233143";s:19:"field_15_visibility";s:6:"public";s:17:"profile_field_ids";s:6:"1,2,15";s:8:"password";s:34:"$P$BbH4rLRYrozed2miNkXpgPohMrv7a7/";s:9:"sent_date";s:19:"2023-03-19 06:05:53";s:10:"count_sent";i:1;}'),
(109, '', '', '', 'Naturindajoseline', 'lynj847@gmail.com', '2023-03-20 06:01:58', '0000-00-00 00:00:00', 0, 'xoKAC1w1xJoJCCmjmZeNwB5XPsb4VX6e', 'a:8:{s:7:"field_1";s:18:"Naturinda Joseline";s:7:"field_2";s:29:"Certificate in Midwifery (CM)";s:8:"field_15";s:10:"0788491803";s:19:"field_15_visibility";s:6:"public";s:17:"profile_field_ids";s:6:"1,2,15";s:8:"password";s:34:"$P$BDH6YtYeNsnJYIZaqjT.vhwqFdttCT/";s:9:"sent_date";s:19:"2023-03-20 06:01:58";s:10:"count_sent";i:1;}'),
(110, '', '', '', 'IsikoJerry64', 'Jerryvictor64@icloud.com', '2023-03-20 19:56:38', '0000-00-00 00:00:00', 0, 'bhkjQRuSJWq8XMBM4uFICOeQGMWejlp0', 'a:8:{s:7:"field_1";s:11:"Isiko Jerry";s:7:"field_2";s:27:"Certificate in Nursing (CN)";s:8:"field_15";s:10:"0788862352";s:19:"field_15_visibility";s:6:"public";s:17:"profile_field_ids";s:6:"1,2,15";s:8:"password";s:34:"$P$BAH0XijsAUJpyx86sd/GH1jHSjW8Cz.";s:9:"sent_date";s:19:"2023-03-20 19:56:38";s:10:"count_sent";i:1;}'),
(111, '', '', '', 'NankyaHildaProssy', 'nankyahilda0@gmail.com', '2023-03-21 13:11:14', '0000-00-00 00:00:00', 0, 'W2MMuGI5ZMwMXtyZvu1gHIR3amhYhL3u', 'a:8:{s:7:"field_1";s:19:"Nankya Hilda Prossy";s:7:"field_2";s:27:"Certificate in Nursing (CN)";s:8:"field_15";s:9:"752188726";s:19:"field_15_visibility";s:6:"public";s:17:"profile_field_ids";s:6:"1,2,15";s:8:"password";s:34:"$P$BaeIXirzwNiB3fRyToB4zixCZ4Few91";s:9:"sent_date";s:19:"2023-03-21 13:11:14";s:10:"count_sent";i:1;}');

-- --------------------------------------------------------

--
-- Table structure for table `ntswebtermmeta`
--

CREATE TABLE `ntswebtermmeta` (
  `meta_id` bigint(20) unsigned NOT NULL AUTO_INCREMENT,
  `term_id` bigint(20) unsigned NOT NULL DEFAULT '0',
  `meta_key` varchar(255) COLLATE utf8mb4_unicode_520_ci DEFAULT NULL,
  `meta_value` longtext COLLATE utf8mb4_unicode_520_ci,
  PRIMARY KEY (`meta_id`),
  KEY `term_id` (`term_id`),
  KEY `meta_key` (`meta_key`(191))
) ENGINE=InnoDB  DEFAULT CHARSET=utf8mb4 COLLATE=utf8mb4_unicode_520_ci;

--
-- Dumping data for table `ntswebtermmeta`
--

INSERT INTO `ntswebtermmeta` VALUES
(1, 2, '_astra_sites_imported_term', '1');

-- --------------------------------------------------------

--
-- Table structure for table `ntswebterms`
--

CREATE TABLE `ntswebterms` (
  `term_id` bigint(20) unsigned NOT NULL AUTO_INCREMENT,
  `name` varchar(200) COLLATE utf8mb4_unicode_520_ci NOT NULL DEFAULT '',
  `slug` varchar(200) COLLATE utf8mb4_unicode_520_ci NOT NULL DEFAULT '',
  `term_group` bigint(10) NOT NULL DEFAULT '0',
  PRIMARY KEY (`term_id`),
  KEY `slug` (`slug`(191)),
  KEY `name` (`name`(191))
) ENGINE=InnoDB  DEFAULT CHARSET=utf8mb4 COLLATE=utf8mb4_unicode_520_ci;

--
-- Dumping data for table `ntswebterms`
--

INSERT INTO `ntswebterms` VALUES
(1, 'Uncategorized', 'uncategorized', 0),
(2, 'Primary Menu', 'primary-menu', 0),
(3, 'astra', 'astra', 0),
(4, '25791', '25791', 0),
(5, 'core-user-activation', 'core-user-activation', 0),
(6, 'activity-comment', 'activity-comment', 0),
(7, 'activity-comment-author', 'activity-comment-author', 0),
(8, 'activity-at-message', 'activity-at-message', 0),
(9, 'groups-at-message', 'groups-at-message', 0),
(10, 'core-user-registration', 'core-user-registration', 0),
(11, 'friends-request', 'friends-request', 0),
(12, 'friends-request-accepted', 'friends-request-accepted', 0),
(13, 'groups-details-updated', 'groups-details-updated', 0),
(14, 'groups-invitation', 'groups-invitation', 0),
(15, 'groups-member-promoted', 'groups-member-promoted', 0),
(16, 'groups-membership-request', 'groups-membership-request', 0),
(17, 'messages-unread', 'messages-unread', 0),
(18, 'settings-verify-email-change', 'settings-verify-email-change', 0),
(19, 'groups-membership-request-accepted', 'groups-membership-request-accepted', 0),
(20, 'groups-membership-request-rejected', 'groups-membership-request-rejected', 0),
(21, 'bp-members-invitation', 'bp-members-invitation', 0),
(22, 'members-membership-request', 'members-membership-request', 0),
(23, 'members-membership-request-rejected', 'members-membership-request-rejected', 0),
(24, 'Online Applications News', 'online-applications-news', 0),
(25, 'Admissions Updates', 'admissions-updates', 0),
(26, 'Admissions News', 'admissions-news', 0),
(27, 'Online Applications', 'online-applications', 0),
(28, 'Online Admission', 'online-admission', 0),
(29, 'Online Applications Portal', 'online-applications-portal', 0),
(30, 'groups-membership-request-accepted-by-admin', 'groups-membership-request-accepted-by-admin', 0),
(31, 'groups-membership-request-rejected-by-admin', 'groups-membership-request-rejected-by-admin', 0);

-- --------------------------------------------------------

--
-- Table structure for table `ntswebterm_relationships`
--

CREATE TABLE `ntswebterm_relationships` (
  `object_id` bigint(20) unsigned NOT NULL DEFAULT '0',
  `term_taxonomy_id` bigint(20) unsigned NOT NULL DEFAULT '0',
  `term_order` int(11) NOT NULL DEFAULT '0',
  PRIMARY KEY (`object_id`,`term_taxonomy_id`),
  KEY `term_taxonomy_id` (`term_taxonomy_id`)
) ENGINE=InnoDB DEFAULT CHARSET=utf8mb4 COLLATE=utf8mb4_unicode_520_ci;

--
-- Dumping data for table `ntswebterm_relationships`
--

INSERT INTO `ntswebterm_relationships` VALUES
(1, 24, 0),
(1, 25, 0),
(1, 26, 0),
(1, 27, 0),
(1, 28, 0),
(1, 29, 0),
(25416, 2, 0),
(25689, 3, 0),
(25806, 4, 0),
(25807, 4, 0),
(25808, 4, 0),
(25809, 4, 0),
(25810, 4, 0),
(25811, 4, 0),
(25812, 4, 0),
(25813, 4, 0),
(25814, 4, 0),
(25815, 4, 0),
(25816, 4, 0),
(25876, 5, 0),
(25877, 6, 0),
(25878, 7, 0),
(25879, 8, 0),
(25880, 9, 0),
(25881, 10, 0),
(25882, 11, 0),
(25883, 12, 0),
(25884, 13, 0),
(25885, 14, 0),
(25886, 15, 0),
(25887, 16, 0),
(25888, 17, 0),
(25889, 18, 0),
(25890, 19, 0),
(25891, 20, 0),
(25892, 21, 0),
(25893, 22, 0),
(25894, 23, 0),
(25948, 2, 0),
(25950, 2, 0),
(25951, 2, 0),
(25959, 2, 0),
(25980, 2, 0),
(26074, 30, 0),
(26075, 31, 0);

-- --------------------------------------------------------

--
-- Table structure for table `ntswebterm_taxonomy`
--

CREATE TABLE `ntswebterm_taxonomy` (
  `term_taxonomy_id` bigint(20) unsigned NOT NULL AUTO_INCREMENT,
  `term_id` bigint(20) unsigned NOT NULL DEFAULT '0',
  `taxonomy` varchar(32) COLLATE utf8mb4_unicode_520_ci NOT NULL DEFAULT '',
  `description` longtext COLLATE utf8mb4_unicode_520_ci NOT NULL,
  `parent` bigint(20) unsigned NOT NULL DEFAULT '0',
  `count` bigint(20) NOT NULL DEFAULT '0',
  PRIMARY KEY (`term_taxonomy_id`),
  UNIQUE KEY `term_id_taxonomy` (`term_id`,`taxonomy`),
  KEY `taxonomy` (`taxonomy`)
) ENGINE=InnoDB  DEFAULT CHARSET=utf8mb4 COLLATE=utf8mb4_unicode_520_ci;

--
-- Dumping data for table `ntswebterm_taxonomy`
--

INSERT INTO `ntswebterm_taxonomy` VALUES
(1, 1, 'category', '', 0, 0),
(2, 2, 'nav_menu', '', 0, 6),
(3, 3, 'wp_theme', '', 0, 1),
(4, 4, 'ml-slider', '', 0, 8),
(5, 5, 'bp-email-type', 'Recipient has successfully activated an account.', 0, 1),
(6, 6, 'bp-email-type', 'A member has replied to an activity update that the recipient posted.', 0, 1),
(7, 7, 'bp-email-type', 'A member has replied to a comment on an activity update that the recipient posted.', 0, 1),
(8, 8, 'bp-email-type', 'Recipient was mentioned in an activity update.', 0, 1),
(9, 9, 'bp-email-type', 'Recipient was mentioned in a group activity update.', 0, 1),
(10, 10, 'bp-email-type', 'Recipient has registered for an account.', 0, 1),
(11, 11, 'bp-email-type', 'A member has sent a friend request to the recipient.', 0, 1),
(12, 12, 'bp-email-type', 'Recipient has had a friend request accepted by a member.', 0, 1),
(13, 13, 'bp-email-type', 'A group''s details were updated.', 0, 1),
(14, 14, 'bp-email-type', 'A member has sent a group invitation to the recipient.', 0, 1),
(15, 15, 'bp-email-type', 'Recipient''s status within a group has changed.', 0, 1),
(16, 16, 'bp-email-type', 'A member has requested permission to join a group.', 0, 1),
(17, 17, 'bp-email-type', 'Recipient has received a private message.', 0, 1),
(18, 18, 'bp-email-type', 'Recipient has changed their email address.', 0, 1),
(19, 19, 'bp-email-type', 'Recipient had requested to join a group, which was accepted.', 0, 1),
(20, 20, 'bp-email-type', 'Recipient had requested to join a group, which was rejected.', 0, 1),
(21, 21, 'bp-email-type', 'A site member has sent a site invitation to the recipient.', 0, 1),
(22, 22, 'bp-email-type', 'Someone has requested membership on this site.', 0, 1),
(23, 23, 'bp-email-type', 'A site membership request has been rejected.', 0, 1),
(24, 24, 'category', '', 0, 1),
(25, 25, 'category', '', 0, 1),
(26, 26, 'post_tag', '', 0, 1),
(27, 27, 'post_tag', '', 0, 1),
(28, 28, 'post_tag', '', 0, 1),
(29, 29, 'post_tag', '', 0, 1),
(30, 30, 'bp-email-type', 'Recipient had requested to join a group, which was accepted by admin.', 0, 1),
(31, 31, 'bp-email-type', 'Recipient had requested to join a group, which was rejected by admin.', 0, 1);

-- --------------------------------------------------------

--
-- Table structure for table `ntswebusermeta`
--

CREATE TABLE `ntswebusermeta` (
  `umeta_id` bigint(20) unsigned NOT NULL AUTO_INCREMENT,
  `user_id` bigint(20) unsigned NOT NULL DEFAULT '0',
  `meta_key` varchar(255) COLLATE utf8mb4_unicode_520_ci DEFAULT NULL,
  `meta_value` longtext COLLATE utf8mb4_unicode_520_ci,
  PRIMARY KEY (`umeta_id`),
  KEY `user_id` (`user_id`),
  KEY `meta_key` (`meta_key`(191))
) ENGINE=InnoDB  DEFAULT CHARSET=utf8mb4 COLLATE=utf8mb4_unicode_520_ci;

--
-- Dumping data for table `ntswebusermeta`
--

INSERT INTO `ntswebusermeta` VALUES
(1, 1, 'nickname', 'MervynKasiitaWest'),
(2, 1, 'first_name', ''),
(3, 1, 'last_name', ''),
(4, 1, 'description', ''),
(5, 1, 'rich_editing', 'true'),
(6, 1, 'syntax_highlighting', 'true'),
(7, 1, 'comment_shortcuts', 'false'),
(8, 1, 'admin_color', 'fresh'),
(9, 1, 'use_ssl', '0'),
(10, 1, 'show_admin_bar_front', 'true'),
(11, 1, 'locale', ''),
(12, 1, 'ntswebcapabilities', 'a:1:{s:13:"administrator";b:1;}'),
(13, 1, 'ntswebuser_level', '10'),
(14, 1, 'dismissed_wp_pointers', 'theme_editor_notice'),
(15, 1, 'show_welcome_panel', '1'),
(16, 1, 'session_tokens', 'a:1:{s:64:"10656dd3b62599b6785327b0fcd3cc4784ef6a59e3a443e3ad31053d2ec4d44c";a:4:{s:10:"expiration";i:1662885596;s:2:"ip";s:13:"41.210.145.66";s:2:"ua";s:106:"Mozilla/5.0 (Windows NT 10.0; WOW64) AppleWebKit/537.36 (KHTML, like Gecko) Chrome/105.0.0.0 Safari/537.36";s:5:"login";i:1662712796;}}'),
(17, 1, 'ntswebdashboard_quick_press_last_post_id', '4'),
(18, 1, 'community-events-location', 'a:1:{s:2:"ip";s:12:"41.210.145.0";}'),
(19, 1, 'astra-sites-on-active', 'notice-dismissed'),
(20, 1, 'astra-sites-subscribed', 'yes'),
(21, 1, 'ntswebuser-settings', 'libraryContent=browse'),
(22, 1, 'ntswebuser-settings-time', '1652989788'),
(23, 1, 'ntswebmetaslider_analytics_onboarding_status', 'yes'),
(24, 1, 'extendifysdk_uuid', 'fcd414c597baa38a9d470933872a440d'),
(25, 1, 'extendifysdk_user_data', '{"state":{"firstLoadedOn":"2022-05-19T21:35:01.031Z","email":"","apiKey":"","uuid":"fcd414c597baa38a9d470933872a440d","sdkPartner":"MetaSlider","noticesDismissedAt":[],"modalNoticesDismissedAt":[],"imports":0,"runningImports":0,"allowedImports":0,"freebieImports":0,"entryPoint":"not-set","enabled":true,"canInstallPlugins":true,"canActivatePlugins":true,"participatingTestsGroups":{"main-button-text2":"A"},"preferredOptions":{"taxonomies":[],"type":"","search":""},"isAdmin":true},"version":0}'),
(26, 1, 'astra-sites-5-start-notice', 'notice-dismissed'),
(27, 1, 'ntswebextendifysdk_complete_install', '1653299496'),
(28, 2, 'nickname', 'MUBIRU EDDY EDWARD'),
(29, 2, 'first_name', 'MUBIRU'),
(30, 2, 'last_name', 'EDDY EDWARD'),
(31, 2, 'description', ''),
(32, 2, 'rich_editing', 'true'),
(33, 2, 'syntax_highlighting', 'true'),
(34, 2, 'comment_shortcuts', 'false'),
(35, 2, 'admin_color', 'fresh'),
(36, 2, 'use_ssl', '0'),
(37, 2, 'show_admin_bar_front', 'true'),
(38, 2, 'locale', ''),
(41, 2, 'bp_xprofile_visibility_levels', 'a:1:{i:1;s:6:"public";}'),
(43, 2, 'ntswebcapabilities', 'a:1:{s:10:"subscriber";b:1;}'),
(44, 2, 'ntswebuser_level', '0'),
(45, 2, 'session_tokens', 'a:2:{s:64:"722766f850c9a566f884ee9b58d758e307751887583a362179b33afec3bac280";a:4:{s:10:"expiration";i:1653906944;s:2:"ip";s:13:"102.87.187.12";s:2:"ua";s:138:"Mozilla/5.0 (Linux; Android 8.1.0; TECNO F1 Build/O11019) AppleWebKit/537.36 (KHTML, like Gecko) Chrome/70.0.3538.110 Mobile Safari/537.36";s:5:"login";i:1653734144;}s:64:"e587fb00fdbc1ea832573778b9f067d5ebdfc012c734532df5b0324d6c78fb9a";a:4:{s:10:"expiration";i:1653907127;s:2:"ip";s:13:"102.87.187.12";s:2:"ua";s:125:"Mozilla/5.0 (Linux; Android 8.1.0; TECNO F1) AppleWebKit/537.36 (KHTML, like Gecko) Chrome/70.0.3538.110 Mobile Safari/537.36";s:5:"login";i:1653734327;}}'),
(46, 3, 'nickname', 'Murungi Faith Pauline'),
(47, 3, 'first_name', 'Murungi'),
(48, 3, 'last_name', 'Faith Pauline'),
(49, 3, 'description', ''),
(50, 3, 'rich_editing', 'true'),
(51, 3, 'syntax_highlighting', 'true'),
(52, 3, 'comment_shortcuts', 'false'),
(53, 3, 'admin_color', 'fresh'),
(54, 3, 'use_ssl', '0'),
(55, 3, 'show_admin_bar_front', 'true'),
(56, 3, 'locale', ''),
(59, 3, 'bp_xprofile_visibility_levels', 'a:1:{i:1;s:6:"public";}'),
(60, 3, 'activation_key', '7dBzjeGaS3brFRjQmh6VOlra9rQfyKD3'),
(61, 4, 'nickname', 'AMPEIRE JOHN'),
(62, 4, 'first_name', 'AMPEIRE'),
(63, 4, 'last_name', 'JOHN'),
(64, 4, 'description', ''),
(65, 4, 'rich_editing', 'true'),
(66, 4, 'syntax_highlighting', 'true'),
(67, 4, 'comment_shortcuts', 'false'),
(68, 4, 'admin_color', 'fresh'),
(69, 4, 'use_ssl', '0'),
(70, 4, 'show_admin_bar_front', 'true'),
(71, 4, 'locale', ''),
(74, 4, 'bp_xprofile_visibility_levels', 'a:1:{i:1;s:6:"public";}'),
(76, 4, 'ntswebcapabilities', 'a:1:{s:10:"subscriber";b:1;}'),
(77, 4, 'ntswebuser_level', '0'),
(78, 4, 'session_tokens', 'a:3:{s:64:"347a76b1de707045830c64bd307662f91d285d813fd0f29f0398e5fa02beeba4";a:4:{s:10:"expiration";i:1654942656;s:2:"ip";s:14:"51.158.189.183";s:2:"ua";s:150:"Mozilla/5.0 (Linux; Android 10; SAMSUNG SM-M115F) AppleWebKit/537.36 (KHTML, like Gecko) SamsungBrowser/11.0 Chrome/75.0.3770.143 Mobile Safari/537.36";s:5:"login";i:1654769856;}s:64:"f6686095c0809dd0b065f39baa605580557749c29a342e8da5f9565d7496e652";a:4:{s:10:"expiration";i:1654946601;s:2:"ip";s:14:"51.158.189.183";s:2:"ua";s:150:"Mozilla/5.0 (Linux; Android 10; SAMSUNG SM-M115F) AppleWebKit/537.36 (KHTML, like Gecko) SamsungBrowser/11.0 Chrome/75.0.3770.143 Mobile Safari/537.36";s:5:"login";i:1654773801;}s:64:"66795e260331d2e81bee17784e319dc05aef4a97094f99da444369c6efe8dfe4";a:4:{s:10:"expiration";i:1656057010;s:2:"ip";s:14:"51.158.189.183";s:2:"ua";s:150:"Mozilla/5.0 (Linux; Android 10; SAMSUNG SM-M115F) AppleWebKit/537.36 (KHTML, like Gecko) SamsungBrowser/11.0 Chrome/75.0.3770.143 Mobile Safari/537.36";s:5:"login";i:1654847410;}}'),
(79, 5, 'nickname', 'Balaba'),
(80, 5, 'first_name', 'Balaba'),
(81, 5, 'last_name', ''),
(82, 5, 'description', ''),
(83, 5, 'rich_editing', 'true'),
(84, 5, 'syntax_highlighting', 'true'),
(85, 5, 'comment_shortcuts', 'false'),
(86, 5, 'admin_color', 'fresh'),
(87, 5, 'use_ssl', '0'),
(88, 5, 'show_admin_bar_front', 'true'),
(89, 5, 'locale', ''),
(92, 5, 'bp_xprofile_visibility_levels', 'a:1:{i:1;s:6:"public";}'),
(93, 5, 'activation_key', 'RHo1Bd3VrqCkxgeeCWfrY0o53xES6te2'),
(94, 6, 'nickname', 'Balaba'),
(95, 6, 'first_name', 'Balaba'),
(96, 6, 'last_name', ''),
(97, 6, 'description', ''),
(98, 6, 'rich_editing', 'true'),
(99, 6, 'syntax_highlighting', 'true'),
(100, 6, 'comment_shortcuts', 'false'),
(101, 6, 'admin_color', 'fresh'),
(102, 6, 'use_ssl', '0'),
(103, 6, 'show_admin_bar_front', 'true'),
(104, 6, 'locale', ''),
(107, 6, 'bp_xprofile_visibility_levels', 'a:1:{i:1;s:6:"public";}'),
(108, 6, 'activation_key', '4KtPXIOTcht5Aaxpdsiaf2E4uak3JDfq'),
(109, 7, 'nickname', 'sethunya mokgalajwe'),
(110, 7, 'first_name', 'sethunya'),
(111, 7, 'last_name', 'mokgalajwe'),
(112, 7, 'description', ''),
(113, 7, 'rich_editing', 'true'),
(114, 7, 'syntax_highlighting', 'true'),
(115, 7, 'comment_shortcuts', 'false'),
(116, 7, 'admin_color', 'fresh'),
(117, 7, 'use_ssl', '0'),
(118, 7, 'show_admin_bar_front', 'true'),
(119, 7, 'locale', ''),
(122, 7, 'bp_xprofile_visibility_levels', 'a:1:{i:1;s:6:"public";}'),
(123, 7, 'activation_key', 'FiPHpJNcrkZ55KpWWj4BYCOLhtWQ2r5F'),
(124, 8, 'nickname', 'AANYU NIGHT GRACE'),
(125, 8, 'first_name', 'AANYU'),
(126, 8, 'last_name', 'NIGHT GRACE'),
(127, 8, 'description', ''),
(128, 8, 'rich_editing', 'true'),
(129, 8, 'syntax_highlighting', 'true'),
(130, 8, 'comment_shortcuts', 'false'),
(131, 8, 'admin_color', 'fresh'),
(132, 8, 'use_ssl', '0'),
(133, 8, 'show_admin_bar_front', 'true'),
(134, 8, 'locale', ''),
(137, 8, 'bp_xprofile_visibility_levels', 'a:1:{i:1;s:6:"public";}'),
(139, 8, 'ntswebcapabilities', 'a:1:{s:10:"subscriber";b:1;}'),
(140, 8, 'ntswebuser_level', '0'),
(141, 8, 'session_tokens', 'a:2:{s:64:"f88fe090926f8c4806d19f5b1df3c3bdf4d1b6eb33995b82c6bbafb8a1a201dc";a:4:{s:10:"expiration";i:1655300532;s:2:"ip";s:15:"197.221.131.238";s:2:"ua";s:68:"Mozilla/5.0 (Windows NT 10.0; rv:101.0) Gecko/20100101 Firefox/101.0";s:5:"login";i:1655127732;}s:64:"4bfcd8bd897367753efcbfdea9e6b463cf68fd163871f0a2b63daa0b9f65f0fe";a:4:{s:10:"expiration";i:1655300742;s:2:"ip";s:14:"41.210.145.177";s:2:"ua";s:113:"Mozilla/5.0 (Linux; Android 11; SM-T295) AppleWebKit/537.36 (KHTML, like Gecko) Chrome/99.0.4844.73 Safari/537.36";s:5:"login";i:1655127942;}}'),
(142, 9, 'nickname', 'Kihunde prossy'),
(143, 9, 'first_name', 'Kihunde'),
(144, 9, 'last_name', 'prossy'),
(145, 9, 'description', ''),
(146, 9, 'rich_editing', 'true'),
(147, 9, 'syntax_highlighting', 'true'),
(148, 9, 'comment_shortcuts', 'false'),
(149, 9, 'admin_color', 'fresh'),
(150, 9, 'use_ssl', '0'),
(151, 9, 'show_admin_bar_front', 'true'),
(152, 9, 'locale', ''),
(155, 9, 'bp_xprofile_visibility_levels', 'a:1:{i:1;s:6:"public";}'),
(156, 9, 'activation_key', 'NSOTYGnWBKwqRUYoBjLucg2jYOCoHXsD'),
(157, 10, 'nickname', 'Nantongo Shakirah'),
(158, 10, 'first_name', 'Nantongo'),
(159, 10, 'last_name', 'Shakirah'),
(160, 10, 'description', ''),
(161, 10, 'rich_editing', 'true'),
(162, 10, 'syntax_highlighting', 'true'),
(163, 10, 'comment_shortcuts', 'false'),
(164, 10, 'admin_color', 'fresh'),
(165, 10, 'use_ssl', '0'),
(166, 10, 'show_admin_bar_front', 'true'),
(167, 10, 'locale', ''),
(170, 10, 'bp_xprofile_visibility_levels', 'a:1:{i:1;s:6:"public";}'),
(172, 10, 'ntswebcapabilities', 'a:1:{s:10:"subscriber";b:1;}'),
(173, 10, 'ntswebuser_level', '0'),
(174, 10, 'session_tokens', 'a:2:{s:64:"6c73dd896ae7e2fc087428d48f74486c74f01785534dc5e7e925d8c2912c90ae";a:4:{s:10:"expiration";i:1655711565;s:2:"ip";s:13:"51.68.180.173";s:2:"ua";s:125:"Mozilla/5.0 (Linux; Android 10; Infinix X657) AppleWebKit/537.36 (KHTML, like Gecko) Chrome/80.0.3987.99 Mobile Safari/537.36";s:5:"login";i:1655538765;}s:64:"a493d051470ac749f20522cf4b1e197cf93b7d8d6ff68b8bffbbc68782d0b28a";a:4:{s:10:"expiration";i:1655711798;s:2:"ip";s:13:"51.68.180.173";s:2:"ua";s:125:"Mozilla/5.0 (Linux; Android 10; Infinix X657) AppleWebKit/537.36 (KHTML, like Gecko) Chrome/80.0.3987.99 Mobile Safari/537.36";s:5:"login";i:1655538998;}}'),
(175, 11, 'nickname', 'Kyaligonza Nickson'),
(176, 11, 'first_name', 'Kyaligonza'),
(177, 11, 'last_name', 'Nickson'),
(178, 11, 'description', ''),
(179, 11, 'rich_editing', 'true'),
(180, 11, 'syntax_highlighting', 'true'),
(181, 11, 'comment_shortcuts', 'false'),
(182, 11, 'admin_color', 'fresh'),
(183, 11, 'use_ssl', '0'),
(184, 11, 'show_admin_bar_front', 'true'),
(185, 11, 'locale', ''),
(188, 11, 'bp_xprofile_visibility_levels', 'a:1:{i:1;s:6:"public";}'),
(189, 11, 'activation_key', 'wqmk094ljxLbbUfZzeM36HIiPM7l3yHC'),
(190, 12, 'nickname', 'Agu Collins Arinze'),
(191, 12, 'first_name', 'Agu'),
(192, 12, 'last_name', 'Collins Arinze'),
(193, 12, 'description', ''),
(194, 12, 'rich_editing', 'true'),
(195, 12, 'syntax_highlighting', 'true'),
(196, 12, 'comment_shortcuts', 'false'),
(197, 12, 'admin_color', 'fresh'),
(198, 12, 'use_ssl', '0'),
(199, 12, 'show_admin_bar_front', 'true'),
(200, 12, 'locale', ''),
(203, 12, 'bp_xprofile_visibility_levels', 'a:1:{i:1;s:6:"public";}'),
(205, 12, 'ntswebcapabilities', 'a:1:{s:10:"subscriber";b:1;}'),
(206, 12, 'ntswebuser_level', '0'),
(207, 12, 'session_tokens', 'a:3:{s:64:"ea41526dce85cd274dc1a2726fd4e7edbdd85894a353fab27d164f2e22b666f4";a:4:{s:10:"expiration";i:1655983959;s:2:"ip";s:14:"197.210.84.114";s:2:"ua";s:139:"Mozilla/5.0 (iPhone; CPU iPhone OS 14_4_2 like Mac OS X) AppleWebKit/605.1.15 (KHTML, like Gecko) Version/14.0.3 Mobile/15E148 Safari/604.1";s:5:"login";i:1655811159;}s:64:"c1ff4502fdecd21ac45e3a7c88b7d61250abe00bcfdfa45a8a2ebad5fabfa971";a:4:{s:10:"expiration";i:1655983982;s:2:"ip";s:14:"197.210.84.114";s:2:"ua";s:139:"Mozilla/5.0 (iPhone; CPU iPhone OS 14_4_2 like Mac OS X) AppleWebKit/605.1.15 (KHTML, like Gecko) Version/14.0.3 Mobile/15E148 Safari/604.1";s:5:"login";i:1655811182;}s:64:"aa7ab17f8f6aeff5bf2e9c1ab4eca878ed005ea0a3aedf5d267bfe9c240f3f4c";a:4:{s:10:"expiration";i:1656005802;s:2:"ip";s:15:"197.210.226.194";s:2:"ua";s:139:"Mozilla/5.0 (iPhone; CPU iPhone OS 14_4_2 like Mac OS X) AppleWebKit/605.1.15 (KHTML, like Gecko) Version/14.0.3 Mobile/15E148 Safari/604.1";s:5:"login";i:1655833002;}}'),
(208, 13, 'nickname', 'Truphosa Afwamba'),
(209, 13, 'first_name', 'Truphosa'),
(210, 13, 'last_name', 'Afwamba'),
(211, 13, 'description', ''),
(212, 13, 'rich_editing', 'true'),
(213, 13, 'syntax_highlighting', 'true'),
(214, 13, 'comment_shortcuts', 'false'),
(215, 13, 'admin_color', 'fresh'),
(216, 13, 'use_ssl', '0'),
(217, 13, 'show_admin_bar_front', 'true'),
(218, 13, 'locale', ''),
(221, 13, 'bp_xprofile_visibility_levels', 'a:1:{i:1;s:6:"public";}'),
(222, 13, 'activation_key', 'ymbJ6Plv7H3BvFaXf6shP0GLDvJEvOHd'),
(223, 14, 'nickname', 'Agu Collins Arinze'),
(224, 14, 'first_name', 'Agu'),
(225, 14, 'last_name', 'Collins Arinze'),
(226, 14, 'description', ''),
(227, 14, 'rich_editing', 'true'),
(228, 14, 'syntax_highlighting', 'true'),
(229, 14, 'comment_shortcuts', 'false'),
(230, 14, 'admin_color', 'fresh'),
(231, 14, 'use_ssl', '0'),
(232, 14, 'show_admin_bar_front', 'true'),
(233, 14, 'locale', ''),
(236, 14, 'bp_xprofile_visibility_levels', 'a:1:{i:1;s:6:"public";}'),
(237, 14, 'activation_key', 'mgwWHKIWX3KzhyzIrzx7IAjOM4gEdMUl'),
(238, 15, 'nickname', 'ARIHO HELLEN'),
(239, 15, 'first_name', 'ARIHO'),
(240, 15, 'last_name', 'HELLEN'),
(241, 15, 'description', ''),
(242, 15, 'rich_editing', 'true'),
(243, 15, 'syntax_highlighting', 'true'),
(244, 15, 'comment_shortcuts', 'false'),
(245, 15, 'admin_color', 'fresh'),
(246, 15, 'use_ssl', '0'),
(247, 15, 'show_admin_bar_front', 'true'),
(248, 15, 'locale', ''),
(251, 15, 'bp_xprofile_visibility_levels', 'a:1:{i:1;s:6:"public";}'),
(252, 15, 'activation_key', 'HyaNWKZEW0jy44vKRJnrRocCR1edcncn'),
(253, 16, 'nickname', 'Kasiita Peter Claver'),
(254, 16, 'first_name', 'Kasiita'),
(255, 16, 'last_name', 'Peter Claver'),
(256, 16, 'description', ''),
(257, 16, 'rich_editing', 'true'),
(258, 16, 'syntax_highlighting', 'true'),
(259, 16, 'comment_shortcuts', 'false'),
(260, 16, 'admin_color', 'fresh'),
(261, 16, 'use_ssl', '0'),
(262, 16, 'show_admin_bar_front', 'true'),
(263, 16, 'locale', ''),
(266, 16, 'bp_xprofile_visibility_levels', 'a:3:{i:1;s:6:"public";i:2;s:6:"public";i:15;s:6:"public";}'),
(267, 16, 'activation_key', 'zSOumQ19NKwo7HbDg0M6sP58l4jkKzfI'),
(268, 17, 'nickname', 'Kasiita Peter'),
(269, 17, 'first_name', 'Kasiita'),
(270, 17, 'last_name', 'Peter'),
(271, 17, 'description', ''),
(272, 17, 'rich_editing', 'true'),
(273, 17, 'syntax_highlighting', 'true'),
(274, 17, 'comment_shortcuts', 'false'),
(275, 17, 'admin_color', 'fresh'),
(276, 17, 'use_ssl', '0'),
(277, 17, 'show_admin_bar_front', 'true'),
(278, 17, 'locale', ''),
(281, 17, 'bp_xprofile_visibility_levels', 'a:3:{i:1;s:6:"public";i:2;s:6:"public";i:15;s:6:"public";}'),
(282, 17, 'activation_key', 'HcDOtosySgTJrET0hgFLqKpUn8LC7JbT'),
(283, 18, 'nickname', 'Kisambira Ashiraf'),
(284, 18, 'first_name', 'Kisambira'),
(285, 18, 'last_name', 'Ashiraf'),
(286, 18, 'description', ''),
(287, 18, 'rich_editing', 'true'),
(288, 18, 'syntax_highlighting', 'true'),
(289, 18, 'comment_shortcuts', 'false'),
(290, 18, 'admin_color', 'fresh'),
(291, 18, 'use_ssl', '0'),
(292, 18, 'show_admin_bar_front', 'true'),
(293, 18, 'locale', ''),
(296, 18, 'bp_xprofile_visibility_levels', 'a:3:{i:1;s:6:"public";i:2;s:6:"public";i:15;s:6:"public";}'),
(297, 18, 'activation_key', 'AB08efs8Zcg06xFfpSQzYS1IUMgIhGqN'),
(298, 19, 'nickname', 'Kagugube Charles'),
(299, 19, 'first_name', 'Kagugube'),
(300, 19, 'last_name', 'Charles'),
(301, 19, 'description', ''),
(302, 19, 'rich_editing', 'true'),
(303, 19, 'syntax_highlighting', 'true'),
(304, 19, 'comment_shortcuts', 'false'),
(305, 19, 'admin_color', 'fresh'),
(306, 19, 'use_ssl', '0'),
(307, 19, 'show_admin_bar_front', 'true'),
(308, 19, 'locale', ''),
(311, 19, 'bp_xprofile_visibility_levels', 'a:3:{i:1;s:6:"public";i:2;s:6:"public";i:15;s:6:"public";}'),
(312, 19, 'activation_key', 'jK4Qy8w2axUPlSpDujr4gyte0qYZHuPX'),
(313, 20, 'nickname', 'Kisambira Ashiraf'),
(314, 20, 'first_name', 'Kisambira'),
(315, 20, 'last_name', 'Ashiraf'),
(316, 20, 'description', ''),
(317, 20, 'rich_editing', 'true'),
(318, 20, 'syntax_highlighting', 'true'),
(319, 20, 'comment_shortcuts', 'false'),
(320, 20, 'admin_color', 'fresh'),
(321, 20, 'use_ssl', '0'),
(322, 20, 'show_admin_bar_front', 'true'),
(323, 20, 'locale', ''),
(326, 20, 'bp_xprofile_visibility_levels', 'a:3:{i:1;s:6:"public";i:2;s:6:"public";i:15;s:6:"public";}'),
(327, 20, 'activation_key', '635UjwT9WDkTkDpGJxRl1FTn7FnhVVRb'),
(328, 21, 'nickname', 'Fallah Richard'),
(329, 21, 'first_name', 'Fallah'),
(330, 21, 'last_name', 'Richard'),
(331, 21, 'description', ''),
(332, 21, 'rich_editing', 'true'),
(333, 21, 'syntax_highlighting', 'true'),
(334, 21, 'comment_shortcuts', 'false'),
(335, 21, 'admin_color', 'fresh'),
(336, 21, 'use_ssl', '0'),
(337, 21, 'show_admin_bar_front', 'true'),
(338, 21, 'locale', ''),
(341, 21, 'bp_xprofile_visibility_levels', 'a:3:{i:1;s:6:"public";i:2;s:6:"public";i:15;s:6:"public";}'),
(342, 21, 'activation_key', 'tFhspCW5qg9nKCFgvzcYGKuu36MwGmH0'),
(343, 22, 'nickname', 'Fallah Richard'),
(344, 22, 'first_name', 'Fallah'),
(345, 22, 'last_name', 'Richard'),
(346, 22, 'description', ''),
(347, 22, 'rich_editing', 'true'),
(348, 22, 'syntax_highlighting', 'true'),
(349, 22, 'comment_shortcuts', 'false'),
(350, 22, 'admin_color', 'fresh'),
(351, 22, 'use_ssl', '0'),
(352, 22, 'show_admin_bar_front', 'true'),
(353, 22, 'locale', ''),
(356, 22, 'bp_xprofile_visibility_levels', 'a:3:{i:1;s:6:"public";i:2;s:6:"public";i:15;s:6:"public";}'),
(357, 22, 'activation_key', 'wApxd03p96bk3EqAYSsB8Llelb5DFcFG'),
(359, 1, 'ntswebyoast_notifications', 'a:1:{i:0;a:2:{s:7:"message";s:369:"<p>You can speed up your site and get insight into your internal linking structure by letting us perform a few optimizations to the way SEO data is stored. </p><p>We estimate this will take less than a minute.</p><a class="button" href="https://admissions.nsambyatrainingsch.com/wp-admin/admin.php?page=wpseo_tools&start-indexation=true">Start SEO data optimization</a>";s:7:"options";a:10:{s:4:"type";s:7:"warning";s:2:"id";s:13:"wpseo-reindex";s:4:"user";O:7:"WP_User":8:{s:4:"data";O:8:"stdClass":10:{s:2:"ID";s:1:"1";s:10:"user_login";s:17:"MervynKasiitaWest";s:9:"user_pass";s:34:"$P$BEmr.g.uDs3YIBLrCJbSpx9ExbsaOy.";s:13:"user_nicename";s:17:"MervynKasiitaWest";s:10:"user_email";s:28:"admin@nsambyatrainingsch.com";s:8:"user_url";s:41:"https://admissions.nsambyatrainingsch.com";s:15:"user_registered";s:19:"2022-05-19 17:26:00";s:19:"user_activation_key";s:0:"";s:11:"user_status";s:1:"0";s:12:"display_name";s:17:"MervynKasiitaWest";}s:2:"ID";i:1;s:4:"caps";a:1:{s:13:"administrator";b:1;}s:7:"cap_key";s:18:"ntswebcapabilities";s:5:"roles";a:1:{i:0;s:13:"administrator";}s:7:"allcaps";a:104:{s:13:"switch_themes";b:1;s:11:"edit_themes";b:1;s:16:"activate_plugins";b:1;s:12:"edit_plugins";b:1;s:10:"edit_users";b:1;s:10:"edit_files";b:1;s:14:"manage_options";b:1;s:17:"moderate_comments";b:1;s:17:"manage_categories";b:1;s:12:"manage_links";b:1;s:12:"upload_files";b:1;s:6:"import";b:1;s:15:"unfiltered_html";b:1;s:10:"edit_posts";b:1;s:17:"edit_others_posts";b:1;s:20:"edit_published_posts";b:1;s:13:"publish_posts";b:1;s:10:"edit_pages";b:1;s:4:"read";b:1;s:8:"level_10";b:1;s:7:"level_9";b:1;s:7:"level_8";b:1;s:7:"level_7";b:1;s:7:"level_6";b:1;s:7:"level_5";b:1;s:7:"level_4";b:1;s:7:"level_3";b:1;s:7:"level_2";b:1;s:7:"level_1";b:1;s:7:"level_0";b:1;s:17:"edit_others_pages";b:1;s:20:"edit_published_pages";b:1;s:13:"publish_pages";b:1;s:12:"delete_pages";b:1;s:19:"delete_others_pages";b:1;s:22:"delete_published_pages";b:1;s:12:"delete_posts";b:1;s:19:"delete_others_posts";b:1;s:22:"delete_published_posts";b:1;s:20:"delete_private_posts";b:1;s:18:"edit_private_posts";b:1;s:18:"read_private_posts";b:1;s:20:"delete_private_pages";b:1;s:18:"edit_private_pages";b:1;s:18:"read_private_pages";b:1;s:12:"delete_users";b:1;s:12:"create_users";b:1;s:17:"unfiltered_upload";b:1;s:14:"edit_dashboard";b:1;s:14:"update_plugins";b:1;s:14:"delete_plugins";b:1;s:15:"install_plugins";b:1;s:13:"update_themes";b:1;s:14:"install_themes";b:1;s:11:"update_core";b:1;s:10:"list_users";b:1;s:12:"remove_users";b:1;s:13:"promote_users";b:1;s:18:"edit_theme_options";b:1;s:13:"delete_themes";b:1;s:6:"export";b:1;s:11:"bp_moderate";b:1;s:25:"read_private_tribe_events";b:1;s:17:"edit_tribe_events";b:1;s:24:"edit_others_tribe_events";b:1;s:25:"edit_private_tribe_events";b:1;s:27:"edit_published_tribe_events";b:1;s:19:"delete_tribe_events";b:1;s:26:"delete_others_tribe_events";b:1;s:27:"delete_private_tribe_events";b:1;s:29:"delete_published_tribe_events";b:1;s:20:"publish_tribe_events";b:1;s:25:"read_private_tribe_venues";b:1;s:17:"edit_tribe_venues";b:1;s:24:"edit_others_tribe_venues";b:1;s:25:"edit_private_tribe_venues";b:1;s:27:"edit_published_tribe_venues";b:1;s:19:"delete_tribe_venues";b:1;s:26:"delete_others_tribe_venues";b:1;s:27:"delete_private_tribe_venues";b:1;s:29:"delete_published_tribe_venues";b:1;s:20:"publish_tribe_venues";b:1;s:29:"read_private_tribe_organizers";b:1;s:21:"edit_tribe_organizers";b:1;s:28:"edit_others_tribe_organizers";b:1;s:29:"edit_private_tribe_organizers";b:1;s:31:"edit_published_tribe_organizers";b:1;s:23:"delete_tribe_organizers";b:1;s:30:"delete_others_tribe_organizers";b:1;s:31:"delete_private_tribe_organizers";b:1;s:33:"delete_published_tribe_organizers";b:1;s:24:"publish_tribe_organizers";b:1;s:31:"read_private_aggregator-records";b:1;s:23:"edit_aggregator-records";b:1;s:30:"edit_others_aggregator-records";b:1;s:31:"edit_private_aggregator-records";b:1;s:33:"edit_published_aggregator-records";b:1;s:25:"delete_aggregator-records";b:1;s:32:"delete_others_aggregator-records";b:1;s:33:"delete_private_aggregator-records";b:1;s:35:"delete_published_aggregator-records";b:1;s:26:"publish_aggregator-records";b:1;s:20:"wpseo_manage_options";b:1;s:13:"administrator";b:1;}s:6:"filter";N;s:16:"\0WP_User\0site_id";i:1;}s:5:"nonce";N;s:8:"priority";d:0.8;s:9:"data_json";a:0:{}s:13:"dismissal_key";N;s:12:"capabilities";s:20:"wpseo_manage_options";s:16:"capability_check";s:3:"all";s:14:"yoast_branding";b:0;}}}'),
(360, 23, 'nickname', 'Namwano Patience Kusol'),
(361, 23, 'first_name', 'Namwano'),
(362, 23, 'last_name', 'Patience Kusol'),
(363, 23, 'description', ''),
(364, 23, 'rich_editing', 'true'),
(365, 23, 'syntax_highlighting', 'true'),
(366, 23, 'comment_shortcuts', 'false'),
(367, 23, 'admin_color', 'fresh'),
(368, 23, 'use_ssl', '0'),
(369, 23, 'show_admin_bar_front', 'true'),
(370, 23, 'locale', ''),
(373, 23, '_yoast_wpseo_profile_updated', '1658163706'),
(374, 23, 'bp_xprofile_visibility_levels', 'a:3:{i:1;s:6:"public";i:2;s:6:"public";i:15;s:6:"public";}'),
(376, 23, 'ntswebcapabilities', 'a:1:{s:10:"subscriber";b:1;}'),
(377, 23, 'ntswebuser_level', '0'),
(378, 23, 'session_tokens', 'a:4:{s:64:"f7ed0f0dc5597ba6dc391f2597c4bc05367ef84080333400b6efa82394c866ab";a:4:{s:10:"expiration";i:1658336935;s:2:"ip";s:13:"41.210.159.24";s:2:"ua";s:111:"Mozilla/5.0 (Windows NT 10.0; Win64; x64) AppleWebKit/537.36 (KHTML, like Gecko) Chrome/103.0.0.0 Safari/537.36";s:5:"login";i:1658164135;}s:64:"04360871a5fe3cd804e97d4e53b9b208f58a53b99c184c29d83960f8f48c5bab";a:4:{s:10:"expiration";i:1658336961;s:2:"ip";s:13:"41.210.159.24";s:2:"ua";s:111:"Mozilla/5.0 (Windows NT 10.0; Win64; x64) AppleWebKit/537.36 (KHTML, like Gecko) Chrome/103.0.0.0 Safari/537.36";s:5:"login";i:1658164161;}s:64:"2b576ba6899cb8128fb555e096e926b468a442d2c816d58e337ad04cb8c6c330";a:4:{s:10:"expiration";i:1658337120;s:2:"ip";s:13:"41.210.159.24";s:2:"ua";s:111:"Mozilla/5.0 (Windows NT 10.0; Win64; x64) AppleWebKit/537.36 (KHTML, like Gecko) Chrome/103.0.0.0 Safari/537.36";s:5:"login";i:1658164320;}s:64:"df65c36a9344efc446d6cfcb47012a7d107f245b8b22bffaf5587b0729f3f730";a:4:{s:10:"expiration";i:1658337150;s:2:"ip";s:13:"41.210.159.24";s:2:"ua";s:111:"Mozilla/5.0 (Windows NT 10.0; Win64; x64) AppleWebKit/537.36 (KHTML, like Gecko) Chrome/103.0.0.0 Safari/537.36";s:5:"login";i:1658164350;}}'),
(379, 1, '_yoast_wpseo_profile_updated', '1658175754'),
(380, 1, 'jetpack_tracks_anon_id', 'jetpack:hYlr2Lt+PKOGdHwJ3EHPbpTm'),
(381, 1, 'ntswebpersisted_preferences', 'a:2:{s:14:"core/edit-post";a:5:{s:10:"openPanels";a:5:{i:0;s:11:"post-status";i:1;s:24:"yoast-seo/document-panel";i:2;s:14:"featured-image";i:3;s:15:"page-attributes";i:4;s:16:"discussion-panel";}s:17:"complementaryArea";s:18:"edit-post/document";s:12:"welcomeGuide";b:0;s:26:"isComplementaryAreaVisible";b:1;s:10:"editorMode";s:6:"visual";}s:9:"_modified";s:24:"2022-07-19T00:38:06.662Z";}'),
(382, 24, 'nickname', 'Odur Jonathan'),
(383, 24, 'first_name', 'Odur'),
(384, 24, 'last_name', 'Jonathan'),
(385, 24, 'description', ''),
(386, 24, 'rich_editing', 'true'),
(387, 24, 'syntax_highlighting', 'true'),
(388, 24, 'comment_shortcuts', 'false'),
(389, 24, 'admin_color', 'fresh'),
(390, 24, 'use_ssl', '0'),
(391, 24, 'show_admin_bar_front', 'true'),
(392, 24, 'locale', ''),
(395, 24, '_yoast_wpseo_profile_updated', '1658254290'),
(396, 24, 'bp_xprofile_visibility_levels', 'a:3:{i:1;s:6:"public";i:2;s:6:"public";i:15;s:6:"public";}'),
(397, 24, 'activation_key', 'e8y9Mw0SIcaDYPyyoKNrU9Tu5yZII1ET'),
(398, 25, 'nickname', 'Robert GAMUKAMA'),
(399, 25, 'first_name', 'Robert'),
(400, 25, 'last_name', 'GAMUKAMA'),
(401, 25, 'description', ''),
(402, 25, 'rich_editing', 'true'),
(403, 25, 'syntax_highlighting', 'true'),
(404, 25, 'comment_shortcuts', 'false'),
(405, 25, 'admin_color', 'fresh'),
(406, 25, 'use_ssl', '0'),
(407, 25, 'show_admin_bar_front', 'true'),
(408, 25, 'locale', ''),
(411, 25, '_yoast_wpseo_profile_updated', '1658656167'),
(412, 25, 'bp_xprofile_visibility_levels', 'a:3:{i:1;s:6:"public";i:2;s:6:"public";i:15;s:6:"public";}'),
(414, 26, 'nickname', 'Kato Johnbaptist Ssonko'),
(415, 26, 'first_name', 'Kato'),
(416, 26, 'last_name', 'Johnbaptist Ssonko'),
(417, 26, 'description', ''),
(418, 26, 'rich_editing', 'true'),
(419, 26, 'syntax_highlighting', 'true'),
(420, 26, 'comment_shortcuts', 'false'),
(421, 26, 'admin_color', 'fresh'),
(422, 26, 'use_ssl', '0'),
(423, 26, 'show_admin_bar_front', 'true'),
(424, 26, 'locale', ''),
(427, 26, '_yoast_wpseo_profile_updated', '1659439454'),
(428, 26, 'bp_xprofile_visibility_levels', 'a:3:{i:1;s:6:"public";i:2;s:6:"public";i:15;s:6:"public";}'),
(430, 26, 'ntswebcapabilities', 'a:1:{s:10:"subscriber";b:1;}'),
(431, 26, 'ntswebuser_level', '0'),
(432, 26, 'session_tokens', 'a:1:{s:64:"d73e17e04a84ad445067547c3f90b65b21fd85ecd828911cc15519dca46964b4";a:4:{s:10:"expiration";i:1659612660;s:2:"ip";s:13:"41.210.141.29";s:2:"ua";s:120:"Mozilla/5.0 (Linux; Android 10; BE2013) AppleWebKit/537.36 (KHTML, like Gecko) Chrome/100.0.4896.88 Mobile Safari/537.36";s:5:"login";i:1659439860;}}'),
(433, 27, 'nickname', 'MORU CHRISTINE'),
(434, 27, 'first_name', 'MORU'),
(435, 27, 'last_name', 'CHRISTINE'),
(436, 27, 'description', ''),
(437, 27, 'rich_editing', 'true'),
(438, 27, 'syntax_highlighting', 'true'),
(439, 27, 'comment_shortcuts', 'false'),
(440, 27, 'admin_color', 'fresh'),
(441, 27, 'use_ssl', '0'),
(442, 27, 'show_admin_bar_front', 'true'),
(443, 27, 'locale', ''),
(446, 27, '_yoast_wpseo_profile_updated', '1659624994'),
(447, 27, 'bp_xprofile_visibility_levels', 'a:3:{i:1;s:6:"public";i:2;s:6:"public";i:15;s:6:"public";}'),
(448, 27, 'activation_key', '3UqbDTwMpaMtzjq76bQzyQdMVGtaUawg'),
(449, 28, 'nickname', 'Besigye Victor brian'),
(450, 28, 'first_name', 'Besigye'),
(451, 28, 'last_name', 'Victor brian'),
(452, 28, 'description', ''),
(453, 28, 'rich_editing', 'true'),
(454, 28, 'syntax_highlighting', 'true'),
(455, 28, 'comment_shortcuts', 'false'),
(456, 28, 'admin_color', 'fresh'),
(457, 28, 'use_ssl', '0'),
(458, 28, 'show_admin_bar_front', 'true'),
(459, 28, 'locale', ''),
(462, 28, '_yoast_wpseo_profile_updated', '1660329854'),
(463, 28, 'bp_xprofile_visibility_levels', 'a:3:{i:1;s:6:"public";i:2;s:6:"public";i:15;s:6:"public";}'),
(464, 28, 'activation_key', '41HG8F11JPE7IyetnPtD0Hfkd7ToN7pt'),
(465, 29, 'nickname', 'OCEREKEDE ABRAHAM'),
(466, 29, 'first_name', 'OCEREKEDE'),
(467, 29, 'last_name', 'ABRAHAM'),
(468, 29, 'description', ''),
(469, 29, 'rich_editing', 'true'),
(470, 29, 'syntax_highlighting', 'true'),
(471, 29, 'comment_shortcuts', 'false'),
(472, 29, 'admin_color', 'fresh'),
(473, 29, 'use_ssl', '0'),
(474, 29, 'show_admin_bar_front', 'true'),
(475, 29, 'locale', ''),
(478, 29, '_yoast_wpseo_profile_updated', '1660378671'),
(479, 29, 'bp_xprofile_visibility_levels', 'a:3:{i:1;s:6:"public";i:2;s:6:"public";i:15;s:6:"public";}'),
(480, 29, 'activation_key', 'jl2OLrzNY189Us7cKKQJClts1Q8Holzj'),
(481, 30, 'nickname', 'Geofrey Amunyuku'),
(482, 30, 'first_name', 'Geofrey'),
(483, 30, 'last_name', 'Amunyuku'),
(484, 30, 'description', ''),
(485, 30, 'rich_editing', 'true'),
(486, 30, 'syntax_highlighting', 'true'),
(487, 30, 'comment_shortcuts', 'false'),
(488, 30, 'admin_color', 'fresh'),
(489, 30, 'use_ssl', '0'),
(490, 30, 'show_admin_bar_front', 'true'),
(491, 30, 'locale', ''),
(494, 30, '_yoast_wpseo_profile_updated', '1660760452'),
(495, 30, 'bp_xprofile_visibility_levels', 'a:3:{i:1;s:6:"public";i:2;s:6:"public";i:15;s:10:"adminsonly";}'),
(496, 30, 'activation_key', 'N7IF3JEI4nWodJu0FErvR8eg78Uxg0eV'),
(497, 31, 'nickname', 'TUSIIMIRAHO FLORIDA'),
(498, 31, 'first_name', 'TUSIIMIRAHO'),
(499, 31, 'last_name', 'FLORIDA'),
(500, 31, 'description', ''),
(501, 31, 'rich_editing', 'true'),
(502, 31, 'syntax_highlighting', 'true'),
(503, 31, 'comment_shortcuts', 'false'),
(504, 31, 'admin_color', 'fresh'),
(505, 31, 'use_ssl', '0'),
(506, 31, 'show_admin_bar_front', 'true'),
(507, 31, 'locale', ''),
(510, 31, '_yoast_wpseo_profile_updated', '1660801197'),
(511, 31, 'bp_xprofile_visibility_levels', 'a:3:{i:1;s:6:"public";i:2;s:6:"public";i:15;s:6:"public";}'),
(513, 31, 'ntswebcapabilities', 'a:1:{s:10:"subscriber";b:1;}'),
(514, 31, 'ntswebuser_level', '0'),
(515, 31, 'session_tokens', 'a:6:{s:64:"184ea2f0119674db30efa5acf94ccfe0d3af9f449f83e244e6d0bc5b4a8bc3d4";a:4:{s:10:"expiration";i:1660976617;s:2:"ip";s:14:"41.210.155.145";s:2:"ua";s:123:"Mozilla/5.0 (Linux; Android 11; Nokia G10) AppleWebKit/537.36 (KHTML, like Gecko) Chrome/90.0.4430.210 Mobile Safari/537.36";s:5:"login";i:1660803817;}s:64:"8885f3da8bc778f7e55c65d7ae3f3edacdc8c481c504889b8373371194c309f2";a:4:{s:10:"expiration";i:1660976620;s:2:"ip";s:14:"41.210.155.145";s:2:"ua";s:123:"Mozilla/5.0 (Linux; Android 11; Nokia G10) AppleWebKit/537.36 (KHTML, like Gecko) Chrome/90.0.4430.210 Mobile Safari/537.36";s:5:"login";i:1660803820;}s:64:"c3d61e1c4440ccc358d0cc364b2fe7494bfefa48761a636f20612d50563b28e5";a:4:{s:10:"expiration";i:1660976693;s:2:"ip";s:14:"41.210.155.145";s:2:"ua";s:123:"Mozilla/5.0 (Linux; Android 11; Nokia G10) AppleWebKit/537.36 (KHTML, like Gecko) Chrome/90.0.4430.210 Mobile Safari/537.36";s:5:"login";i:1660803893;}s:64:"3b21475edb2cea97df9942c62f42ab64fcb4e6e42a47c5bf9e01050363d3c93b";a:4:{s:10:"expiration";i:1660976696;s:2:"ip";s:14:"41.210.155.145";s:2:"ua";s:123:"Mozilla/5.0 (Linux; Android 11; Nokia G10) AppleWebKit/537.36 (KHTML, like Gecko) Chrome/90.0.4430.210 Mobile Safari/537.36";s:5:"login";i:1660803896;}s:64:"cde5f8282b9f4a79379a3bc190afb5b8ee8ea5c47d44eee58823967dcf57c7f9";a:4:{s:10:"expiration";i:1660977493;s:2:"ip";s:14:"41.210.155.145";s:2:"ua";s:123:"Mozilla/5.0 (Linux; Android 11; Nokia G10) AppleWebKit/537.36 (KHTML, like Gecko) Chrome/90.0.4430.210 Mobile Safari/537.36";s:5:"login";i:1660804693;}s:64:"1888073c03af270639231363feff8a21616aa81ec84a3ac28f040e9749008079";a:4:{s:10:"expiration";i:1660984525;s:2:"ip";s:14:"41.210.155.145";s:2:"ua";s:123:"Mozilla/5.0 (Linux; Android 11; Nokia G10) AppleWebKit/537.36 (KHTML, like Gecko) Chrome/90.0.4430.210 Mobile Safari/537.36";s:5:"login";i:1660811725;}}'),
(516, 32, 'nickname', 'Geofrey Amunyuku'),
(517, 32, 'first_name', 'Geofrey'),
(518, 32, 'last_name', 'Amunyuku'),
(519, 32, 'description', ''),
(520, 32, 'rich_editing', 'true'),
(521, 32, 'syntax_highlighting', 'true'),
(522, 32, 'comment_shortcuts', 'false'),
(523, 32, 'admin_color', 'fresh'),
(524, 32, 'use_ssl', '0'),
(525, 32, 'show_admin_bar_front', 'true'),
(526, 32, 'locale', ''),
(529, 32, '_yoast_wpseo_profile_updated', '1660821516'),
(530, 32, 'bp_xprofile_visibility_levels', 'a:3:{i:1;s:6:"public";i:2;s:6:"public";i:15;s:10:"adminsonly";}'),
(531, 32, 'activation_key', 'Ky3WE83tk4H96NFU73fKhSppGPHsRnfM'),
(532, 33, 'nickname', 'Sandra'),
(533, 33, 'first_name', 'Sandra'),
(534, 33, 'last_name', ''),
(535, 33, 'description', ''),
(536, 33, 'rich_editing', 'true'),
(537, 33, 'syntax_highlighting', 'true'),
(538, 33, 'comment_shortcuts', 'false'),
(539, 33, 'admin_color', 'fresh'),
(540, 33, 'use_ssl', '0'),
(541, 33, 'show_admin_bar_front', 'true'),
(542, 33, 'locale', ''),
(545, 33, '_yoast_wpseo_profile_updated', '1661286144'),
(546, 33, 'bp_xprofile_visibility_levels', 'a:3:{i:1;s:6:"public";i:2;s:6:"public";i:15;s:10:"adminsonly";}'),
(547, 33, 'activation_key', 'dgQJIeZJfIav6rOfJMmVgN9Wak64N5pb'),
(548, 34, 'nickname', 'Gerald Ekwaro'),
(549, 34, 'first_name', 'Gerald'),
(550, 34, 'last_name', 'Ekwaro'),
(551, 34, 'description', ''),
(552, 34, 'rich_editing', 'true'),
(553, 34, 'syntax_highlighting', 'true'),
(554, 34, 'comment_shortcuts', 'false'),
(555, 34, 'admin_color', 'fresh'),
(556, 34, 'use_ssl', '0'),
(557, 34, 'show_admin_bar_front', 'true'),
(558, 34, 'locale', ''),
(561, 34, '_yoast_wpseo_profile_updated', '1661602782'),
(562, 34, 'bp_xprofile_visibility_levels', 'a:3:{i:1;s:6:"public";i:2;s:6:"public";i:15;s:6:"public";}'),
(563, 34, 'activation_key', 'A4vYNWS6dB1hevmAVXdk2DR2fzuml3QM'),
(564, 35, 'nickname', 'BATAZE ENOCH'),
(565, 35, 'first_name', 'BATAZE'),
(566, 35, 'last_name', 'ENOCH'),
(567, 35, 'description', ''),
(568, 35, 'rich_editing', 'true'),
(569, 35, 'syntax_highlighting', 'true'),
(570, 35, 'comment_shortcuts', 'false'),
(571, 35, 'admin_color', 'fresh'),
(572, 35, 'use_ssl', '0'),
(573, 35, 'show_admin_bar_front', 'true'),
(574, 35, 'locale', ''),
(577, 35, '_yoast_wpseo_profile_updated', '1661622463'),
(578, 35, 'bp_xprofile_visibility_levels', 'a:3:{i:1;s:6:"public";i:2;s:6:"public";i:15;s:6:"public";}'),
(579, 35, 'activation_key', 'ysovq7G4Iv8jeGwo9mcm3uzjuHo6ysby'),
(580, 36, 'nickname', 'ENOCK BATAZE'),
(581, 36, 'first_name', 'ENOCK'),
(582, 36, 'last_name', 'BATAZE'),
(583, 36, 'description', ''),
(584, 36, 'rich_editing', 'true'),
(585, 36, 'syntax_highlighting', 'true'),
(586, 36, 'comment_shortcuts', 'false'),
(587, 36, 'admin_color', 'fresh'),
(588, 36, 'use_ssl', '0'),
(589, 36, 'show_admin_bar_front', 'true'),
(590, 36, 'locale', ''),
(593, 36, '_yoast_wpseo_profile_updated', '1661624664'),
(594, 36, 'bp_xprofile_visibility_levels', 'a:3:{i:1;s:6:"public";i:2;s:6:"public";i:15;s:6:"public";}'),
(596, 36, 'ntswebcapabilities', 'a:1:{s:10:"subscriber";b:1;}'),
(597, 36, 'ntswebuser_level', '0'),
(598, 37, 'nickname', 'Rhodah kemirembe'),
(599, 37, 'first_name', 'Rhodah'),
(600, 37, 'last_name', 'kemirembe'),
(601, 37, 'description', ''),
(602, 37, 'rich_editing', 'true'),
(603, 37, 'syntax_highlighting', 'true'),
(604, 37, 'comment_shortcuts', 'false'),
(605, 37, 'admin_color', 'fresh'),
(606, 37, 'use_ssl', '0'),
(607, 37, 'show_admin_bar_front', 'true'),
(608, 37, 'locale', ''),
(611, 37, '_yoast_wpseo_profile_updated', '1661961145'),
(612, 37, 'bp_xprofile_visibility_levels', 'a:3:{i:1;s:6:"public";i:2;s:6:"public";i:15;s:10:"adminsonly";}'),
(613, 37, 'activation_key', 'F5FLBDRZrsb43QKgtz7a2K118YUf5D02'),
(614, 38, 'nickname', 'Wamulongo Emmanuel Derick'),
(615, 38, 'first_name', 'Wamulongo'),
(616, 38, 'last_name', 'Emmanuel Derick'),
(617, 38, 'description', ''),
(618, 38, 'rich_editing', 'true'),
(619, 38, 'syntax_highlighting', 'true'),
(620, 38, 'comment_shortcuts', 'false'),
(621, 38, 'admin_color', 'fresh'),
(622, 38, 'use_ssl', '0'),
(623, 38, 'show_admin_bar_front', 'true'),
(624, 38, 'locale', ''),
(627, 38, '_yoast_wpseo_profile_updated', '1662163172'),
(628, 38, 'bp_xprofile_visibility_levels', 'a:3:{i:1;s:6:"public";i:2;s:6:"public";i:15;s:6:"public";}'),
(629, 38, 'activation_key', '4NWEKUbh8S7R9wpWK1WGBMz9UzTS2cTZ'),
(630, 39, 'nickname', 'Kutosi Joseph'),
(631, 39, 'first_name', 'Kutosi'),
(632, 39, 'last_name', 'Joseph'),
(633, 39, 'description', ''),
(634, 39, 'rich_editing', 'true'),
(635, 39, 'syntax_highlighting', 'true'),
(636, 39, 'comment_shortcuts', 'false'),
(637, 39, 'admin_color', 'fresh'),
(638, 39, 'use_ssl', '0'),
(639, 39, 'show_admin_bar_front', 'true'),
(640, 39, 'locale', ''),
(643, 39, '_yoast_wpseo_profile_updated', '1662205520'),
(644, 39, 'bp_xprofile_visibility_levels', 'a:3:{i:1;s:6:"public";i:2;s:6:"public";i:15;s:6:"public";}'),
(645, 39, 'activation_key', 'ZGBsciHD5SY0TParEaPrlGJENrxCaqUs'),
(646, 40, 'nickname', 'Nakabuye Rosemary'),
(647, 40, 'first_name', 'Nakabuye'),
(648, 40, 'last_name', 'Rosemary'),
(649, 40, 'description', ''),
(650, 40, 'rich_editing', 'true'),
(651, 40, 'syntax_highlighting', 'true'),
(652, 40, 'comment_shortcuts', 'false'),
(653, 40, 'admin_color', 'fresh'),
(654, 40, 'use_ssl', '0'),
(655, 40, 'show_admin_bar_front', 'true'),
(656, 40, 'locale', ''),
(659, 40, '_yoast_wpseo_profile_updated', '1662438282'),
(660, 40, 'bp_xprofile_visibility_levels', 'a:3:{i:1;s:6:"public";i:2;s:6:"public";i:15;s:6:"public";}'),
(661, 40, 'activation_key', 'Dw06SbwDPfGR7pxDDiKe63yoRGseGEFY'),
(662, 41, 'nickname', 'Lochiam Isaac'),
(663, 41, 'first_name', 'Lochiam'),
(664, 41, 'last_name', 'Isaac'),
(665, 41, 'description', ''),
(666, 41, 'rich_editing', 'true'),
(667, 41, 'syntax_highlighting', 'true'),
(668, 41, 'comment_shortcuts', 'false'),
(669, 41, 'admin_color', 'fresh'),
(670, 41, 'use_ssl', '0'),
(671, 41, 'show_admin_bar_front', 'true'),
(672, 41, 'locale', ''),
(675, 41, '_yoast_wpseo_profile_updated', '1662535197'),
(676, 41, 'bp_xprofile_visibility_levels', 'a:3:{i:1;s:6:"public";i:2;s:6:"public";i:15;s:6:"public";}'),
(678, 41, 'ntswebcapabilities', 'a:1:{s:10:"subscriber";b:1;}'),
(679, 41, 'ntswebuser_level', '0'),
(680, 41, 'session_tokens', 'a:2:{s:64:"26d460c108be630113d4ae65218b33e87ed96a4a13cd4d653581d7854c329490";a:4:{s:10:"expiration";i:1663744935;s:2:"ip";s:13:"41.210.141.50";s:2:"ua";s:122:"Mozilla/5.0 (Linux; Android 9; TECNO KC6) AppleWebKit/537.36 (KHTML, like Gecko) Chrome/79.0.3945.116 Mobile Safari/537.36";s:5:"login";i:1662535335;}s:64:"65826fe3a3ffd50270043c66869039d418e2b250ef7f6630ce28f620566235be";a:4:{s:10:"expiration";i:1662708364;s:2:"ip";s:13:"41.210.141.50";s:2:"ua";s:122:"Mozilla/5.0 (Linux; Android 9; TECNO KC6) AppleWebKit/537.36 (KHTML, like Gecko) Chrome/79.0.3945.116 Mobile Safari/537.36";s:5:"login";i:1662535564;}}'),
(681, 42, 'nickname', 'John mulindwa'),
(682, 42, 'first_name', 'John'),
(683, 42, 'last_name', 'mulindwa'),
(684, 42, 'description', ''),
(685, 42, 'rich_editing', 'true'),
(686, 42, 'syntax_highlighting', 'true'),
(687, 42, 'comment_shortcuts', 'false'),
(688, 42, 'admin_color', 'fresh'),
(689, 42, 'use_ssl', '0'),
(690, 42, 'show_admin_bar_front', 'true'),
(691, 42, 'locale', ''),
(694, 42, '_yoast_wpseo_profile_updated', '1662755511'),
(695, 42, 'bp_xprofile_visibility_levels', 'a:3:{i:1;s:6:"public";i:2;s:6:"public";i:15;s:6:"public";}'),
(696, 42, 'activation_key', 'xeXgNqAOvdFB7jZ57Fe4KDUpwGn1fn5j'),
(697, 43, 'nickname', 'Busuulwa'),
(698, 43, 'first_name', 'Busuulwa'),
(699, 43, 'last_name', ''),
(700, 43, 'description', ''),
(701, 43, 'rich_editing', 'true'),
(702, 43, 'syntax_highlighting', 'true'),
(703, 43, 'comment_shortcuts', 'false'),
(704, 43, 'admin_color', 'fresh'),
(705, 43, 'use_ssl', '0'),
(706, 43, 'show_admin_bar_front', 'true'),
(707, 43, 'locale', ''),
(710, 43, '_yoast_wpseo_profile_updated', '1663830264'),
(711, 43, 'bp_xprofile_visibility_levels', 'a:3:{i:1;s:6:"public";i:2;s:6:"public";i:15;s:6:"public";}'),
(712, 43, 'activation_key', 'eDOk3QHDRb66IipyvZf91E4k18b6lBzl'),
(713, 44, 'nickname', 'Nabirye Meble'),
(714, 44, 'first_name', 'Nabirye'),
(715, 44, 'last_name', 'Meble'),
(716, 44, 'description', ''),
(717, 44, 'rich_editing', 'true'),
(718, 44, 'syntax_highlighting', 'true'),
(719, 44, 'comment_shortcuts', 'false'),
(720, 44, 'admin_color', 'fresh'),
(721, 44, 'use_ssl', '0'),
(722, 44, 'show_admin_bar_front', 'true'),
(723, 44, 'locale', ''),
(726, 44, '_yoast_wpseo_profile_updated', '1665754376'),
(727, 44, 'bp_xprofile_visibility_levels', 'a:3:{i:1;s:6:"public";i:2;s:6:"public";i:15;s:6:"public";}'),
(728, 44, 'activation_key', 'KDfpWnYh15gTX7HaBZQDqtpde6nBWMT5'),
(729, 45, 'nickname', 'Kasiko Timothy'),
(730, 45, 'first_name', 'Kasiko'),
(731, 45, 'last_name', 'Timothy'),
(732, 45, 'description', ''),
(733, 45, 'rich_editing', 'true'),
(734, 45, 'syntax_highlighting', 'true'),
(735, 45, 'comment_shortcuts', 'false'),
(736, 45, 'admin_color', 'fresh'),
(737, 45, 'use_ssl', '0'),
(738, 45, 'show_admin_bar_front', 'true'),
(739, 45, 'locale', ''),
(742, 45, '_yoast_wpseo_profile_updated', '1667009383'),
(743, 45, 'bp_xprofile_visibility_levels', 'a:3:{i:1;s:6:"public";i:2;s:6:"public";i:15;s:6:"public";}'),
(744, 45, 'activation_key', 'iZPxYfR5ifLZqV9T5DP6VpRka9jDpTy3'),
(745, 46, 'nickname', 'Ajong Deborah'),
(746, 46, 'first_name', 'Ajong'),
(747, 46, 'last_name', 'Deborah'),
(748, 46, 'description', ''),
(749, 46, 'rich_editing', 'true'),
(750, 46, 'syntax_highlighting', 'true'),
(751, 46, 'comment_shortcuts', 'false'),
(752, 46, 'admin_color', 'fresh'),
(753, 46, 'use_ssl', '0'),
(754, 46, 'show_admin_bar_front', 'true'),
(755, 46, 'locale', ''),
(758, 46, '_yoast_wpseo_profile_updated', '1668359461'),
(759, 46, 'bp_xprofile_visibility_levels', 'a:3:{i:1;s:6:"public";i:2;s:6:"public";i:15;s:6:"public";}'),
(761, 46, 'ntswebcapabilities', 'a:1:{s:10:"subscriber";b:1;}'),
(762, 46, 'ntswebuser_level', '0'),
(763, 46, 'session_tokens', 'a:1:{s:64:"25b27e40f3f34d90115f764a35557e619640aff91304999bdd09a16b4e8cb3d9";a:4:{s:10:"expiration";i:1669569394;s:2:"ip";s:15:"169.255.137.199";s:2:"ua";s:80:"Mozilla/5.0 (Windows NT 10.0; Win64; x64; rv:106.0) Gecko/20100101 Firefox/106.0";s:5:"login";i:1668359794;}}'),
(764, 47, 'nickname', 'Abito Pamela'),
(765, 47, 'first_name', 'Abito'),
(766, 47, 'last_name', 'Pamela'),
(767, 47, 'description', ''),
(768, 47, 'rich_editing', 'true'),
(769, 47, 'syntax_highlighting', 'true'),
(770, 47, 'comment_shortcuts', 'false'),
(771, 47, 'admin_color', 'fresh'),
(772, 47, 'use_ssl', '0'),
(773, 47, 'show_admin_bar_front', 'true'),
(774, 47, 'locale', ''),
(777, 47, '_yoast_wpseo_profile_updated', '1668537013'),
(778, 47, 'bp_xprofile_visibility_levels', 'a:3:{i:1;s:6:"public";i:2;s:6:"public";i:15;s:6:"public";}'),
(779, 47, 'activation_key', 'QrvS8p8uSuMbpGn6YLz4d9at6GjGPhV3'),
(780, 48, 'nickname', 'Kayo Benjamin'),
(781, 48, 'first_name', 'Kayo'),
(782, 48, 'last_name', 'Benjamin'),
(783, 48, 'description', ''),
(784, 48, 'rich_editing', 'true'),
(785, 48, 'syntax_highlighting', 'true'),
(786, 48, 'comment_shortcuts', 'false'),
(787, 48, 'admin_color', 'fresh'),
(788, 48, 'use_ssl', '0'),
(789, 48, 'show_admin_bar_front', 'true'),
(790, 48, 'locale', ''),
(793, 48, '_yoast_wpseo_profile_updated', '1669032360'),
(794, 48, 'bp_xprofile_visibility_levels', 'a:3:{i:1;s:6:"public";i:2;s:6:"public";i:15;s:6:"public";}'),
(796, 48, 'ntswebcapabilities', 'a:1:{s:10:"subscriber";b:1;}'),
(797, 48, 'ntswebuser_level', '0'),
(798, 49, 'nickname', 'Mugerwa andrew'),
(799, 49, 'first_name', 'Mugerwa'),
(800, 49, 'last_name', 'andrew'),
(801, 49, 'description', ''),
(802, 49, 'rich_editing', 'true'),
(803, 49, 'syntax_highlighting', 'true'),
(804, 49, 'comment_shortcuts', 'false'),
(805, 49, 'admin_color', 'fresh'),
(806, 49, 'use_ssl', '0'),
(807, 49, 'show_admin_bar_front', 'true'),
(808, 49, 'locale', ''),
(811, 49, '_yoast_wpseo_profile_updated', '1670240398'),
(812, 49, 'bp_xprofile_visibility_levels', 'a:3:{i:1;s:6:"public";i:2;s:6:"public";i:15;s:6:"public";}'),
(813, 49, 'activation_key', 'FNUmUaYKVYfOu4qChPRpaw1NvyoO2bx1'),
(814, 50, 'nickname', 'Nakirijja Immaculate'),
(815, 50, 'first_name', 'Nakirijja'),
(816, 50, 'last_name', 'Immaculate'),
(817, 50, 'description', ''),
(818, 50, 'rich_editing', 'true'),
(819, 50, 'syntax_highlighting', 'true'),
(820, 50, 'comment_shortcuts', 'false'),
(821, 50, 'admin_color', 'fresh'),
(822, 50, 'use_ssl', '0'),
(823, 50, 'show_admin_bar_front', 'true'),
(824, 50, 'locale', ''),
(827, 50, '_yoast_wpseo_profile_updated', '1670341950'),
(828, 50, 'bp_xprofile_visibility_levels', 'a:3:{i:1;s:6:"public";i:2;s:6:"public";i:15;s:6:"public";}'),
(830, 51, 'nickname', 'Mwete Marion'),
(831, 51, 'first_name', 'Mwete'),
(832, 51, 'last_name', 'Marion'),
(833, 51, 'description', ''),
(834, 51, 'rich_editing', 'true'),
(835, 51, 'syntax_highlighting', 'true'),
(836, 51, 'comment_shortcuts', 'false'),
(837, 51, 'admin_color', 'fresh'),
(838, 51, 'use_ssl', '0'),
(839, 51, 'show_admin_bar_front', 'true'),
(840, 51, 'locale', ''),
(843, 51, '_yoast_wpseo_profile_updated', '1670614340'),
(844, 51, 'bp_xprofile_visibility_levels', 'a:3:{i:1;s:6:"public";i:2;s:6:"public";i:15;s:6:"public";}'),
(845, 51, 'activation_key', 'zFH2OhVHKrIkgz9mcp584DRTIw39jGyL'),
(846, 50, 'ntswebcapabilities', 'a:1:{s:10:"subscriber";b:1;}'),
(847, 50, 'ntswebuser_level', '0'),
(848, 52, 'nickname', 'Ruth T'),
(849, 52, 'first_name', 'Ruth'),
(850, 52, 'last_name', 'T'),
(851, 52, 'description', ''),
(852, 52, 'rich_editing', 'true'),
(853, 52, 'syntax_highlighting', 'true'),
(854, 52, 'comment_shortcuts', 'false'),
(855, 52, 'admin_color', 'fresh'),
(856, 52, 'use_ssl', '0'),
(857, 52, 'show_admin_bar_front', 'true'),
(858, 52, 'locale', ''),
(861, 52, '_yoast_wpseo_profile_updated', '1671476960'),
(862, 52, 'bp_xprofile_visibility_levels', 'a:3:{i:1;s:6:"public";i:2;s:6:"public";i:15;s:6:"public";}'),
(863, 52, 'activation_key', 'v5ooxLhdG2s7R4JwBdsK3EIAQl3FgcVC'),
(864, 53, 'nickname', 'Nalubulwa Margaret'),
(865, 53, 'first_name', 'Nalubulwa'),
(866, 53, 'last_name', 'Margaret'),
(867, 53, 'description', ''),
(868, 53, 'rich_editing', 'true'),
(869, 53, 'syntax_highlighting', 'true'),
(870, 53, 'comment_shortcuts', 'false'),
(871, 53, 'admin_color', 'fresh'),
(872, 53, 'use_ssl', '0'),
(873, 53, 'show_admin_bar_front', 'true'),
(874, 53, 'locale', ''),
(877, 53, '_yoast_wpseo_profile_updated', '1671611117'),
(878, 53, 'bp_xprofile_visibility_levels', 'a:3:{i:1;s:6:"public";i:2;s:6:"public";i:15;s:6:"public";}'),
(880, 54, 'nickname', 'Kwizira Nashiba'),
(881, 54, 'first_name', 'Kwizira'),
(882, 54, 'last_name', 'Nashiba'),
(883, 54, 'description', ''),
(884, 54, 'rich_editing', 'true'),
(885, 54, 'syntax_highlighting', 'true'),
(886, 54, 'comment_shortcuts', 'false'),
(887, 54, 'admin_color', 'fresh'),
(888, 54, 'use_ssl', '0'),
(889, 54, 'show_admin_bar_front', 'true'),
(890, 54, 'locale', ''),
(893, 54, '_yoast_wpseo_profile_updated', '1671747236'),
(894, 54, 'bp_xprofile_visibility_levels', 'a:3:{i:1;s:6:"public";i:2;s:6:"public";i:15;s:6:"public";}'),
(895, 54, 'activation_key', 'NrLExtnPtGsj5jziKbpDJJNvzP9E9TvM'),
(896, 25, 'default_password_nag', ''),
(897, 25, 'ntswebcapabilities', 'a:1:{s:10:"subscriber";b:1;}'),
(898, 25, 'ntswebuser_level', '0'),
(899, 25, 'session_tokens', 'a:1:{s:64:"a2a5db4362332fcd468202c2114eaaa6b114c82c0ffd999b2e7de3a65f9ff029";a:4:{s:10:"expiration";i:1673020893;s:2:"ip";s:14:"197.239.14.137";s:2:"ua";s:119:"Mozilla/5.0 (Linux; Android 9; AH9910) AppleWebKit/537.36 (KHTML, like Gecko) Chrome/79.0.3945.116 Mobile Safari/537.36";s:5:"login";i:1671811293;}}'),
(900, 53, 'ntswebcapabilities', 'a:1:{s:10:"subscriber";b:1;}'),
(901, 53, 'ntswebuser_level', '0'),
(902, 55, 'nickname', 'Kabali Nandawula Cabrine'),
(903, 55, 'first_name', 'Kabali'),
(904, 55, 'last_name', 'Nandawula Cabrine'),
(905, 55, 'description', ''),
(906, 55, 'rich_editing', 'true'),
(907, 55, 'syntax_highlighting', 'true'),
(908, 55, 'comment_shortcuts', 'false'),
(909, 55, 'admin_color', 'fresh'),
(910, 55, 'use_ssl', '0'),
(911, 55, 'show_admin_bar_front', 'true'),
(912, 55, 'locale', ''),
(915, 55, '_yoast_wpseo_profile_updated', '1672048337'),
(916, 55, 'bp_xprofile_visibility_levels', 'a:3:{i:1;s:6:"public";i:2;s:6:"public";i:15;s:6:"public";}'),
(917, 55, 'activation_key', 'NpvLxwhIsmw01Q5FON0qRgRtOGcguUJ5'),
(918, 56, 'nickname', 'Awio Andrew'),
(919, 56, 'first_name', 'Awio'),
(920, 56, 'last_name', 'Andrew'),
(921, 56, 'description', ''),
(922, 56, 'rich_editing', 'true'),
(923, 56, 'syntax_highlighting', 'true'),
(924, 56, 'comment_shortcuts', 'false'),
(925, 56, 'admin_color', 'fresh'),
(926, 56, 'use_ssl', '0'),
(927, 56, 'show_admin_bar_front', 'true'),
(928, 56, 'locale', ''),
(931, 56, '_yoast_wpseo_profile_updated', '1672153012'),
(932, 56, 'bp_xprofile_visibility_levels', 'a:3:{i:1;s:6:"public";i:2;s:6:"public";i:15;s:6:"public";}'),
(933, 56, 'activation_key', '9WVkLLSXjovpXTxy2LuCCzc7bq0V8NGE'),
(934, 57, 'nickname', 'Leaticia'),
(935, 57, 'first_name', 'Leaticia'),
(936, 57, 'last_name', ''),
(937, 57, 'description', ''),
(938, 57, 'rich_editing', 'true'),
(939, 57, 'syntax_highlighting', 'true'),
(940, 57, 'comment_shortcuts', 'false'),
(941, 57, 'admin_color', 'fresh'),
(942, 57, 'use_ssl', '0'),
(943, 57, 'show_admin_bar_front', 'true'),
(944, 57, 'locale', ''),
(947, 57, '_yoast_wpseo_profile_updated', '1672317246'),
(948, 57, 'bp_xprofile_visibility_levels', 'a:3:{i:1;s:6:"public";i:2;s:6:"public";i:15;s:6:"public";}'),
(950, 53, 'default_password_nag', ''),
(951, 53, 'session_tokens', 'a:1:{s:64:"2ddb8bbc02f26922e1bb24d0c25acd1d3a7aaddb7a31ed39993d371591c4ee1a";a:4:{s:10:"expiration";i:1672811394;s:2:"ip";s:14:"41.210.159.141";s:2:"ua";s:142:"Mozilla/5.0 (iPhone; CPU iPhone OS 16_0 like Mac OS X) AppleWebKit/605.1.15 (KHTML, like Gecko) GSA/242.1.493995244 Mobile/15E148 Safari/604.1";s:5:"login";i:1672638594;}}'),
(952, 58, 'nickname', 'Karungi agnes pretty'),
(953, 58, 'first_name', 'Karungi'),
(954, 58, 'last_name', 'agnes pretty'),
(955, 58, 'description', ''),
(956, 58, 'rich_editing', 'true'),
(957, 58, 'syntax_highlighting', 'true'),
(958, 58, 'comment_shortcuts', 'false'),
(959, 58, 'admin_color', 'fresh'),
(960, 58, 'use_ssl', '0'),
(961, 58, 'show_admin_bar_front', 'true'),
(962, 58, 'locale', ''),
(965, 58, '_yoast_wpseo_profile_updated', '1672860902'),
(966, 58, 'bp_xprofile_visibility_levels', 'a:3:{i:1;s:6:"public";i:2;s:6:"public";i:15;s:6:"public";}'),
(968, 58, 'ntswebcapabilities', 'a:1:{s:10:"subscriber";b:1;}'),
(969, 58, 'ntswebuser_level', '0'),
(970, 59, 'nickname', 'Bwaligonza mildred'),
(971, 59, 'first_name', 'Bwaligonza'),
(972, 59, 'last_name', 'mildred'),
(973, 59, 'description', ''),
(974, 59, 'rich_editing', 'true'),
(975, 59, 'syntax_highlighting', 'true'),
(976, 59, 'comment_shortcuts', 'false'),
(977, 59, 'admin_color', 'fresh'),
(978, 59, 'use_ssl', '0'),
(979, 59, 'show_admin_bar_front', 'true'),
(980, 59, 'locale', ''),
(983, 59, '_yoast_wpseo_profile_updated', '1673129162'),
(984, 59, 'bp_xprofile_visibility_levels', 'a:3:{i:1;s:6:"public";i:2;s:6:"public";i:15;s:6:"public";}'),
(985, 59, 'activation_key', 'fS1aV3ePoJQPb3PU0Sfdp7lifZM3XzN5'),
(986, 57, 'ntswebcapabilities', 'a:1:{s:10:"subscriber";b:1;}'),
(987, 57, 'ntswebuser_level', '0'),
(988, 60, 'nickname', 'Nangendo teddy'),
(989, 60, 'first_name', 'Nangendo'),
(990, 60, 'last_name', 'teddy'),
(991, 60, 'description', ''),
(992, 60, 'rich_editing', 'true'),
(993, 60, 'syntax_highlighting', 'true'),
(994, 60, 'comment_shortcuts', 'false'),
(995, 60, 'admin_color', 'fresh'),
(996, 60, 'use_ssl', '0'),
(997, 60, 'show_admin_bar_front', 'true'),
(998, 60, 'locale', ''),
(1001, 60, '_yoast_wpseo_profile_updated', '1673704026'),
(1002, 60, 'bp_xprofile_visibility_levels', 'a:3:{i:1;s:6:"public";i:2;s:6:"public";i:15;s:6:"public";}'),
(1003, 60, 'activation_key', 'g7dG2c1AYlj0oivkwbUiv7xHJUrkJFtx'),
(1004, 61, 'nickname', 'Opoka peter'),
(1005, 61, 'first_name', 'Opoka'),
(1006, 61, 'last_name', 'peter'),
(1007, 61, 'description', ''),
(1008, 61, 'rich_editing', 'true'),
(1009, 61, 'syntax_highlighting', 'true'),
(1010, 61, 'comment_shortcuts', 'false'),
(1011, 61, 'admin_color', 'fresh'),
(1012, 61, 'use_ssl', '0'),
(1013, 61, 'show_admin_bar_front', 'true'),
(1014, 61, 'locale', ''),
(1017, 61, '_yoast_wpseo_profile_updated', '1673709740'),
(1018, 61, 'bp_xprofile_visibility_levels', 'a:3:{i:1;s:6:"public";i:2;s:6:"public";i:15;s:6:"public";}'),
(1019, 61, 'activation_key', '5scEINGhklNWE4roKaQP52EdS1BQZ6Ff'),
(1020, 62, 'nickname', 'Lamunu rachael'),
(1021, 62, 'first_name', 'Lamunu'),
(1022, 62, 'last_name', 'rachael'),
(1023, 62, 'description', ''),
(1024, 62, 'rich_editing', 'true'),
(1025, 62, 'syntax_highlighting', 'true'),
(1026, 62, 'comment_shortcuts', 'false'),
(1027, 62, 'admin_color', 'fresh'),
(1028, 62, 'use_ssl', '0'),
(1029, 62, 'show_admin_bar_front', 'true'),
(1030, 62, 'locale', ''),
(1033, 62, '_yoast_wpseo_profile_updated', '1676451459'),
(1034, 62, 'bp_xprofile_visibility_levels', 'a:3:{i:1;s:6:"public";i:2;s:6:"public";i:15;s:6:"public";}'),
(1035, 62, 'activation_key', 'wvXtY5980emBYhAd23T1lmBzSwdxpUj3'),
(1036, 63, 'nickname', 'Apunyu michael James'),
(1037, 63, 'first_name', 'Apunyu'),
(1038, 63, 'last_name', 'michael James'),
(1039, 63, 'description', ''),
(1040, 63, 'rich_editing', 'true'),
(1041, 63, 'syntax_highlighting', 'true'),
(1042, 63, 'comment_shortcuts', 'false'),
(1043, 63, 'admin_color', 'fresh'),
(1044, 63, 'use_ssl', '0'),
(1045, 63, 'show_admin_bar_front', 'true'),
(1046, 63, 'locale', ''),
(1049, 63, '_yoast_wpseo_profile_updated', '1676719834'),
(1050, 63, 'bp_xprofile_visibility_levels', 'a:3:{i:1;s:6:"public";i:2;s:6:"public";i:15;s:6:"public";}'),
(1052, 63, 'ntswebcapabilities', 'a:1:{s:10:"subscriber";b:1;}'),
(1053, 63, 'ntswebuser_level', '0'),
(1054, 63, 'session_tokens', 'a:5:{s:64:"44a76934cb91e8fabd3f4bcb26b0ce502167afe4719033c55200f5315c62a06f";a:4:{s:10:"expiration";i:1676893391;s:2:"ip";s:13:"41.210.147.46";s:2:"ua";s:187:"Mozilla/5.0 (Linux; Android 11; SAMSUNG SM-A032F Build/RP1A.201005.001; wv) AppleWebKit/537.36 (KHTML, like Gecko) Version/4.0 SamsungBrowser/7.4 Chrome/87.0.4280.141 Mobile Safari/537.36";s:5:"login";i:1676720591;}s:64:"535e9555ab56dc7032d49c2c225c0da0b61e2d6f4578c74f7640fe316ac99f46";a:4:{s:10:"expiration";i:1676893393;s:2:"ip";s:13:"41.210.147.46";s:2:"ua";s:187:"Mozilla/5.0 (Linux; Android 11; SAMSUNG SM-A032F Build/RP1A.201005.001; wv) AppleWebKit/537.36 (KHTML, like Gecko) Version/4.0 SamsungBrowser/7.4 Chrome/87.0.4280.141 Mobile Safari/537.36";s:5:"login";i:1676720593;}s:64:"03543b24a90c892258548282629d0b636e0c44b55c316487b47e6c6774d7b065";a:4:{s:10:"expiration";i:1676894288;s:2:"ip";s:14:"41.210.147.218";s:2:"ua";s:144:"Mozilla/5.0 (Linux; Android 11; SM-A032F Build/RP1A.201005.001) AppleWebKit/537.36 (KHTML, like Gecko) Chrome/87.0.4280.141 Mobile Safari/537.36";s:5:"login";i:1676721488;}s:64:"7c9525b7b9cfebed752c47f9f8b6c2a47da0bc9ac95ceb5098a713c0f591cf32";a:4:{s:10:"expiration";i:1676917694;s:2:"ip";s:13:"41.210.159.68";s:2:"ua";s:144:"Mozilla/5.0 (Linux; Android 11; SM-A032F Build/RP1A.201005.001) AppleWebKit/537.36 (KHTML, like Gecko) Chrome/87.0.4280.141 Mobile Safari/537.36";s:5:"login";i:1676744894;}s:64:"4f477267788d0fdc92d647c0f347f29fb6729d49508ba95770723831b936b45b";a:4:{s:10:"expiration";i:1676917703;s:2:"ip";s:13:"41.210.159.68";s:2:"ua";s:144:"Mozilla/5.0 (Linux; Android 11; SM-A032F Build/RP1A.201005.001) AppleWebKit/537.36 (KHTML, like Gecko) Chrome/87.0.4280.141 Mobile Safari/537.36";s:5:"login";i:1676744903;}}'),
(1055, 64, 'nickname', 'Orishaba Doreen'),
(1056, 64, 'first_name', 'Orishaba'),
(1057, 64, 'last_name', 'Doreen'),
(1058, 64, 'description', ''),
(1059, 64, 'rich_editing', 'true'),
(1060, 64, 'syntax_highlighting', 'true'),
(1061, 64, 'comment_shortcuts', 'false'),
(1062, 64, 'admin_color', 'fresh'),
(1063, 64, 'use_ssl', '0'),
(1064, 64, 'show_admin_bar_front', 'true'),
(1065, 64, 'locale', ''),
(1068, 64, '_yoast_wpseo_profile_updated', '1676738086'),
(1069, 64, 'bp_xprofile_visibility_levels', 'a:3:{i:1;s:6:"public";i:2;s:6:"public";i:15;s:6:"public";}'),
(1070, 64, 'activation_key', 'L411c8WyJK0n1627gmUaX6PSbNVjLo8Z'),
(1071, 65, 'nickname', 'Joshua'),
(1072, 65, 'first_name', 'Joshua'),
(1073, 65, 'last_name', ''),
(1074, 65, 'description', ''),
(1075, 65, 'rich_editing', 'true'),
(1076, 65, 'syntax_highlighting', 'true'),
(1077, 65, 'comment_shortcuts', 'false'),
(1078, 65, 'admin_color', 'fresh'),
(1079, 65, 'use_ssl', '0'),
(1080, 65, 'show_admin_bar_front', 'true'),
(1081, 65, 'locale', ''),
(1084, 65, '_yoast_wpseo_profile_updated', '1676751434'),
(1085, 65, 'bp_xprofile_visibility_levels', 'a:3:{i:1;s:6:"public";i:2;s:6:"public";i:15;s:6:"public";}'),
(1087, 66, 'nickname', 'Nyakato sandra'),
(1088, 66, 'first_name', 'Nyakato'),
(1089, 66, 'last_name', 'sandra'),
(1090, 66, 'description', ''),
(1091, 66, 'rich_editing', 'true'),
(1092, 66, 'syntax_highlighting', 'true'),
(1093, 66, 'comment_shortcuts', 'false'),
(1094, 66, 'admin_color', 'fresh'),
(1095, 66, 'use_ssl', '0'),
(1096, 66, 'show_admin_bar_front', 'true'),
(1097, 66, 'locale', ''),
(1100, 66, '_yoast_wpseo_profile_updated', '1676792793'),
(1101, 66, 'bp_xprofile_visibility_levels', 'a:3:{i:1;s:6:"public";i:2;s:6:"public";i:15;s:6:"public";}'),
(1103, 66, 'default_password_nag', ''),
(1104, 66, 'ntswebcapabilities', 'a:1:{s:10:"subscriber";b:1;}'),
(1105, 66, 'ntswebuser_level', '0'),
(1106, 66, 'session_tokens', 'a:2:{s:64:"24dd9a5d08d8d24a574a64e8028905ad6a0e9539e1b87c853b3102b65f71ff08";a:4:{s:10:"expiration";i:1676967326;s:2:"ip";s:12:"137.63.215.2";s:2:"ua";s:136:"Mozilla/5.0 (Linux; Android 11; RMX3269) AppleWebKit/537.36 (KHTML, like Gecko) Chrome/108.0.0.0 Mobile Safari/537.36 EdgA/108.0.1462.48";s:5:"login";i:1676794526;}s:64:"aef3da867caabdfd0b56eb2be624fba0dee265980cb333be62a7345816908471";a:4:{s:10:"expiration";i:1676967414;s:2:"ip";s:12:"137.63.215.2";s:2:"ua";s:136:"Mozilla/5.0 (Linux; Android 11; RMX3269) AppleWebKit/537.36 (KHTML, like Gecko) Chrome/108.0.0.0 Mobile Safari/537.36 EdgA/108.0.1462.48";s:5:"login";i:1676794614;}}'),
(1107, 67, 'nickname', 'Nasirumbi Brenda'),
(1108, 67, 'first_name', 'Nasirumbi'),
(1109, 67, 'last_name', 'Brenda'),
(1110, 67, 'description', ''),
(1111, 67, 'rich_editing', 'true'),
(1112, 67, 'syntax_highlighting', 'true'),
(1113, 67, 'comment_shortcuts', 'false'),
(1114, 67, 'admin_color', 'fresh'),
(1115, 67, 'use_ssl', '0'),
(1116, 67, 'show_admin_bar_front', 'true'),
(1117, 67, 'locale', ''),
(1120, 67, '_yoast_wpseo_profile_updated', '1676799718'),
(1121, 67, 'bp_xprofile_visibility_levels', 'a:3:{i:1;s:6:"public";i:2;s:6:"public";i:15;s:6:"public";}'),
(1122, 67, 'activation_key', 'p36kRfxdvdUlWLGmeYYkRsk1Rqc7OymJ'),
(1123, 68, 'nickname', 'Nasirumbi Brenda'),
(1124, 68, 'first_name', 'Nasirumbi'),
(1125, 68, 'last_name', 'Brenda'),
(1126, 68, 'description', ''),
(1127, 68, 'rich_editing', 'true'),
(1128, 68, 'syntax_highlighting', 'true'),
(1129, 68, 'comment_shortcuts', 'false'),
(1130, 68, 'admin_color', 'fresh'),
(1131, 68, 'use_ssl', '0'),
(1132, 68, 'show_admin_bar_front', 'true'),
(1133, 68, 'locale', ''),
(1136, 68, '_yoast_wpseo_profile_updated', '1676800582'),
(1137, 68, 'bp_xprofile_visibility_levels', 'a:3:{i:1;s:6:"public";i:2;s:6:"public";i:15;s:6:"public";}'),
(1138, 68, 'activation_key', '6AnrKmYmGYVIkcvbfnl8KfDYDKmwOeDI'),
(1139, 69, 'nickname', 'Nasirumbi Brenda'),
(1140, 69, 'first_name', 'Nasirumbi'),
(1141, 69, 'last_name', 'Brenda'),
(1142, 69, 'description', ''),
(1143, 69, 'rich_editing', 'true'),
(1144, 69, 'syntax_highlighting', 'true'),
(1145, 69, 'comment_shortcuts', 'false'),
(1146, 69, 'admin_color', 'fresh'),
(1147, 69, 'use_ssl', '0'),
(1148, 69, 'show_admin_bar_front', 'true'),
(1149, 69, 'locale', ''),
(1152, 69, '_yoast_wpseo_profile_updated', '1676800962'),
(1153, 69, 'bp_xprofile_visibility_levels', 'a:4:{i:1;s:6:"public";i:2;s:6:"public";i:15;s:6:"public";i:16;s:6:"public";}'),
(1155, 69, 'ntswebcapabilities', 'a:1:{s:10:"subscriber";b:1;}'),
(1156, 69, 'ntswebuser_level', '0'),
(1157, 69, 'session_tokens', 'a:1:{s:64:"ab7e571dcdf523e655c31b5bf8bb9d8309828a97bdb4366e9a7d1ae8717eb8ad";a:4:{s:10:"expiration";i:1678011021;s:2:"ip";s:13:"105.160.28.13";s:2:"ua";s:118:"Mozilla/5.0 (Linux; Android 12; SM-A125F) AppleWebKit/537.36 (KHTML, like Gecko) Chrome/109.0.0.0 Mobile Safari/537.36";s:5:"login";i:1676801421;}}'),
(1158, 70, 'nickname', 'Mbabazi Gloria'),
(1159, 70, 'first_name', 'Mbabazi'),
(1160, 70, 'last_name', 'Gloria'),
(1161, 70, 'description', ''),
(1162, 70, 'rich_editing', 'true'),
(1163, 70, 'syntax_highlighting', 'true'),
(1164, 70, 'comment_shortcuts', 'false'),
(1165, 70, 'admin_color', 'fresh'),
(1166, 70, 'use_ssl', '0'),
(1167, 70, 'show_admin_bar_front', 'true'),
(1168, 70, 'locale', ''),
(1171, 70, '_yoast_wpseo_profile_updated', '1676879579'),
(1172, 70, 'bp_xprofile_visibility_levels', 'a:3:{i:1;s:6:"public";i:2;s:6:"public";i:15;s:6:"public";}'),
(1174, 70, 'ntswebcapabilities', 'a:1:{s:10:"subscriber";b:1;}'),
(1175, 70, 'ntswebuser_level', '0'),
(1176, 70, 'session_tokens', 'a:3:{s:64:"9d2ba9a422a3da1bd21e7ed6fbb6673b37da44a61111844ec6d94d6ae2b62fc0";a:4:{s:10:"expiration";i:1677052768;s:2:"ip";s:13:"102.85.219.69";s:2:"ua";s:119:"Mozilla/5.0 (Linux; Android 12; TECNO BF7) AppleWebKit/537.36 (KHTML, like Gecko) Chrome/105.0.0.0 Mobile Safari/537.36";s:5:"login";i:1676879968;}s:64:"12b6be83557824e5d45a017ee051c49f1d6de530a351edaa1580655f2e2aabde";a:4:{s:10:"expiration";i:1677052770;s:2:"ip";s:13:"102.85.219.69";s:2:"ua";s:119:"Mozilla/5.0 (Linux; Android 12; TECNO BF7) AppleWebKit/537.36 (KHTML, like Gecko) Chrome/105.0.0.0 Mobile Safari/537.36";s:5:"login";i:1676879970;}s:64:"e84042b1e8ddb612656c557a2bb84e73aea2b870e3b110ecc75a66f823928d9c";a:4:{s:10:"expiration";i:1678089572;s:2:"ip";s:13:"102.85.219.69";s:2:"ua";s:119:"Mozilla/5.0 (Linux; Android 12; TECNO BF7) AppleWebKit/537.36 (KHTML, like Gecko) Chrome/105.0.0.0 Mobile Safari/537.36";s:5:"login";i:1676879972;}}'),
(1177, 71, 'nickname', 'Ogwal yakobo'),
(1178, 71, 'first_name', 'Ogwal'),
(1179, 71, 'last_name', 'yakobo'),
(1180, 71, 'description', ''),
(1181, 71, 'rich_editing', 'true'),
(1182, 71, 'syntax_highlighting', 'true'),
(1183, 71, 'comment_shortcuts', 'false'),
(1184, 71, 'admin_color', 'fresh'),
(1185, 71, 'use_ssl', '0'),
(1186, 71, 'show_admin_bar_front', 'true'),
(1187, 71, 'locale', ''),
(1190, 71, '_yoast_wpseo_profile_updated', '1676927425'),
(1191, 71, 'bp_xprofile_visibility_levels', 'a:3:{i:1;s:6:"public";i:2;s:6:"public";i:15;s:6:"public";}'),
(1192, 71, 'activation_key', 'WBflsHdo8IHvzvWA3x60I3pUAhbWUEZ1'),
(1193, 72, 'nickname', 'Mubangizi Pedro'),
(1194, 72, 'first_name', 'Mubangizi'),
(1195, 72, 'last_name', 'Pedro'),
(1196, 72, 'description', ''),
(1197, 72, 'rich_editing', 'true'),
(1198, 72, 'syntax_highlighting', 'true'),
(1199, 72, 'comment_shortcuts', 'false'),
(1200, 72, 'admin_color', 'fresh'),
(1201, 72, 'use_ssl', '0'),
(1202, 72, 'show_admin_bar_front', 'true'),
(1203, 72, 'locale', ''),
(1206, 72, '_yoast_wpseo_profile_updated', '1676973811'),
(1207, 72, 'bp_xprofile_visibility_levels', 'a:3:{i:1;s:6:"public";i:2;s:6:"public";i:15;s:6:"public";}'),
(1208, 72, 'activation_key', 'lsMkLRyz7tXvyPWxrqoSz0saRBBRsrcG'),
(1209, 73, 'nickname', 'Nanyunja Samali'),
(1210, 73, 'first_name', 'Nanyunja'),
(1211, 73, 'last_name', 'Samali'),
(1212, 73, 'description', ''),
(1213, 73, 'rich_editing', 'true'),
(1214, 73, 'syntax_highlighting', 'true'),
(1215, 73, 'comment_shortcuts', 'false'),
(1216, 73, 'admin_color', 'fresh'),
(1217, 73, 'use_ssl', '0'),
(1218, 73, 'show_admin_bar_front', 'true'),
(1219, 73, 'locale', ''),
(1222, 73, '_yoast_wpseo_profile_updated', '1677055350'),
(1223, 73, 'bp_xprofile_visibility_levels', 'a:3:{i:1;s:6:"public";i:2;s:6:"public";i:15;s:6:"public";}'),
(1225, 73, 'ntswebcapabilities', 'a:1:{s:10:"subscriber";b:1;}'),
(1226, 73, 'ntswebuser_level', '0'),
(1227, 73, 'session_tokens', 'a:6:{s:64:"9b22a4a0abd0f252997b7e9441d8a8308d72fe15fc3d9ba8dedb7405e11be65e";a:4:{s:10:"expiration";i:1677231763;s:2:"ip";s:13:"197.239.13.76";s:2:"ua";s:123:"Mozilla/5.0 (Linux; Android 11; itel A661W) AppleWebKit/537.36 (KHTML, like Gecko) Chrome/97.0.4692.98 Mobile Safari/537.36";s:5:"login";i:1677058963;}s:64:"6a71edc7a967b811c28ec319cf7c1dcd460ae22af5ef6273720a9743b50d6a99";a:4:{s:10:"expiration";i:1677231765;s:2:"ip";s:13:"197.239.13.76";s:2:"ua";s:123:"Mozilla/5.0 (Linux; Android 11; itel A661W) AppleWebKit/537.36 (KHTML, like Gecko) Chrome/97.0.4692.98 Mobile Safari/537.36";s:5:"login";i:1677058965;}s:64:"2539401860e73933ba26ab888d5a4ef154c6928ff769495776da781269cdcdec";a:4:{s:10:"expiration";i:1678268671;s:2:"ip";s:13:"197.239.13.76";s:2:"ua";s:123:"Mozilla/5.0 (Linux; Android 11; itel A661W) AppleWebKit/537.36 (KHTML, like Gecko) Chrome/97.0.4692.98 Mobile Safari/537.36";s:5:"login";i:1677059071;}s:64:"98175533152002c4524e674d44d4d7334796a07124e987b35635e93375f0fcd8";a:4:{s:10:"expiration";i:1678268683;s:2:"ip";s:13:"197.239.13.76";s:2:"ua";s:123:"Mozilla/5.0 (Linux; Android 11; itel A661W) AppleWebKit/537.36 (KHTML, like Gecko) Chrome/97.0.4692.98 Mobile Safari/537.36";s:5:"login";i:1677059083;}s:64:"95ad31d89025e858d0e1dddcf05fb8ed1605f528e6b40616b3caec1593b47ea5";a:4:{s:10:"expiration";i:1677231982;s:2:"ip";s:13:"197.239.13.76";s:2:"ua";s:123:"Mozilla/5.0 (Linux; Android 11; itel A661W) AppleWebKit/537.36 (KHTML, like Gecko) Chrome/97.0.4692.98 Mobile Safari/537.36";s:5:"login";i:1677059182;}s:64:"6cf2619d96339ee2bae15673724d5efeb92b8a5d111ebba8120ea4002742917e";a:4:{s:10:"expiration";i:1677232066;s:2:"ip";s:13:"197.239.13.76";s:2:"ua";s:123:"Mozilla/5.0 (Linux; Android 11; itel A661W) AppleWebKit/537.36 (KHTML, like Gecko) Chrome/97.0.4692.98 Mobile Safari/537.36";s:5:"login";i:1677059266;}}');
INSERT INTO `ntswebusermeta` VALUES
(1228, 74, 'nickname', 'Onencan ErickRwiose'),
(1229, 74, 'first_name', 'Onencan'),
(1230, 74, 'last_name', 'ErickRwiose'),
(1231, 74, 'description', ''),
(1232, 74, 'rich_editing', 'true'),
(1233, 74, 'syntax_highlighting', 'true'),
(1234, 74, 'comment_shortcuts', 'false'),
(1235, 74, 'admin_color', 'fresh'),
(1236, 74, 'use_ssl', '0'),
(1237, 74, 'show_admin_bar_front', 'true'),
(1238, 74, 'locale', ''),
(1241, 74, '_yoast_wpseo_profile_updated', '1677091904'),
(1242, 74, 'bp_xprofile_visibility_levels', 'a:3:{i:1;s:6:"public";i:2;s:6:"public";i:15;s:6:"public";}'),
(1243, 74, 'activation_key', 'OEvMzHDQPBPcRbchsR3M5QXu7Q1duRh0'),
(1244, 75, 'nickname', 'Onencan ErickRose'),
(1245, 75, 'first_name', 'Onencan'),
(1246, 75, 'last_name', 'ErickRose'),
(1247, 75, 'description', ''),
(1248, 75, 'rich_editing', 'true'),
(1249, 75, 'syntax_highlighting', 'true'),
(1250, 75, 'comment_shortcuts', 'false'),
(1251, 75, 'admin_color', 'fresh'),
(1252, 75, 'use_ssl', '0'),
(1253, 75, 'show_admin_bar_front', 'true'),
(1254, 75, 'locale', ''),
(1257, 75, '_yoast_wpseo_profile_updated', '1677092952'),
(1258, 75, 'bp_xprofile_visibility_levels', 'a:3:{i:1;s:6:"public";i:2;s:6:"public";i:15;s:6:"public";}'),
(1260, 75, 'ntswebcapabilities', 'a:1:{s:10:"subscriber";b:1;}'),
(1261, 75, 'ntswebuser_level', '0'),
(1262, 75, 'session_tokens', 'a:1:{s:64:"83e4d411dfba758f2151a6547e9e06d55b6f9a4512c6b5b8744397a02c3db131";a:4:{s:10:"expiration";i:1677266293;s:2:"ip";s:13:"197.239.5.144";s:2:"ua";s:80:"Mozilla/5.0 (Windows NT 10.0; Win64; x64; rv:109.0) Gecko/20100101 Firefox/110.0";s:5:"login";i:1677093493;}}'),
(1263, 76, 'nickname', 'Kuteesa patience'),
(1264, 76, 'first_name', 'Kuteesa'),
(1265, 76, 'last_name', 'patience'),
(1266, 76, 'description', ''),
(1267, 76, 'rich_editing', 'true'),
(1268, 76, 'syntax_highlighting', 'true'),
(1269, 76, 'comment_shortcuts', 'false'),
(1270, 76, 'admin_color', 'fresh'),
(1271, 76, 'use_ssl', '0'),
(1272, 76, 'show_admin_bar_front', 'true'),
(1273, 76, 'locale', ''),
(1276, 76, '_yoast_wpseo_profile_updated', '1677151539'),
(1277, 76, 'bp_xprofile_visibility_levels', 'a:3:{i:1;s:6:"public";i:2;s:6:"public";i:15;s:6:"public";}'),
(1278, 76, 'activation_key', 'yFJDYLwGtPyfd3RL4gUK1oXIi3xKEKIg'),
(1279, 77, 'nickname', 'Asma Muzamil Driwaru'),
(1280, 77, 'first_name', 'Asma'),
(1281, 77, 'last_name', 'Muzamil Driwaru'),
(1282, 77, 'description', ''),
(1283, 77, 'rich_editing', 'true'),
(1284, 77, 'syntax_highlighting', 'true'),
(1285, 77, 'comment_shortcuts', 'false'),
(1286, 77, 'admin_color', 'fresh'),
(1287, 77, 'use_ssl', '0'),
(1288, 77, 'show_admin_bar_front', 'true'),
(1289, 77, 'locale', ''),
(1292, 77, '_yoast_wpseo_profile_updated', '1677162197'),
(1293, 77, 'bp_xprofile_visibility_levels', 'a:3:{i:1;s:6:"public";i:2;s:6:"public";i:15;s:6:"public";}'),
(1294, 77, 'activation_key', '6JVpv0gXbe70fr2GAUEY3EtxSGyfTw5J'),
(1295, 78, 'nickname', 'Atuhura Harriet'),
(1296, 78, 'first_name', 'Atuhura'),
(1297, 78, 'last_name', 'Harriet'),
(1298, 78, 'description', ''),
(1299, 78, 'rich_editing', 'true'),
(1300, 78, 'syntax_highlighting', 'true'),
(1301, 78, 'comment_shortcuts', 'false'),
(1302, 78, 'admin_color', 'fresh'),
(1303, 78, 'use_ssl', '0'),
(1304, 78, 'show_admin_bar_front', 'true'),
(1305, 78, 'locale', ''),
(1308, 78, '_yoast_wpseo_profile_updated', '1677232856'),
(1309, 78, 'bp_xprofile_visibility_levels', 'a:4:{i:1;s:6:"public";i:2;s:6:"public";i:15;s:6:"public";i:16;s:6:"public";}'),
(1311, 79, 'nickname', 'Cheryl Carol Awuor'),
(1312, 79, 'first_name', 'Cheryl'),
(1313, 79, 'last_name', 'Carol Awuor'),
(1314, 79, 'description', ''),
(1315, 79, 'rich_editing', 'true'),
(1316, 79, 'syntax_highlighting', 'true'),
(1317, 79, 'comment_shortcuts', 'false'),
(1318, 79, 'admin_color', 'fresh'),
(1319, 79, 'use_ssl', '0'),
(1320, 79, 'show_admin_bar_front', 'true'),
(1321, 79, 'locale', ''),
(1324, 79, '_yoast_wpseo_profile_updated', '1677233019'),
(1325, 79, 'bp_xprofile_visibility_levels', 'a:3:{i:1;s:6:"public";i:2;s:6:"public";i:15;s:6:"public";}'),
(1327, 78, 'ntswebcapabilities', 'a:1:{s:10:"subscriber";b:1;}'),
(1328, 78, 'ntswebuser_level', '0'),
(1329, 79, 'ntswebcapabilities', 'a:1:{s:10:"subscriber";b:1;}'),
(1330, 79, 'ntswebuser_level', '0'),
(1331, 79, 'session_tokens', 'a:5:{s:64:"3819032ab7b42ef82e944620c286c2ad4f22557638133161f12139cbbf43bf6c";a:4:{s:10:"expiration";i:1677406107;s:2:"ip";s:15:"196.202.186.254";s:2:"ua";s:111:"Mozilla/5.0 (Windows NT 10.0; Win64; x64) AppleWebKit/537.36 (KHTML, like Gecko) Chrome/110.0.0.0 Safari/537.36";s:5:"login";i:1677233307;}s:64:"9656cb65a5a3ca0c39a287205c6b257ca392674d468a93e7b3cf395f81fb630e";a:4:{s:10:"expiration";i:1677406117;s:2:"ip";s:15:"196.202.186.254";s:2:"ua";s:111:"Mozilla/5.0 (Windows NT 10.0; Win64; x64) AppleWebKit/537.36 (KHTML, like Gecko) Chrome/110.0.0.0 Safari/537.36";s:5:"login";i:1677233317;}s:64:"3bf62cd0d1a3be89719dd91cbf7c7ffadb6d742371123cfae8a1c354d07630ef";a:4:{s:10:"expiration";i:1677408486;s:2:"ip";s:15:"196.202.186.254";s:2:"ua";s:111:"Mozilla/5.0 (Windows NT 10.0; Win64; x64) AppleWebKit/537.36 (KHTML, like Gecko) Chrome/110.0.0.0 Safari/537.36";s:5:"login";i:1677235686;}s:64:"db92ef21e6996e248752977054c3cd99745bc5463c3e5ae009f08054bc0571b2";a:4:{s:10:"expiration";i:1677408533;s:2:"ip";s:15:"196.202.186.254";s:2:"ua";s:111:"Mozilla/5.0 (Windows NT 10.0; Win64; x64) AppleWebKit/537.36 (KHTML, like Gecko) Chrome/110.0.0.0 Safari/537.36";s:5:"login";i:1677235733;}s:64:"f30759e2f4b2b5cd50c636430feecac7ca93da79dcee8d53ab7df69f0eb46783";a:4:{s:10:"expiration";i:1677408611;s:2:"ip";s:15:"196.202.186.254";s:2:"ua";s:111:"Mozilla/5.0 (Windows NT 10.0; Win64; x64) AppleWebKit/537.36 (KHTML, like Gecko) Chrome/110.0.0.0 Safari/537.36";s:5:"login";i:1677235811;}}'),
(1332, 78, 'session_tokens', 'a:10:{s:64:"5ba20413ad58bdfceaa0ad02ec7306033b7b1f1778caf99334643fe92363136c";a:4:{s:10:"expiration";i:1677407055;s:2:"ip";s:13:"196.43.145.92";s:2:"ua";s:111:"Mozilla/5.0 (Windows NT 10.0; Win64; x64) AppleWebKit/537.36 (KHTML, like Gecko) Chrome/109.0.0.0 Safari/537.36";s:5:"login";i:1677234255;}s:64:"da8f86219310c8a6b06021a7fc48a175d6424d2f5e32390a1f50b8389531b451";a:4:{s:10:"expiration";i:1677407082;s:2:"ip";s:13:"196.43.145.92";s:2:"ua";s:111:"Mozilla/5.0 (Windows NT 10.0; Win64; x64) AppleWebKit/537.36 (KHTML, like Gecko) Chrome/109.0.0.0 Safari/537.36";s:5:"login";i:1677234282;}s:64:"cdae4feaf36e5f72fbb092ae586ae3707dc71c6e19a562c65839489df1cf8cfd";a:4:{s:10:"expiration";i:1677407147;s:2:"ip";s:13:"196.43.145.92";s:2:"ua";s:111:"Mozilla/5.0 (Windows NT 10.0; Win64; x64) AppleWebKit/537.36 (KHTML, like Gecko) Chrome/109.0.0.0 Safari/537.36";s:5:"login";i:1677234347;}s:64:"ebd523e20f7b76d386a486f8995cb299192fcf04a442603026460df5e98a0e67";a:4:{s:10:"expiration";i:1678444045;s:2:"ip";s:13:"196.43.145.92";s:2:"ua";s:111:"Mozilla/5.0 (Windows NT 10.0; Win64; x64) AppleWebKit/537.36 (KHTML, like Gecko) Chrome/109.0.0.0 Safari/537.36";s:5:"login";i:1677234445;}s:64:"5cbe24a24f16bc8855c8ef9a6892a81872b897bdb307de206ff8ed88cb61b1f3";a:4:{s:10:"expiration";i:1677407541;s:2:"ip";s:13:"196.43.145.92";s:2:"ua";s:111:"Mozilla/5.0 (Windows NT 10.0; Win64; x64) AppleWebKit/537.36 (KHTML, like Gecko) Chrome/109.0.0.0 Safari/537.36";s:5:"login";i:1677234741;}s:64:"c4f9f4d7c77c5c95f7dd9d0a663dc4def5316bb5cc27cc6be89ea04cc74f1114";a:4:{s:10:"expiration";i:1677407556;s:2:"ip";s:13:"196.43.145.92";s:2:"ua";s:111:"Mozilla/5.0 (Windows NT 10.0; Win64; x64) AppleWebKit/537.36 (KHTML, like Gecko) Chrome/109.0.0.0 Safari/537.36";s:5:"login";i:1677234756;}s:64:"4a9edb8aa04ec80fa72f387f4ac10c06e2b168bb1b04b9a6fd67a411e851ef13";a:4:{s:10:"expiration";i:1678444957;s:2:"ip";s:13:"196.43.145.92";s:2:"ua";s:111:"Mozilla/5.0 (Windows NT 10.0; Win64; x64) AppleWebKit/537.36 (KHTML, like Gecko) Chrome/109.0.0.0 Safari/537.36";s:5:"login";i:1677235357;}s:64:"47aae940286d388a906d611e1f78991607d7388268f4160f6f252a31b2f6fd3b";a:4:{s:10:"expiration";i:1677408537;s:2:"ip";s:13:"196.43.145.92";s:2:"ua";s:111:"Mozilla/5.0 (Windows NT 10.0; Win64; x64) AppleWebKit/537.36 (KHTML, like Gecko) Chrome/109.0.0.0 Safari/537.36";s:5:"login";i:1677235737;}s:64:"9f367870173d4d6d7ea178e38d943152cdc3c314d7b7f5a38bc5bf57fa22ac9a";a:4:{s:10:"expiration";i:1677408568;s:2:"ip";s:13:"196.43.145.92";s:2:"ua";s:111:"Mozilla/5.0 (Windows NT 10.0; Win64; x64) AppleWebKit/537.36 (KHTML, like Gecko) Chrome/109.0.0.0 Safari/537.36";s:5:"login";i:1677235768;}s:64:"d908142844c14b1f65d38fde9cf589f3a2a92285333d64db3342e1d272eb2d9a";a:4:{s:10:"expiration";i:1677408628;s:2:"ip";s:13:"196.43.145.92";s:2:"ua";s:111:"Mozilla/5.0 (Windows NT 10.0; Win64; x64) AppleWebKit/537.36 (KHTML, like Gecko) Chrome/109.0.0.0 Safari/537.36";s:5:"login";i:1677235828;}}'),
(1333, 78, 'jetpack_tracks_anon_id', 'jetpack:swUU6AOTcljJ9JtKr2IYpJN1'),
(1334, 80, 'nickname', 'Amali Anita blessing'),
(1335, 80, 'first_name', 'Amali'),
(1336, 80, 'last_name', 'Anita blessing'),
(1337, 80, 'description', ''),
(1338, 80, 'rich_editing', 'true'),
(1339, 80, 'syntax_highlighting', 'true'),
(1340, 80, 'comment_shortcuts', 'false'),
(1341, 80, 'admin_color', 'fresh'),
(1342, 80, 'use_ssl', '0'),
(1343, 80, 'show_admin_bar_front', 'true'),
(1344, 80, 'locale', ''),
(1347, 80, '_yoast_wpseo_profile_updated', '1677308706'),
(1348, 80, 'bp_xprofile_visibility_levels', 'a:3:{i:1;s:6:"public";i:2;s:6:"public";i:15;s:6:"public";}'),
(1349, 80, 'activation_key', 'YV4e5QBDh7Yfc2iu5Vh5CjD81d03GiKp'),
(1350, 81, 'nickname', 'Micah'),
(1351, 81, 'first_name', 'Micah'),
(1352, 81, 'last_name', ''),
(1353, 81, 'description', ''),
(1354, 81, 'rich_editing', 'true'),
(1355, 81, 'syntax_highlighting', 'true'),
(1356, 81, 'comment_shortcuts', 'false'),
(1357, 81, 'admin_color', 'fresh'),
(1358, 81, 'use_ssl', '0'),
(1359, 81, 'show_admin_bar_front', 'true'),
(1360, 81, 'locale', ''),
(1363, 81, '_yoast_wpseo_profile_updated', '1677341298'),
(1364, 81, 'bp_xprofile_visibility_levels', 'a:3:{i:1;s:6:"public";i:2;s:6:"public";i:15;s:6:"public";}'),
(1365, 81, 'activation_key', 'KPJIjvDKNQHshXSCmfg3TUy1vkxv6eSH'),
(1366, 82, 'nickname', 'Daniel Micah'),
(1367, 82, 'first_name', 'Daniel'),
(1368, 82, 'last_name', 'Micah'),
(1369, 82, 'description', ''),
(1370, 82, 'rich_editing', 'true'),
(1371, 82, 'syntax_highlighting', 'true'),
(1372, 82, 'comment_shortcuts', 'false'),
(1373, 82, 'admin_color', 'fresh'),
(1374, 82, 'use_ssl', '0'),
(1375, 82, 'show_admin_bar_front', 'true'),
(1376, 82, 'locale', ''),
(1379, 82, '_yoast_wpseo_profile_updated', '1677341484'),
(1380, 82, 'bp_xprofile_visibility_levels', 'a:3:{i:1;s:6:"public";i:2;s:6:"public";i:15;s:6:"public";}'),
(1381, 82, 'activation_key', '9pD8AvaBy5buXDRMdFpBBD5BgA6Z1eBy'),
(1382, 65, 'default_password_nag', ''),
(1383, 65, 'ntswebcapabilities', 'a:1:{s:10:"subscriber";b:1;}'),
(1384, 65, 'ntswebuser_level', '0'),
(1385, 65, 'session_tokens', 'a:3:{s:64:"d71097ae8298c2ba959e473ee9341b5ee045396c2eea6ef22ae4b39edea7282f";a:4:{s:10:"expiration";i:1677609307;s:2:"ip";s:13:"51.158.175.73";s:2:"ua";s:117:"Mozilla/5.0 (Linux; Android 9; SM-G950U) AppleWebKit/537.36 (KHTML, like Gecko) Chrome/102.0.0.0 Mobile Safari/537.36";s:5:"login";i:1677436507;}s:64:"446671c2e55a2c7b8b80c6a773317e2230517fac7d5ff492132763893d32573d";a:4:{s:10:"expiration";i:1677609309;s:2:"ip";s:13:"51.158.175.73";s:2:"ua";s:117:"Mozilla/5.0 (Linux; Android 9; SM-G950U) AppleWebKit/537.36 (KHTML, like Gecko) Chrome/102.0.0.0 Mobile Safari/537.36";s:5:"login";i:1677436509;}s:64:"4fc46adc12d5bdd96d9e28e2bfd8fb5c3074f996f3c98f7e045f59383776b70a";a:4:{s:10:"expiration";i:1677609310;s:2:"ip";s:13:"51.158.175.73";s:2:"ua";s:117:"Mozilla/5.0 (Linux; Android 9; SM-G950U) AppleWebKit/537.36 (KHTML, like Gecko) Chrome/102.0.0.0 Mobile Safari/537.36";s:5:"login";i:1677436510;}}'),
(1386, 83, 'nickname', 'Justine Cissy Nalwanga'),
(1387, 83, 'first_name', 'Justine'),
(1388, 83, 'last_name', 'Cissy Nalwanga'),
(1389, 83, 'description', ''),
(1390, 83, 'rich_editing', 'true'),
(1391, 83, 'syntax_highlighting', 'true'),
(1392, 83, 'comment_shortcuts', 'false'),
(1393, 83, 'admin_color', 'fresh'),
(1394, 83, 'use_ssl', '0'),
(1395, 83, 'show_admin_bar_front', 'true'),
(1396, 83, 'locale', ''),
(1399, 83, '_yoast_wpseo_profile_updated', '1677444397'),
(1400, 83, 'bp_xprofile_visibility_levels', 'a:3:{i:1;s:6:"public";i:2;s:6:"public";i:15;s:6:"public";}'),
(1401, 83, 'activation_key', 'bnvlVssQoPE20qBphWZcn5OF5GFuwsKQ'),
(1402, 84, 'nickname', 'Kemigisa Mary Viola'),
(1403, 84, 'first_name', 'Kemigisa'),
(1404, 84, 'last_name', 'Mary Viola'),
(1405, 84, 'description', ''),
(1406, 84, 'rich_editing', 'true'),
(1407, 84, 'syntax_highlighting', 'true'),
(1408, 84, 'comment_shortcuts', 'false'),
(1409, 84, 'admin_color', 'fresh'),
(1410, 84, 'use_ssl', '0'),
(1411, 84, 'show_admin_bar_front', 'true'),
(1412, 84, 'locale', ''),
(1415, 84, '_yoast_wpseo_profile_updated', '1677485389'),
(1416, 84, 'bp_xprofile_visibility_levels', 'a:3:{i:1;s:6:"public";i:2;s:6:"public";i:15;s:6:"public";}'),
(1417, 84, 'activation_key', 'FJ8Vqr2bNH1soJyBJNK64O5LJxUaPIOH'),
(1418, 85, 'nickname', 'Ameso Nancy'),
(1419, 85, 'first_name', 'Ameso'),
(1420, 85, 'last_name', 'Nancy'),
(1421, 85, 'description', ''),
(1422, 85, 'rich_editing', 'true'),
(1423, 85, 'syntax_highlighting', 'true'),
(1424, 85, 'comment_shortcuts', 'false'),
(1425, 85, 'admin_color', 'modern'),
(1426, 85, 'use_ssl', '0'),
(1427, 85, 'show_admin_bar_front', 'true'),
(1428, 85, 'locale', ''),
(1431, 85, '_yoast_wpseo_profile_updated', '1677496296'),
(1432, 85, 'bp_xprofile_visibility_levels', 'a:4:{i:1;s:6:"public";i:2;s:6:"public";i:15;s:6:"public";i:16;s:6:"public";}'),
(1434, 86, 'nickname', 'NAMBALIRWA ESTHER KISAKYE'),
(1435, 86, 'first_name', 'NAMBALIRWA'),
(1436, 86, 'last_name', 'ESTHER KISAKYE'),
(1437, 86, 'description', ''),
(1438, 86, 'rich_editing', 'true'),
(1439, 86, 'syntax_highlighting', 'true'),
(1440, 86, 'comment_shortcuts', 'false'),
(1441, 86, 'admin_color', 'fresh'),
(1442, 86, 'use_ssl', '0'),
(1443, 86, 'show_admin_bar_front', 'true'),
(1444, 86, 'locale', ''),
(1447, 86, '_yoast_wpseo_profile_updated', '1677496454'),
(1448, 86, 'bp_xprofile_visibility_levels', 'a:3:{i:1;s:6:"public";i:2;s:6:"public";i:15;s:6:"public";}'),
(1450, 85, 'default_password_nag', ''),
(1451, 85, 'ntswebcapabilities', 'a:1:{s:10:"subscriber";b:1;}'),
(1452, 85, 'ntswebuser_level', '0'),
(1454, 85, 'facebook', ''),
(1455, 85, 'instagram', ''),
(1456, 85, 'linkedin', ''),
(1457, 85, 'myspace', ''),
(1458, 85, 'pinterest', ''),
(1459, 85, 'soundcloud', ''),
(1460, 85, 'tumblr', ''),
(1461, 85, 'twitter', ''),
(1462, 85, 'youtube', ''),
(1463, 85, 'wikipedia', ''),
(1464, 85, 'session_tokens', 'a:3:{s:64:"3325cf0b5917ba5a35e969248a24b1b825ce495ae28bbd3fcb2931cd0e2c58a9";a:4:{s:10:"expiration";i:1678709241;s:2:"ip";s:13:"41.210.147.30";s:2:"ua";s:124:"Mozilla/5.0 (Windows NT 10.0; Win64; x64) AppleWebKit/537.36 (KHTML, like Gecko) Chrome/109.0.0.0 Safari/537.36 OPR/95.0.0.0";s:5:"login";i:1677499641;}s:64:"f9223e9acdc4460938844dde66e336203ff313c7f46f187be0375790c619afe5";a:4:{s:10:"expiration";i:1677682117;s:2:"ip";s:14:"41.210.146.201";s:2:"ua";s:124:"Mozilla/5.0 (Windows NT 10.0; Win64; x64) AppleWebKit/537.36 (KHTML, like Gecko) Chrome/109.0.0.0 Safari/537.36 OPR/95.0.0.0";s:5:"login";i:1677509317;}s:64:"1b7a9bec91385c50c8c50269f19755c92bb6d58eb239d5c942f4188a5e86f068";a:4:{s:10:"expiration";i:1677847441;s:2:"ip";s:13:"197.239.12.69";s:2:"ua";s:111:"Mozilla/5.0 (Windows NT 10.0; Win64; x64) AppleWebKit/537.36 (KHTML, like Gecko) Chrome/110.0.0.0 Safari/537.36";s:5:"login";i:1677674641;}}'),
(1465, 85, 'ntswebuser-settings', 'mfold=f'),
(1466, 85, 'ntswebuser-settings-time', '1677674867'),
(1467, 85, 'jetpack_tracks_anon_id', 'jetpack:k0Y4LkL7h9PHE/giM70TtgWH'),
(1468, 86, 'ntswebcapabilities', 'a:1:{s:10:"subscriber";b:1;}'),
(1469, 86, 'ntswebuser_level', '0'),
(1470, 86, 'session_tokens', 'a:2:{s:64:"b724045fdc0c67e0d9b9b971845137ccdc238a8675ac29774f742d2c041413a1";a:4:{s:10:"expiration";i:1678712603;s:2:"ip";s:12:"197.239.15.7";s:2:"ua";s:122:"Mozilla/5.0 (Linux; Android 11; TECNO LE6) AppleWebKit/537.36 (KHTML, like Gecko) Chrome/94.0.4606.85 Mobile Safari/537.36";s:5:"login";i:1677503003;}s:64:"1f4f5fb1ecfdf7e80d3770d6045966808afdf46429ee5397d6c42cb330c96477";a:4:{s:10:"expiration";i:1677680257;s:2:"ip";s:11:"41.75.188.1";s:2:"ua";s:79:"Mozilla/5.0 (Windows NT 6.1; Win64; x64; rv:109.0) Gecko/20100101 Firefox/110.0";s:5:"login";i:1677507457;}}'),
(1471, 87, 'nickname', 'Kasatajosephine'),
(1472, 87, 'first_name', 'Kasatajosephine'),
(1473, 87, 'last_name', ''),
(1474, 87, 'description', ''),
(1475, 87, 'rich_editing', 'true'),
(1476, 87, 'syntax_highlighting', 'true'),
(1477, 87, 'comment_shortcuts', 'false'),
(1478, 87, 'admin_color', 'fresh'),
(1479, 87, 'use_ssl', '0'),
(1480, 87, 'show_admin_bar_front', 'true'),
(1481, 87, 'locale', ''),
(1484, 87, '_yoast_wpseo_profile_updated', '1677760547'),
(1485, 87, 'bp_xprofile_visibility_levels', 'a:3:{i:1;s:6:"public";i:2;s:6:"public";i:15;s:6:"public";}'),
(1486, 87, 'activation_key', 'BbuMsbLqJyHAYKeHoAbx1BiTqrPd2HTk'),
(1487, 88, 'nickname', 'Ina New'),
(1488, 88, 'first_name', 'Ina'),
(1489, 88, 'last_name', 'New'),
(1490, 88, 'description', ''),
(1491, 88, 'rich_editing', 'true'),
(1492, 88, 'syntax_highlighting', 'true'),
(1493, 88, 'comment_shortcuts', 'false'),
(1494, 88, 'admin_color', 'fresh'),
(1495, 88, 'use_ssl', '0'),
(1496, 88, 'show_admin_bar_front', 'true'),
(1497, 88, 'locale', ''),
(1500, 88, '_yoast_wpseo_profile_updated', '1677786076'),
(1501, 88, 'bp_xprofile_visibility_levels', 'a:3:{i:1;s:6:"public";i:2;s:6:"public";i:15;s:6:"public";}'),
(1502, 88, 'activation_key', 'bNPIu3gkhnWEHP3dCF8ip5CFfhqHARQW'),
(1503, 89, 'nickname', 'Alinaitwe'),
(1504, 89, 'first_name', 'Alinaitwe'),
(1505, 89, 'last_name', ''),
(1506, 89, 'description', ''),
(1507, 89, 'rich_editing', 'true'),
(1508, 89, 'syntax_highlighting', 'true'),
(1509, 89, 'comment_shortcuts', 'false'),
(1510, 89, 'admin_color', 'fresh'),
(1511, 89, 'use_ssl', '0'),
(1512, 89, 'show_admin_bar_front', 'true'),
(1513, 89, 'locale', ''),
(1516, 89, '_yoast_wpseo_profile_updated', '1677866420'),
(1517, 89, 'bp_xprofile_visibility_levels', 'a:3:{i:1;s:6:"public";i:2;s:6:"public";i:15;s:6:"public";}'),
(1518, 89, 'activation_key', 'xRW7Bs6ree7150zRWnJCU07HDtexXr29'),
(1519, 90, 'nickname', 'Nassaka Winfred'),
(1520, 90, 'first_name', 'Nassaka'),
(1521, 90, 'last_name', 'Winfred'),
(1522, 90, 'description', ''),
(1523, 90, 'rich_editing', 'true'),
(1524, 90, 'syntax_highlighting', 'true'),
(1525, 90, 'comment_shortcuts', 'false'),
(1526, 90, 'admin_color', 'fresh'),
(1527, 90, 'use_ssl', '0'),
(1528, 90, 'show_admin_bar_front', 'true'),
(1529, 90, 'locale', ''),
(1532, 90, '_yoast_wpseo_profile_updated', '1677913588'),
(1533, 90, 'bp_xprofile_visibility_levels', 'a:3:{i:1;s:6:"public";i:2;s:6:"public";i:15;s:6:"public";}'),
(1535, 90, 'ntswebcapabilities', 'a:1:{s:10:"subscriber";b:1;}'),
(1536, 90, 'ntswebuser_level', '0'),
(1537, 90, 'session_tokens', 'a:1:{s:64:"85f9471104b77d02b852f4f8ad6a79bd317528c63c4867a3f49c8fd6c6c71f6b";a:4:{s:10:"expiration";i:1678087288;s:2:"ip";s:15:"198.244.189.247";s:2:"ua";s:126:"Mozilla/5.0 (Linux; Android 8.1.0; TECNO B1p) AppleWebKit/537.36 (KHTML, like Gecko) Chrome/79.0.3945.136 Mobile Safari/537.36";s:5:"login";i:1677914488;}}'),
(1538, 91, 'nickname', 'Adhiambo Georgia Eva'),
(1539, 91, 'first_name', 'Adhiambo'),
(1540, 91, 'last_name', 'Georgia Eva'),
(1541, 91, 'description', ''),
(1542, 91, 'rich_editing', 'true'),
(1543, 91, 'syntax_highlighting', 'true'),
(1544, 91, 'comment_shortcuts', 'false'),
(1545, 91, 'admin_color', 'fresh'),
(1546, 91, 'use_ssl', '0'),
(1547, 91, 'show_admin_bar_front', 'true'),
(1548, 91, 'locale', ''),
(1551, 91, '_yoast_wpseo_profile_updated', '1677922070'),
(1552, 91, 'bp_xprofile_visibility_levels', 'a:3:{i:1;s:6:"public";i:2;s:6:"public";i:15;s:6:"public";}'),
(1553, 91, 'activation_key', 'hK95DaKibHKctlqQ7AP7zTvtqE4qk9qD'),
(1554, 92, 'nickname', 'Adhiambo Georgia Eva'),
(1555, 92, 'first_name', 'Adhiambo'),
(1556, 92, 'last_name', 'Georgia Eva'),
(1557, 92, 'description', ''),
(1558, 92, 'rich_editing', 'true'),
(1559, 92, 'syntax_highlighting', 'true'),
(1560, 92, 'comment_shortcuts', 'false'),
(1561, 92, 'admin_color', 'fresh'),
(1562, 92, 'use_ssl', '0'),
(1563, 92, 'show_admin_bar_front', 'true'),
(1564, 92, 'locale', ''),
(1567, 92, '_yoast_wpseo_profile_updated', '1677922929'),
(1568, 92, 'bp_xprofile_visibility_levels', 'a:3:{i:1;s:6:"public";i:2;s:6:"public";i:15;s:6:"public";}'),
(1570, 92, 'ntswebcapabilities', 'a:1:{s:10:"subscriber";b:1;}'),
(1571, 92, 'ntswebuser_level', '0'),
(1572, 92, 'session_tokens', 'a:2:{s:64:"7658d53d83426f925363b53f37667042cd75c0bc9a4b31a27f0a5fdb1d958740";a:4:{s:10:"expiration";i:1678096131;s:2:"ip";s:14:"41.210.145.249";s:2:"ua";s:119:"Mozilla/5.0 (Linux; Android 12; TECNO BF7) AppleWebKit/537.36 (KHTML, like Gecko) Chrome/105.0.0.0 Mobile Safari/537.36";s:5:"login";i:1677923331;}s:64:"543bd23192de29227d421a2c88bb473f6a442f926c61a8934b367d0554ec24dd";a:4:{s:10:"expiration";i:1678096158;s:2:"ip";s:14:"41.210.145.249";s:2:"ua";s:119:"Mozilla/5.0 (Linux; Android 12; TECNO BF7) AppleWebKit/537.36 (KHTML, like Gecko) Chrome/105.0.0.0 Mobile Safari/537.36";s:5:"login";i:1677923358;}}'),
(1573, 93, 'nickname', 'Lubangakene Daniel'),
(1574, 93, 'first_name', 'Lubangakene'),
(1575, 93, 'last_name', 'Daniel'),
(1576, 93, 'description', ''),
(1577, 93, 'rich_editing', 'true'),
(1578, 93, 'syntax_highlighting', 'true'),
(1579, 93, 'comment_shortcuts', 'false'),
(1580, 93, 'admin_color', 'fresh'),
(1581, 93, 'use_ssl', '0'),
(1582, 93, 'show_admin_bar_front', 'true'),
(1583, 93, 'locale', ''),
(1586, 93, '_yoast_wpseo_profile_updated', '1677941071'),
(1587, 93, 'bp_xprofile_visibility_levels', 'a:3:{i:1;s:6:"public";i:2;s:6:"public";i:15;s:6:"public";}'),
(1589, 93, 'ntswebcapabilities', 'a:1:{s:10:"subscriber";b:1;}'),
(1590, 93, 'ntswebuser_level', '0'),
(1591, 94, 'nickname', 'SEWANKAMBO FRED'),
(1592, 94, 'first_name', 'SEWANKAMBO'),
(1593, 94, 'last_name', 'FRED'),
(1594, 94, 'description', ''),
(1595, 94, 'rich_editing', 'true'),
(1596, 94, 'syntax_highlighting', 'true'),
(1597, 94, 'comment_shortcuts', 'false'),
(1598, 94, 'admin_color', 'modern'),
(1599, 94, 'use_ssl', '0'),
(1600, 94, 'show_admin_bar_front', 'true'),
(1601, 94, 'locale', ''),
(1604, 94, '_yoast_wpseo_profile_updated', '1678085256'),
(1605, 94, 'bp_xprofile_visibility_levels', 'a:3:{i:1;s:6:"public";i:2;s:6:"public";i:15;s:6:"public";}'),
(1607, 94, 'ntswebcapabilities', 'a:1:{s:10:"subscriber";b:1;}'),
(1608, 94, 'ntswebuser_level', '0'),
(1609, 94, 'default_password_nag', ''),
(1610, 95, 'nickname', 'Asobora Mariam'),
(1611, 95, 'first_name', 'Asobora'),
(1612, 95, 'last_name', 'Mariam'),
(1613, 95, 'description', ''),
(1614, 95, 'rich_editing', 'true'),
(1615, 95, 'syntax_highlighting', 'true'),
(1616, 95, 'comment_shortcuts', 'false'),
(1617, 95, 'admin_color', 'fresh'),
(1618, 95, 'use_ssl', '0'),
(1619, 95, 'show_admin_bar_front', 'true'),
(1620, 95, 'locale', ''),
(1623, 95, '_yoast_wpseo_profile_updated', '1678104631'),
(1624, 95, 'bp_xprofile_visibility_levels', 'a:3:{i:1;s:6:"public";i:2;s:6:"public";i:15;s:6:"public";}'),
(1626, 95, 'ntswebcapabilities', 'a:1:{s:10:"subscriber";b:1;}'),
(1627, 95, 'ntswebuser_level', '0'),
(1628, 95, 'session_tokens', 'a:2:{s:64:"92161b302a973069dd94f88ab73caacdac06d0520d4840bedf1a397697f12138";a:4:{s:10:"expiration";i:1678277584;s:2:"ip";s:14:"188.34.190.199";s:2:"ua";s:123:"Mozilla/5.0 (Linux; Android 11; Infinix X6816) AppleWebKit/537.36 (KHTML, like Gecko) Chrome/107.0.0.0 Mobile Safari/537.36";s:5:"login";i:1678104784;}s:64:"f51afd38951d3867c7e25e969b71465ba1c9c2ebd6859114d0188939616c9264";a:4:{s:10:"expiration";i:1679314389;s:2:"ip";s:14:"188.34.190.199";s:2:"ua";s:123:"Mozilla/5.0 (Linux; Android 11; Infinix X6816) AppleWebKit/537.36 (KHTML, like Gecko) Chrome/107.0.0.0 Mobile Safari/537.36";s:5:"login";i:1678104789;}}'),
(1629, 94, 'session_tokens', 'a:1:{s:64:"c8f7d7cb89f8d72b25932fad46722800541c46a2e7f86d3bf1873f5c247c4909";a:4:{s:10:"expiration";i:1678342609;s:2:"ip";s:14:"41.210.155.181";s:2:"ua";s:151:"Mozilla/5.0 (Linux; Android 9; SAMSUNG SM-G950U1) AppleWebKit/537.36 (KHTML, like Gecko) SamsungBrowser/20.0 Chrome/106.0.5249.126 Mobile Safari/537.36";s:5:"login";i:1678169809;}}'),
(1630, 94, 'meta-box-order_profile_page_bp-profile-edit', 'a:3:{s:4:"side";s:66:"bp_members_admin_user_stats,submitdiv,bp_members_user_admin_avatar";s:6:"normal";s:34:"bp_xprofile_user_admin_fields_base";s:8:"advanced";s:0:"";}'),
(1631, 94, 'screen_layout_profile_page_bp-profile-edit', '2'),
(1632, 96, 'nickname', 'Priscilla Drito'),
(1633, 96, 'first_name', 'Priscilla'),
(1634, 96, 'last_name', 'Drito'),
(1635, 96, 'description', ''),
(1636, 96, 'rich_editing', 'true'),
(1637, 96, 'syntax_highlighting', 'true'),
(1638, 96, 'comment_shortcuts', 'false'),
(1639, 96, 'admin_color', 'fresh'),
(1640, 96, 'use_ssl', '0'),
(1641, 96, 'show_admin_bar_front', 'true'),
(1642, 96, 'locale', ''),
(1645, 96, '_yoast_wpseo_profile_updated', '1678184930'),
(1646, 96, 'bp_xprofile_visibility_levels', 'a:3:{i:1;s:6:"public";i:2;s:6:"public";i:15;s:6:"public";}'),
(1648, 96, 'ntswebcapabilities', 'a:1:{s:10:"subscriber";b:1;}'),
(1649, 96, 'ntswebuser_level', '0'),
(1650, 96, 'default_password_nag', ''),
(1651, 96, 'session_tokens', 'a:1:{s:64:"0728d4be87c4e8b7ce73868f38405a3085c7dbd8a1f19a05758773652d691e97";a:4:{s:10:"expiration";i:1678358769;s:2:"ip";s:14:"102.222.234.58";s:2:"ua";s:123:"Mozilla/5.0 (Linux; Android 11; Infinix X688B) AppleWebKit/537.36 (KHTML, like Gecko) Chrome/110.0.0.0 Mobile Safari/537.36";s:5:"login";i:1678185969;}}'),
(1652, 96, 'facebook', ''),
(1653, 96, 'instagram', 'Drito Priscilla'),
(1654, 96, 'linkedin', ''),
(1655, 96, 'myspace', ''),
(1656, 96, 'pinterest', ''),
(1657, 96, 'soundcloud', ''),
(1658, 96, 'tumblr', ''),
(1659, 96, 'twitter', ''),
(1660, 96, 'youtube', ''),
(1661, 96, 'wikipedia', ''),
(1662, 97, 'nickname', 'Nassali'),
(1663, 97, 'first_name', 'Nassali'),
(1664, 97, 'last_name', ''),
(1665, 97, 'description', ''),
(1666, 97, 'rich_editing', 'true'),
(1667, 97, 'syntax_highlighting', 'true'),
(1668, 97, 'comment_shortcuts', 'false'),
(1669, 97, 'admin_color', 'fresh'),
(1670, 97, 'use_ssl', '0'),
(1671, 97, 'show_admin_bar_front', 'true'),
(1672, 97, 'locale', ''),
(1675, 97, '_yoast_wpseo_profile_updated', '1678202937'),
(1676, 97, 'bp_xprofile_visibility_levels', 'a:3:{i:1;s:6:"public";i:2;s:6:"public";i:15;s:6:"public";}'),
(1677, 97, 'activation_key', 'CDgRkX2YanDHs5dQMowQHbevLqCnt7Xv'),
(1678, 98, 'nickname', 'Simera'),
(1679, 98, 'first_name', 'Simera'),
(1680, 98, 'last_name', ''),
(1681, 98, 'description', ''),
(1682, 98, 'rich_editing', 'true'),
(1683, 98, 'syntax_highlighting', 'true'),
(1684, 98, 'comment_shortcuts', 'false'),
(1685, 98, 'admin_color', 'fresh'),
(1686, 98, 'use_ssl', '0'),
(1687, 98, 'show_admin_bar_front', 'true'),
(1688, 98, 'locale', ''),
(1691, 98, '_yoast_wpseo_profile_updated', '1678361934'),
(1692, 98, 'bp_xprofile_visibility_levels', 'a:3:{i:1;s:6:"public";i:2;s:6:"public";i:15;s:6:"public";}'),
(1694, 98, 'ntswebcapabilities', 'a:1:{s:10:"subscriber";b:1;}'),
(1695, 98, 'ntswebuser_level', '0'),
(1696, 99, 'nickname', 'Anisha sango tendo'),
(1697, 99, 'first_name', 'Anisha'),
(1698, 99, 'last_name', 'sango tendo'),
(1699, 99, 'description', ''),
(1700, 99, 'rich_editing', 'true'),
(1701, 99, 'syntax_highlighting', 'true'),
(1702, 99, 'comment_shortcuts', 'false'),
(1703, 99, 'admin_color', 'fresh'),
(1704, 99, 'use_ssl', '0'),
(1705, 99, 'show_admin_bar_front', 'true'),
(1706, 99, 'locale', ''),
(1709, 99, '_yoast_wpseo_profile_updated', '1678430366'),
(1710, 99, 'bp_xprofile_visibility_levels', 'a:3:{i:1;s:6:"public";i:2;s:6:"public";i:15;s:6:"public";}'),
(1711, 99, 'activation_key', 'ZGJVVYJSBXrekU1nNpbLgxWBklhztwhf'),
(1712, 100, 'nickname', 'Brendah Katongole'),
(1713, 100, 'first_name', 'Brendah'),
(1714, 100, 'last_name', 'Katongole'),
(1715, 100, 'description', ''),
(1716, 100, 'rich_editing', 'true'),
(1717, 100, 'syntax_highlighting', 'true'),
(1718, 100, 'comment_shortcuts', 'false'),
(1719, 100, 'admin_color', 'fresh'),
(1720, 100, 'use_ssl', '0'),
(1721, 100, 'show_admin_bar_front', 'true'),
(1722, 100, 'locale', ''),
(1725, 100, '_yoast_wpseo_profile_updated', '1678557291'),
(1726, 100, 'bp_xprofile_visibility_levels', 'a:4:{i:1;s:6:"public";i:2;s:6:"public";i:15;s:6:"public";i:16;s:6:"public";}'),
(1728, 100, 'ntswebcapabilities', 'a:1:{s:10:"subscriber";b:1;}'),
(1729, 100, 'ntswebuser_level', '0'),
(1731, 101, 'nickname', 'AYO PROSCOVIA'),
(1732, 101, 'first_name', 'AYO'),
(1733, 101, 'last_name', 'PROSCOVIA'),
(1734, 101, 'description', ''),
(1735, 101, 'rich_editing', 'true'),
(1736, 101, 'syntax_highlighting', 'true'),
(1737, 101, 'comment_shortcuts', 'false'),
(1738, 101, 'admin_color', 'fresh'),
(1739, 101, 'use_ssl', '0'),
(1740, 101, 'show_admin_bar_front', 'true'),
(1741, 101, 'locale', ''),
(1744, 101, '_yoast_wpseo_profile_updated', '1678560178'),
(1745, 101, 'bp_xprofile_visibility_levels', 'a:3:{i:1;s:6:"public";i:2;s:6:"public";i:15;s:6:"public";}'),
(1746, 101, 'activation_key', '0cHA1RT8xV150ApLzlvjDc0h5R1dOQEt'),
(1747, 100, 'session_tokens', 'a:3:{s:64:"650a0574b34632b04347ca863151691bb17f57ea5f2c608723e65137a33894bd";a:4:{s:10:"expiration";i:1678800982;s:2:"ip";s:14:"41.210.155.124";s:2:"ua";s:111:"Mozilla/5.0 (Linux; Android 10; K) AppleWebKit/537.36 (KHTML, like Gecko) Chrome/110.0.0.0 Mobile Safari/537.36";s:5:"login";i:1678628182;}s:64:"cd6a18ea51c0daeb14a15f84f9fb264670eb839965d7ef396c26724b26478dd6";a:4:{s:10:"expiration";i:1678886141;s:2:"ip";s:14:"41.210.155.124";s:2:"ua";s:111:"Mozilla/5.0 (Linux; Android 10; K) AppleWebKit/537.36 (KHTML, like Gecko) Chrome/110.0.0.0 Mobile Safari/537.36";s:5:"login";i:1678713341;}s:64:"4e55b590dd2e301747ce6dd749d9946aaa26505d8ad4cc06cea8acfb74bfb1e4";a:4:{s:10:"expiration";i:1678886143;s:2:"ip";s:14:"41.210.155.124";s:2:"ua";s:111:"Mozilla/5.0 (Linux; Android 10; K) AppleWebKit/537.36 (KHTML, like Gecko) Chrome/110.0.0.0 Mobile Safari/537.36";s:5:"login";i:1678713343;}}'),
(1748, 102, 'nickname', 'Nantale Ruth'),
(1749, 102, 'first_name', 'Nantale'),
(1750, 102, 'last_name', 'Ruth'),
(1751, 102, 'description', ''),
(1752, 102, 'rich_editing', 'true'),
(1753, 102, 'syntax_highlighting', 'true'),
(1754, 102, 'comment_shortcuts', 'false'),
(1755, 102, 'admin_color', 'fresh'),
(1756, 102, 'use_ssl', '0'),
(1757, 102, 'show_admin_bar_front', 'true'),
(1758, 102, 'locale', ''),
(1761, 102, '_yoast_wpseo_profile_updated', '1678694462'),
(1762, 102, 'bp_xprofile_visibility_levels', 'a:3:{i:1;s:6:"public";i:2;s:6:"public";i:15;s:6:"public";}'),
(1763, 102, 'activation_key', 'wJx0rYFkUSQHtPLKW1Axg06KtSpcUQNE'),
(1764, 103, 'nickname', 'Eva Namuleme'),
(1765, 103, 'first_name', 'Eva'),
(1766, 103, 'last_name', 'Namuleme'),
(1767, 103, 'description', ''),
(1768, 103, 'rich_editing', 'true'),
(1769, 103, 'syntax_highlighting', 'true'),
(1770, 103, 'comment_shortcuts', 'false'),
(1771, 103, 'admin_color', 'fresh'),
(1772, 103, 'use_ssl', '0'),
(1773, 103, 'show_admin_bar_front', 'true'),
(1774, 103, 'locale', ''),
(1777, 103, '_yoast_wpseo_profile_updated', '1678776402'),
(1778, 103, 'bp_xprofile_visibility_levels', 'a:3:{i:1;s:6:"public";i:2;s:6:"public";i:15;s:6:"public";}'),
(1780, 103, 'ntswebcapabilities', 'a:1:{s:10:"subscriber";b:1;}'),
(1781, 103, 'ntswebuser_level', '0'),
(1782, 103, 'session_tokens', 'a:4:{s:64:"5b88718db6eafd34d6234d6407c8fee95cb59df3a6d19c00b54c6eec67b6803f";a:4:{s:10:"expiration";i:1679986076;s:2:"ip";s:14:"41.210.154.157";s:2:"ua";s:111:"Mozilla/5.0 (Windows NT 10.0; Win64; x64) AppleWebKit/537.36 (KHTML, like Gecko) Chrome/110.0.0.0 Safari/537.36";s:5:"login";i:1678776476;}s:64:"8440251ab639cee545476017fcc11e7808a72595affb16d7551882a56898d7e5";a:4:{s:10:"expiration";i:1679152863;s:2:"ip";s:13:"88.208.196.69";s:2:"ua";s:111:"Mozilla/5.0 (Windows NT 10.0; Win64; x64) AppleWebKit/537.36 (KHTML, like Gecko) Chrome/111.0.0.0 Safari/537.36";s:5:"login";i:1678980063;}s:64:"5b19c87a9aeb1115a28aa9298998b368033a4dafe02a25433d294158c00f0af4";a:4:{s:10:"expiration";i:1679152908;s:2:"ip";s:13:"88.208.196.69";s:2:"ua";s:111:"Mozilla/5.0 (Windows NT 10.0; Win64; x64) AppleWebKit/537.36 (KHTML, like Gecko) Chrome/111.0.0.0 Safari/537.36";s:5:"login";i:1678980108;}s:64:"e8543610bfca2dd77504e73d623fccbc58155e04855b7cc19d14e5ccbfa97fae";a:4:{s:10:"expiration";i:1679152951;s:2:"ip";s:13:"88.208.196.69";s:2:"ua";s:111:"Mozilla/5.0 (Windows NT 10.0; Win64; x64) AppleWebKit/537.36 (KHTML, like Gecko) Chrome/111.0.0.0 Safari/537.36";s:5:"login";i:1678980151;}}'),
(1783, 104, 'nickname', 'Ainembabazi shirat'),
(1784, 104, 'first_name', 'Ainembabazi'),
(1785, 104, 'last_name', 'shirat'),
(1786, 104, 'description', ''),
(1787, 104, 'rich_editing', 'true'),
(1788, 104, 'syntax_highlighting', 'true'),
(1789, 104, 'comment_shortcuts', 'false'),
(1790, 104, 'admin_color', 'fresh'),
(1791, 104, 'use_ssl', '0'),
(1792, 104, 'show_admin_bar_front', 'true'),
(1793, 104, 'locale', ''),
(1796, 104, '_yoast_wpseo_profile_updated', '1678810924'),
(1797, 104, 'bp_xprofile_visibility_levels', 'a:3:{i:1;s:6:"public";i:2;s:6:"public";i:15;s:6:"public";}'),
(1799, 105, 'nickname', 'TENYWA JOEL'),
(1800, 105, 'first_name', 'TENYWA'),
(1801, 105, 'last_name', 'JOEL'),
(1802, 105, 'description', ''),
(1803, 105, 'rich_editing', 'true'),
(1804, 105, 'syntax_highlighting', 'true'),
(1805, 105, 'comment_shortcuts', 'false'),
(1806, 105, 'admin_color', 'fresh'),
(1807, 105, 'use_ssl', '0'),
(1808, 105, 'show_admin_bar_front', 'true'),
(1809, 105, 'locale', ''),
(1812, 105, '_yoast_wpseo_profile_updated', '1678965224'),
(1813, 105, 'bp_xprofile_visibility_levels', 'a:3:{i:1;s:6:"public";i:2;s:6:"public";i:15;s:6:"public";}'),
(1815, 105, 'ntswebcapabilities', 'a:1:{s:10:"subscriber";b:1;}'),
(1816, 105, 'ntswebuser_level', '0'),
(1817, 105, 'default_password_nag', ''),
(1818, 106, 'nickname', 'Acayo marion'),
(1819, 106, 'first_name', 'Acayo'),
(1820, 106, 'last_name', 'marion'),
(1821, 106, 'description', ''),
(1822, 106, 'rich_editing', 'true'),
(1823, 106, 'syntax_highlighting', 'true'),
(1824, 106, 'comment_shortcuts', 'false'),
(1825, 106, 'admin_color', 'fresh'),
(1826, 106, 'use_ssl', '0'),
(1827, 106, 'show_admin_bar_front', 'true'),
(1828, 106, 'locale', ''),
(1831, 106, '_yoast_wpseo_profile_updated', '1679006130'),
(1832, 106, 'bp_xprofile_visibility_levels', 'a:3:{i:1;s:6:"public";i:2;s:6:"public";i:15;s:6:"public";}'),
(1833, 106, 'activation_key', 'dkicEHOnIOOtsViSLTKpYN31TFRUEBfG'),
(1834, 104, 'ntswebcapabilities', 'a:1:{s:10:"subscriber";b:1;}'),
(1835, 104, 'ntswebuser_level', '0'),
(1836, 104, 'session_tokens', 'a:2:{s:64:"90c715ef925e8514e9e01f21f116afc82a49b987cbafffba364fcd7b8e61bb08";a:4:{s:10:"expiration";i:1680238537;s:2:"ip";s:14:"102.85.155.147";s:2:"ua";s:125:"Mozilla/5.0 (Linux; Android 8.1.0; TECNO F1) AppleWebKit/537.36 (KHTML, like Gecko) Chrome/70.0.3538.110 Mobile Safari/537.36";s:5:"login";i:1679028937;}s:64:"95e1f92f30cc68e5f833b2112eb14d0f886bfed07deab41921a7726039b69fbf";a:4:{s:10:"expiration";i:1680239352;s:2:"ip";s:12:"41.210.155.7";s:2:"ua";s:125:"Mozilla/5.0 (Linux; Android 8.1.0; TECNO F1) AppleWebKit/537.36 (KHTML, like Gecko) Chrome/70.0.3538.110 Mobile Safari/537.36";s:5:"login";i:1679029752;}}'),
(1837, 104, 'default_password_nag', ''),
(1838, 107, 'nickname', 'Kwagala Linda Annebrite'),
(1839, 107, 'first_name', 'Kwagala'),
(1840, 107, 'last_name', 'Linda Annebrite'),
(1841, 107, 'description', ''),
(1842, 107, 'rich_editing', 'true'),
(1843, 107, 'syntax_highlighting', 'true'),
(1844, 107, 'comment_shortcuts', 'false'),
(1845, 107, 'admin_color', 'fresh'),
(1846, 107, 'use_ssl', '0'),
(1847, 107, 'show_admin_bar_front', 'true'),
(1848, 107, 'locale', ''),
(1851, 107, '_yoast_wpseo_profile_updated', '1679066286'),
(1852, 107, 'bp_xprofile_visibility_levels', 'a:3:{i:1;s:6:"public";i:2;s:6:"public";i:15;s:6:"public";}'),
(1854, 108, 'nickname', 'Nakkonde Gladys'),
(1855, 108, 'first_name', 'Nakkonde'),
(1856, 108, 'last_name', 'Gladys'),
(1857, 108, 'description', ''),
(1858, 108, 'rich_editing', 'true'),
(1859, 108, 'syntax_highlighting', 'true'),
(1860, 108, 'comment_shortcuts', 'false'),
(1861, 108, 'admin_color', 'fresh'),
(1862, 108, 'use_ssl', '0'),
(1863, 108, 'show_admin_bar_front', 'true'),
(1864, 108, 'locale', ''),
(1867, 108, '_yoast_wpseo_profile_updated', '1679066686'),
(1868, 108, 'bp_xprofile_visibility_levels', 'a:3:{i:1;s:6:"public";i:2;s:6:"public";i:15;s:6:"public";}'),
(1869, 108, 'activation_key', 'Eg2ucTUyEr2KsJlNrHpG2VyUBwot4ZkL'),
(1870, 107, 'ntswebcapabilities', 'a:1:{s:10:"subscriber";b:1;}'),
(1871, 107, 'ntswebuser_level', '0'),
(1872, 107, 'session_tokens', 'a:2:{s:64:"cc16324616c95f09db3b06492f910c306149931409e20e8e89c7ff7ed063ac8e";a:4:{s:10:"expiration";i:1679239881;s:2:"ip";s:13:"102.85.181.75";s:2:"ua";s:118:"Mozilla/5.0 (Linux; Android 10; SM-A920F) AppleWebKit/537.36 (KHTML, like Gecko) Chrome/109.0.0.0 Mobile Safari/537.36";s:5:"login";i:1679067081;}s:64:"48965da26610cc569e1c677efb137d79e14b388b779aba2d1466997f496c77b6";a:4:{s:10:"expiration";i:1679239884;s:2:"ip";s:13:"102.85.181.75";s:2:"ua";s:118:"Mozilla/5.0 (Linux; Android 10; SM-A920F) AppleWebKit/537.36 (KHTML, like Gecko) Chrome/109.0.0.0 Mobile Safari/537.36";s:5:"login";i:1679067084;}}'),
(1873, 109, 'nickname', 'mashemererwa cornelius'),
(1874, 109, 'first_name', 'mashemererwa'),
(1875, 109, 'last_name', 'cornelius'),
(1876, 109, 'description', ''),
(1877, 109, 'rich_editing', 'true'),
(1878, 109, 'syntax_highlighting', 'true'),
(1879, 109, 'comment_shortcuts', 'false'),
(1880, 109, 'admin_color', 'fresh'),
(1881, 109, 'use_ssl', '0'),
(1882, 109, 'show_admin_bar_front', 'true'),
(1883, 109, 'locale', ''),
(1886, 109, '_yoast_wpseo_profile_updated', '1679205952'),
(1887, 109, 'bp_xprofile_visibility_levels', 'a:3:{i:1;s:6:"public";i:2;s:6:"public";i:15;s:6:"public";}'),
(1888, 109, 'activation_key', 'hv3a0i9hhYAzfkOQCXM9wwj2Etw59pVf'),
(1889, 110, 'nickname', 'Naturinda Joseline'),
(1890, 110, 'first_name', 'Naturinda'),
(1891, 110, 'last_name', 'Joseline'),
(1892, 110, 'description', ''),
(1893, 110, 'rich_editing', 'true'),
(1894, 110, 'syntax_highlighting', 'true'),
(1895, 110, 'comment_shortcuts', 'false'),
(1896, 110, 'admin_color', 'fresh'),
(1897, 110, 'use_ssl', '0'),
(1898, 110, 'show_admin_bar_front', 'true'),
(1899, 110, 'locale', ''),
(1902, 110, '_yoast_wpseo_profile_updated', '1679292118'),
(1903, 110, 'bp_xprofile_visibility_levels', 'a:3:{i:1;s:6:"public";i:2;s:6:"public";i:15;s:6:"public";}'),
(1904, 110, 'activation_key', 'xoKAC1w1xJoJCCmjmZeNwB5XPsb4VX6e'),
(1905, 111, 'nickname', 'Isiko Jerry'),
(1906, 111, 'first_name', 'Isiko'),
(1907, 111, 'last_name', 'Jerry'),
(1908, 111, 'description', ''),
(1909, 111, 'rich_editing', 'true'),
(1910, 111, 'syntax_highlighting', 'true'),
(1911, 111, 'comment_shortcuts', 'false'),
(1912, 111, 'admin_color', 'fresh'),
(1913, 111, 'use_ssl', '0'),
(1914, 111, 'show_admin_bar_front', 'true'),
(1915, 111, 'locale', ''),
(1918, 111, '_yoast_wpseo_profile_updated', '1679342198'),
(1919, 111, 'bp_xprofile_visibility_levels', 'a:3:{i:1;s:6:"public";i:2;s:6:"public";i:15;s:6:"public";}'),
(1920, 111, 'activation_key', 'bhkjQRuSJWq8XMBM4uFICOeQGMWejlp0'),
(1921, 112, 'nickname', 'Nankya Hilda Prossy'),
(1922, 112, 'first_name', 'Nankya'),
(1923, 112, 'last_name', 'Hilda Prossy'),
(1924, 112, 'description', ''),
(1925, 112, 'rich_editing', 'true'),
(1926, 112, 'syntax_highlighting', 'true'),
(1927, 112, 'comment_shortcuts', 'false'),
(1928, 112, 'admin_color', 'fresh'),
(1929, 112, 'use_ssl', '0'),
(1930, 112, 'show_admin_bar_front', 'true'),
(1931, 112, 'locale', ''),
(1934, 112, '_yoast_wpseo_profile_updated', '1679404273'),
(1935, 112, 'bp_xprofile_visibility_levels', 'a:3:{i:1;s:6:"public";i:2;s:6:"public";i:15;s:6:"public";}'),
(1936, 112, 'activation_key', 'W2MMuGI5ZMwMXtyZvu1gHIR3amhYhL3u'),
(1937, 105, 'session_tokens', 'a:1:{s:64:"0245a935e1e92fe730ee0fd6e0b61bb6af895b4c3044ed227ef5ca3c07f08769";a:4:{s:10:"expiration";i:1680616448;s:2:"ip";s:13:"41.210.154.38";s:2:"ua";s:163:"Mozilla/5.0 (Linux; U; Android 9; en-us; itel W6004 Build/PPR1.180610.011) AppleWebKit/537.36 (KHTML, like Gecko) Chrome/77.0.3865.92 Mobile Safari/537.36 PHX/11.9";s:5:"login";i:1679406848;}}');

-- --------------------------------------------------------

--
-- Table structure for table `ntswebusers`
--

CREATE TABLE `ntswebusers` (
  `ID` bigint(20) unsigned NOT NULL AUTO_INCREMENT,
  `user_login` varchar(60) COLLATE utf8mb4_unicode_520_ci NOT NULL DEFAULT '',
  `user_pass` varchar(255) COLLATE utf8mb4_unicode_520_ci NOT NULL DEFAULT '',
  `user_nicename` varchar(50) COLLATE utf8mb4_unicode_520_ci NOT NULL DEFAULT '',
  `user_email` varchar(100) COLLATE utf8mb4_unicode_520_ci NOT NULL DEFAULT '',
  `user_url` varchar(100) COLLATE utf8mb4_unicode_520_ci NOT NULL DEFAULT '',
  `user_registered` datetime NOT NULL DEFAULT '0000-00-00 00:00:00',
  `user_activation_key` varchar(255) COLLATE utf8mb4_unicode_520_ci NOT NULL DEFAULT '',
  `user_status` int(11) NOT NULL DEFAULT '0',
  `display_name` varchar(250) COLLATE utf8mb4_unicode_520_ci NOT NULL DEFAULT '',
  PRIMARY KEY (`ID`),
  KEY `user_login_key` (`user_login`),
  KEY `user_nicename` (`user_nicename`),
  KEY `user_email` (`user_email`)
) ENGINE=InnoDB  DEFAULT CHARSET=utf8mb4 COLLATE=utf8mb4_unicode_520_ci;

--
-- Dumping data for table `ntswebusers`
--

INSERT INTO `ntswebusers` VALUES
(1, 'MervynKasiitaWest', '$P$BEmr.g.uDs3YIBLrCJbSpx9ExbsaOy.', 'mervynkasiitawest', 'admin@nsambyatrainingsch.com', 'https://admissions.nsambyatrainingsch.com', '2022-05-19 17:26:00', '', 0, 'MervynKasiitaWest'),
(2, 'mubirueddyedward', '$P$BJL8Uv5zF1OEuTxFIR4oi2fpxO96DO1', 'mubirueddyedward', 'eddiwizzie@gmail.com', '', '2022-05-28 10:30:52', '', 0, 'MUBIRU EDDY EDWARD'),
(3, 'mugisannet', '$P$BBXWAaThXni4ECIpuTqhALmGmHUTwh.', 'mugisannet', 'mugisannet@yahoo.com', '', '2022-06-07 09:02:36', '', 2, 'Murungi Faith Pauline'),
(4, 'ampeire256', '$P$B51GADEU1souL37MQ5K2SDwaz.jNkW/', 'ampeire256', 'jlapotta@gmail.com', '', '2022-06-09 10:01:03', '', 0, 'AMPEIRE JOHN'),
(5, 'balabajohnpeter', '$P$BXGYbI3buyGN/bwSPGZg/7imAM8OoI.', 'balabajohnpeter', 'balabapeterson@gmail.com', '', '2022-06-09 11:48:32', '', 2, 'Balaba'),
(6, 'bigjohnz', '$P$B0v2iFAKMVqBBwUaS1CYelJ/Ucttyg.', 'bigjohnz', 'big256johnz@gmail.com', '', '2022-06-09 12:18:02', '', 2, 'Balaba'),
(7, 'sethunya', '$P$Bsw3.pKztYPX9b6.al9HA6rJUio6Gh0', 'sethunya', 'mokgalajwesethunya16@gmail.com', '', '2022-06-13 10:55:24', '', 2, 'sethunya mokgalajwe'),
(8, 'aanyunightgrace', '$P$Bk31GVkNYUeyqXY6XBmv2xVSFdB63x/', 'aanyunightgrace', 'aanyugrace17@gmail.com', '', '2022-06-13 13:35:39', '', 0, 'AANYU NIGHT GRACE'),
(9, 'Kihundeprossy', '$P$BK0I0.ahGeFHpcXbMByyOhWfjw6SSy1', 'kihundeprossy', 'kihundeprossy@gmail.com', '', '2022-06-15 11:35:58', '', 2, 'Kihunde prossy'),
(10, 'NantongoShakirah', '$P$BVtPjFR7xMj5Q7SxT8jDxKV7wz9ONc.', 'nantongoshakirah', 'blessedshakirah15@gmail.com', '', '2022-06-18 07:26:00', '', 0, 'Nantongo Shakirah'),
(11, 'KyaligonzaNickson', '$P$Bot0T6SLV2IIWUUwpPHoMebd48tYdJ/', 'kyaligonzanickson', 'kyaligonzanickson2@gmail.com', '', '2022-06-20 17:45:18', '', 2, 'Kyaligonza Nickson'),
(12, 'Collins', '$P$BKQI80dyp.E/KMnyNBS4CWi1smDNzO0', 'collins', 'arinzona0@yahoo.com', '', '2022-06-21 11:31:08', '', 0, 'Agu Collins Arinze'),
(13, 'Truphy', '$P$BgUe5nCjUeW3Xf1dpTRcuXK0Dg9zSl0', 'truphy', 'Zilpafwamba@gmail.com', '', '2022-06-25 08:23:28', '', 2, 'Truphosa Afwamba'),
(14, 'Collins975', '$P$Bmp8xxelHj9A6uaUHupKZI62EYSakh/', 'collins975', 'aarinze975@gmail.com', '', '2022-06-29 19:43:19', '', 2, 'Agu Collins Arinze'),
(15, 'ARIHOHELLEN', '$P$B/94ahRhACwyPdSA5YfspD5BECG13K0', 'arihohellen', 'hellenariho@gmail.com', '', '2022-06-30 20:07:05', '', 2, 'ARIHO HELLEN'),
(16, 'kasiita', '$P$BTZX5.siCi4UkuE8JDOrFWvduZGaIP1', 'kasiita', 'kasiitamarvin@gmail.com', '', '2022-07-01 11:23:53', '', 2, 'Kasiita Peter Claver'),
(17, 'kasiita4546', '$P$Bq3PcJx7X6mKIofPmYxJz302BQPx2A0', 'kasiita4546', 'kasiitap@hotmail.com', '', '2022-07-01 14:46:03', '', 2, 'Kasiita Peter'),
(18, 'Ashiraf', '$P$BlRN3YfitCIgD4ZpeVmkV5BXudbp5M.', 'ashiraf', 'ashiraf032@gmail.com', '', '2022-07-12 17:17:05', '', 2, 'Kisambira Ashiraf'),
(19, 'Charlesward', '$P$B16O7CNnL1xXeiIMg9wt7jaEXtLyBn/', 'charlesward', 'charles1133ward@gmail.com', '', '2022-07-13 06:24:28', '', 2, 'Kagugube Charles'),
(20, 'ashi', '$P$Bni7oL4XN4iLTewpvMB/6brcdnnLo/.', 'ashi', 'ashi032raf@gmail.com', '', '2022-07-14 18:58:19', '', 2, 'Kisambira Ashiraf'),
(21, 'fallahrichard', '$P$BAQpvomkg4CD9OMrqnpwQAlGXyHn2A/', 'fallahrichard', 'fallahrichard20@gmail.com', '', '2022-07-17 14:07:05', '', 2, 'Fallah Richard'),
(22, 'fallah12@', '$P$BwQMpp9x/jmdHMitcDjgUheBuEboKj1', 'fallah12', 'fallahrichard1@gmail.com', '', '2022-07-18 00:22:44', '1658104632:$P$BSDAHNOXlJEMT6ReOMJG4k7bE2OREi0', 2, 'Fallah Richard'),
(23, 'NamwanoKPatience', '$P$BahUjufe.bRnIVM8goL5yaq2DCiDE.1', 'namwanokpatience', 'namwanopatience@gmail.com', '', '2022-07-18 17:01:46', '', 0, 'Namwano Patience Kusol'),
(24, 'amonojacqueline@gmail.com', '$P$BSof5LbInv2IRsIjb1xpuLGahKUJrv.', 'amonojacquelinegmail-com', 'amonojacqueline@gmail.com', '', '2022-07-19 18:11:30', '', 2, 'Odur Jonathan'),
(25, 'Grobie', '$P$BCPMs8r7rWW/8pWFAk3QQGZpcZ/qUC1', 'grobie', 'robieg585@gmail.com', '', '2022-07-24 09:49:27', '1671811036:$P$BHnRbVIzHtw8BVpkNZKTCLU4TSmDul.', 0, 'Robert GAMUKAMA'),
(26, 'KatoJohnbaptistSsonko', '$P$BHvFKxlRSKixq6EPpGO2pN/thKWIqM.', 'katojohnbaptistssonko', 'kjbssonko@gmail.com', '', '2022-08-02 11:24:14', '', 0, 'Kato Johnbaptist Ssonko'),
(27, 'MORUCHRISTINE', '$P$BrYkweJrdzWUJxUVFkoBGjL2j7TbRe1', 'moruchristine', 'moruchristine@gmail.com', '', '2022-08-04 14:56:34', '', 2, 'MORU CHRISTINE'),
(28, 'besigyevictorbrian', '$P$BKKfBo.O.LuTzFC9XI8uWoyMAAwFr6.', 'besigyevictorbrian', 'besigyebrian23@gmail.com', '', '2022-08-12 18:44:14', '1660550499:$P$Bf8xE9PoI7VlCu/NZoZn6LapNy.Qti1', 2, 'Besigye Victor brian'),
(29, 'ocereks', '$P$BAjAEBD9pbri3y84.L.paBt4bKFbOz/', 'ocereks', 'ocerekedeabraham@gmail.com', '', '2022-08-13 08:17:51', '', 2, 'OCEREKEDE ABRAHAM'),
(30, 'kingdominathor', '$P$BQNAgeA6QQd5CXDdfXViT.chk9MKRg/', 'kingdominathor', 'geofreyamunyuku@gmail.com', '', '2022-08-17 18:20:52', '', 2, 'Geofrey Amunyuku'),
(31, 'TUSIIMIRAHOFLORIDA', '$P$BfWHNCzpNefG96aHt3iOXTEDptN8X21', 'tusiimirahoflorida', 'floridatusiimire@gmail.com', '', '2022-08-18 05:39:57', '', 0, 'TUSIIMIRAHO FLORIDA'),
(32, 'amgeofrey', '$P$Blf/RAnREzj3ldWl9L2INP/kIBA3sn1', 'amgeofrey', '91kingdomination@gmail.com', '', '2022-08-18 11:18:36', '', 2, 'Geofrey Amunyuku'),
(33, 'ajaloSandra96', '$P$B.TRo588i9F0wumyr3SI9rmJIBdF7F1', 'ajalosandra96', 'ajsandra8@gmail.com', '', '2022-08-23 20:22:24', '', 2, 'Sandra'),
(34, 'GeraldE', '$P$BHuYa9pJb/DEsaXSJc/kK9lvv68Mxw1', 'geralde', 'geraldekwaro8@gmail.com', '', '2022-08-27 12:19:42', '', 2, 'Gerald Ekwaro'),
(35, 'ENOCH', '$P$BLhiGVN.rtPXjBhgOTcBn5dTWwKmGm/', 'enoch', 'batazeenock@gmail.com', '', '2022-08-27 17:47:43', '', 2, 'BATAZE ENOCH'),
(36, 'ENOQ', '$P$Bd7g4vFQjkcLm1s/zKkzgwng.sEKCq0', 'enoq', 'enochmuweranaigedhe@gmail.com', '', '2022-08-27 18:24:24', '', 0, 'ENOCK BATAZE'),
(37, 'rhodahkemirembe', '$P$BCNoytSSYyo0nBT7ZeJgtg9zE8.WJS.', 'rhodahkemirembe', 'rhodahkemirembe@gmail.com', '', '2022-08-31 15:52:25', '', 2, 'Rhodah kemirembe'),
(38, '@emmanuel1', '$P$B8HIc7DDap6628vU342l5.A3SNA9d7.', 'emmanuel1', 'emmanuelwamulongo.d@gmail.com', '', '2022-09-02 23:59:32', '', 2, 'Wamulongo Emmanuel Derick'),
(39, 'kutosijoseph', '$P$BBm04rYcfNa6OyHeoK/O95FU8JuBwI1', 'kutosijoseph', 'kutosijosephn9@gmail.com', '', '2022-09-03 11:45:20', '', 2, 'Kutosi Joseph'),
(40, 'NakabuyeRosemary', '$P$Bd0AQd5mWGWRrOgxCPPfhJ7zyHxUkR/', 'nakabuyerosemary', 'rosemarynakabuye26@gmail.com', '', '2022-09-06 04:24:42', '', 2, 'Nakabuye Rosemary'),
(41, 'Isaaclochiam', '$P$BNSpHrprNTz8TkqPV6nEy2rExwQKOY1', 'isaaclochiam', 'isaac2804@yahoo.com', '', '2022-09-07 07:19:57', '', 0, 'Lochiam Isaac'),
(42, 'jbmulindwa', '$P$BL3l.s9TLYlI9Pzyce43BF82bIIZke1', 'jbmulindwa', 'johnbaptist.s.mulindwa@gmail.com', '', '2022-09-09 20:31:51', '', 2, 'John mulindwa'),
(43, 'busuulwa', '$P$BCa9Xn8hxIQ4DAG25bvcognfjQH/aw1', 'busuulwa', 'kennethbusuulwa251@gmail.com', '', '2022-09-22 07:04:24', '', 2, 'Busuulwa'),
(44, 'nabiryemeble', '$P$BEcteF7bNig44xPU8bIXMh/0QSRWsT/', 'nabiryemeble', 'quadyaf@gmail.com', '', '2022-10-14 13:32:56', '', 2, 'Nabirye Meble'),
(45, 'Kastim360', '$P$BamlYCkRl46Nk4AZdYUsuPCnQB64RW/', 'kastim360', 'kasikotimothy360@gmail.com', '', '2022-10-29 02:09:43', '', 2, 'Kasiko Timothy'),
(46, 'Valentino', '$P$BL6TsbPiJkpQYHnCXZOx6nBroCf0se.', 'valentino', 'mkitimbo97@gmail.com', '', '2022-11-13 17:11:01', '', 0, 'Ajong Deborah'),
(47, 'Abitopamela', '$P$B7HgI/Rlf70kGhbe6cyKuAZejeJzBn1', 'abitopamela', 'abitopamela@gmail.com', '', '2022-11-15 18:30:13', '', 2, 'Abito Pamela'),
(48, 'KatoBenjamin', '$P$BIXisE6e4ZmcJhz8hTmyi67jLzyM//1', 'katobenjamin', 'benjaminkato798@gmail.com', '', '2022-11-21 12:06:00', '', 0, 'Kayo Benjamin'),
(49, 'mugerwaandrew', '$P$BkJCaVO0FADazDKSX9UCIAWATxygzR0', 'mugerwaandrew', 'andrewmugerwa470@gmail.com', '', '2022-12-05 11:39:58', '', 2, 'Mugerwa andrew'),
(50, 'immaculatenakirijja2@gmail.com', '$P$Bcdmd2jwF2haosQRp2cexbdDUfeVGW/', 'immaculatenakirijja2gmail-com', 'immaculatenakirijja2@gmail.com', '', '2022-12-06 15:52:30', '', 0, 'Nakirijja Immaculate'),
(51, 'MarionMwete', '$P$Bdzm27zIMMR3iDn/minhqz0CQnHwk8/', 'marionmwete', 'marionmwete@gmail.com', '', '2022-12-09 19:32:19', '', 2, 'Mwete Marion'),
(52, 'RuthTekisooka', '$P$B2xCoCez7xqjeJmHkVgq7S2eoVcznV0', 'ruthtekisooka', 'ruthtekisooka@yahoo.com', '', '2022-12-19 19:09:20', '', 2, 'Ruth T'),
(53, 'MargaretNalubulwa', '$P$Bxu9urMHLFEglqB1BzUy1/ejRnpBmE1', 'margaretnalubulwa', 'lubulwamaggie@gmail.com', '', '2022-12-21 08:25:17', '', 0, 'Nalubulwa Margaret'),
(54, 'Nashiba', '$P$BvZqxlDoJxKLcnsnfJAYIwBzqX6grT0', 'nashiba', 'xnashiba@gmail.com', '', '2022-12-22 22:13:56', '', 2, 'Kwizira Nashiba'),
(55, 'NalubegaChristine', '$P$BaIBK/e3mcMJHfSFiCSfsV5nGnKloj/', 'nalubegachristine', 'aggiechristine7@gmail.com', '', '2022-12-26 09:52:17', '', 2, 'Kabali Nandawula Cabrine'),
(56, 'Awio02560', '$P$BiiHKClzOVJoxs6C9mwE7whSstnLSI.', 'awio02560', 'andyawiogoe@gmail.com', '', '2022-12-27 14:56:52', '', 2, 'Awio Andrew'),
(57, 'leaticia', '$P$BJ6bAKKlSAENTfCStBY6vZ844tnLam/', 'leaticia', 'leaticianambafu@gmail.com', '', '2022-12-29 12:34:06', '', 0, 'Leaticia'),
(58, 'karungiagnesprettysylvia', '$P$BHwSCG0a7qX1u48nHHlglBC7eT5Fi50', 'karungiagnesprettysylvia', 'prettyksylvia19@gmail.com', '', '2023-01-04 19:35:02', '', 0, 'Karungi agnes pretty'),
(59, 'mildred.bwaligonza', '$P$Bp.4Cn7B5LffopwuWkdlvEVWQ7UI9r/', 'mildred-bwaligonza', 'bwaligonzam@gmail.com', '', '2023-01-07 22:06:02', '', 2, 'Bwaligonza mildred'),
(60, 'Trishtrix', '$P$B3hFh/kFBd3abn.Ql8K14wfxZ0CuBx/', 'trishtrix', 'trishteddy57@gmail.com', '', '2023-01-14 13:47:06', '1673706613:$P$BjLH3rfJMAd04skfQTbzEcGxcKxSZ90', 2, 'Nangendo teddy'),
(61, 'peteropoka', '$P$B1BRGS3QdYvSpHXqkuVk.lUQnZxMGR1', 'peteropoka', 'peteropoka868@gmail.com', '', '2023-01-14 15:22:20', '', 2, 'Opoka peter'),
(62, 'recho', '$P$BlUbHcEEP99qNWrrcSq7heZztigJQd.', 'recho', 'lamunurecho@gmail.com', '', '2023-02-15 08:57:39', '', 2, 'Lamunu rachael'),
(63, 'okechgeorge555@gmail.com', '$P$BSw7ERruAEUp6knKnl7e3ivtoDbYUI/', 'okechgeorge555gmail-com', 'okechgeorge555@gmail.com', '', '2023-02-18 11:30:34', '', 0, 'Apunyu michael James'),
(64, 'Dorry256', '$P$BlGqWpyaTyb.p3oggmqwvTp5BKEFNp.', 'dorry256', 'orishabadoreen18@gmail.com', '', '2023-02-18 16:34:46', '', 2, 'Orishaba Doreen'),
(65, 'odyekjoshuaallan', '$P$B7ifBuYCzW.hu4.NAqnPvajPF9JLUz.', 'odyekjoshuaallan', 'ugdyekoz@gmail.com', '', '2023-02-18 20:17:14', '', 0, 'Joshua'),
(66, 'sandranyakato', '$P$BOC7IDpe1oKg.QEdcRQmjktSSKpSui0', 'sandranyakato', 'sandranyakato64@gmail.com', '', '2023-02-19 07:46:33', '', 0, 'Nyakato sandra'),
(67, 'nasirumbibrenda', '$P$Br4yB19nHCy8aeKRV1lmg4obwTCXoK0', 'nasirumbibrenda', 'brendanasirumbi2@gmail.com', '', '2023-02-19 09:41:58', '', 2, 'Nasirumbi Brenda'),
(68, 'nasirumbibrenda2', '$P$BRFOetfuoFxAFti6qOhr1HuvtRX9L31', 'nasirumbibrenda2', 'brendanasirumbi95@gmail.com', '', '2023-02-19 09:56:22', '', 2, 'Nasirumbi Brenda'),
(69, 'nasirumbibrendah', '$P$Bo30iVUWDfgBP1Zv2lxF7xs0oVPBL51', 'nasirumbibrendah', 'brendanasirumbi85@gmail.com', '', '2023-02-19 10:02:42', '', 0, 'Nasirumbi Brenda'),
(70, 'mbabazigloria385@gmail.com', '$P$BXSBkvV.5rKA6Wj84H14WQaPdPhdyY/', 'mbabazigloria385gmail-com', 'mbabazigloria385@gmail.com', '', '2023-02-20 07:52:59', '', 0, 'Mbabazi Gloria'),
(71, 'Ogwalyakobo', '$P$Bhd4rYkzpgNR/m0.8vRF9MOx4/xex60', 'ogwalyakobo', 'yaogronlogz@gmail.com', '', '2023-02-20 21:10:25', '', 2, 'Ogwal yakobo'),
(72, 'Pedro', '$P$BJm.U4k02MSP0W9d7b1H.L0xwWekPW.', 'pedro', 'mubangizipedro@gmail.com', '', '2023-02-21 10:03:31', '', 2, 'Mubangizi Pedro'),
(73, 'NanyunjaSamaliC', '$P$B206.VQATmQSYZD.F0TWIIO/GmdDMc/', 'nanyunjasamalic', 'nanyunjasamali@gmail.com', '', '2023-02-22 08:42:30', '1677061391:$P$BrROtitpmDIrSEVQxhMKyS7BAqT0tj.', 0, 'Nanyunja Samali'),
(74, 'onencan', '$P$Bb.PxEOqkPySfGroSeaqc8GwJt.pwF0', 'onencan', 'wizzyross34@gmail.com', '', '2023-02-22 18:51:44', '', 2, 'Onencan ErickRwiose'),
(75, 'onencanerick', '$P$Bo2CZrWOHJ5IsUc.NjzT4CV5jcg1vU0', 'onencanerick', 'erickbulther5@gmail.com', '', '2023-02-22 19:09:12', '', 0, 'Onencan ErickRose'),
(76, 'kuteesapatience', '$P$BX3I/Fdlx0va47uTBJkiy9IIxteCbR.', 'kuteesapatience', 'kibalamapatrick05@gmail.com', '', '2023-02-23 11:25:39', '', 2, 'Kuteesa patience'),
(77, 'HajiAbonMuzamil', '$P$BRJl/XRheca04qQTYK8gPo92n4DYpv.', 'hajiabonmuzamil', 'muzamilabon@gmail.com', '', '2023-02-23 14:23:17', '', 2, 'Asma Muzamil Driwaru'),
(78, 'AtuhuraHarriet', '$P$BjX/2.eB0Dw4V1JWHKYX3u2VJtC5FE/', 'atuhuraharriet', 'atuhuraharriet51@gmail.com', '', '2023-02-24 10:00:56', '', 0, 'Atuhura Harriet'),
(79, 'Cherylcarol', '$P$BaJ.CZvnp0NFTE1khsJuE2VMryP2cj1', 'cherylcarol', 'cherylcarol324@gmail.com', '', '2023-02-24 10:03:39', '', 0, 'Cheryl Carol Awuor'),
(80, 'Blessing19978@', '$P$Bsp7NO0TbCNlHOO2KwSmmpjIQWgGXb/', 'blessing19978', 'amali.anita.blessing@gmail.com', '', '2023-02-25 07:05:05', '', 2, 'Amali Anita blessing'),
(81, 'Daniel', '$P$BjSueJcaOdiyxx5gGEBMhX9zvbYxrZ0', 'daniel', 'danmicah4@gamil.com', '', '2023-02-25 16:08:18', '', 2, 'Micah'),
(82, 'Sipi', '$P$BOftHVFp3myJRLFGEZOR/4euZjqYt1.', 'sipi', 'danielmicah1997@gmail.com', '', '2023-02-25 16:11:24', '', 2, 'Daniel Micah'),
(83, 'JustineCissy.N', '$P$BaFyME31KE.NSGBzG7HLLUk6uiYQhP1', 'justinecissy-n', 'rinahgyn2@gmail.com', '', '2023-02-26 20:46:37', '', 2, 'Justine Cissy Nalwanga'),
(84, 'KemigisaMaryViola', '$P$BpXmtkR6lCltPaTNtHeTcImWgs2trc1', 'kemigisamaryviola', 'marykemigisa17@gmail.com', '', '2023-02-27 08:09:49', '', 2, 'Kemigisa Mary Viola'),
(85, 'Amesonancy', '$P$BPNjZE7.PRajJoqNb1YUfsolBp4kAB0', 'amesonancy', 'amesonancy2005@gmail.com', '', '2023-02-27 11:11:36', '', 0, 'Ameso Nancy'),
(86, '@Esther19.ug', '$P$BJtrn/O0qnl/pEQjc40abk60p9BXMz1', 'esther19-ug', 'esthernambalirwa8@gmail.com', '', '2023-02-27 11:14:14', '', 0, 'NAMBALIRWA ESTHER KISAKYE'),
(87, 'kasatajosephine', '$P$B8iyJZj5tdmlx4ZOffvTppo0JuqK8I/', 'kasatajosephine', 'kasatajerry@gmail.com', '', '2023-03-02 12:35:47', '', 2, 'Kasatajosephine'),
(88, 'inanew32507346', '$P$BmsDyLyekXMn1g3JDuXDm7sevLo.3g1', 'inanew32507346', 'inanew17@ablogs.site', '', '2023-03-02 19:41:16', '', 2, 'Ina New'),
(89, 'alina5', '$P$BTn5J8q8OoytBOC4IB21zifMSq86X10', 'alina5', 'alinaitwewilliam@yahoo.com', '', '2023-03-03 18:00:19', '', 2, 'Alinaitwe'),
(90, 'NassakaWinfred', '$P$B0ASlim.PlzbViMIwT1fy2a.Y9DHFt0', 'nassakawinfred', 'nassakawinfred20@gmail.com', '', '2023-03-04 07:06:28', '', 0, 'Nassaka Winfred'),
(91, 'AdhiamboGeorgiaEva', '$P$BcJu98Ul9XThm1xay4mmUSrRjWv1rM.', 'adhiambogeorgiaeva', 'Aviemeghan@gmail.com', '', '2023-03-04 09:27:50', '', 2, 'Adhiambo Georgia Eva'),
(92, 'morgannogita7@gmail.com', '$P$BTVuUbaIOLsYDnhHr.JDYjtSzOuRep0', 'morgannogita7gmail-com', 'morgannogita7@gmail.com', '', '2023-03-04 09:42:09', '', 0, 'Adhiambo Georgia Eva'),
(93, 'ApolloGrace', '$P$Bjbh4uGVSApo3ylsR26/JQgOzEvFPy1', 'apollograce', 'graceapolloga@gmail.com', '', '2023-03-04 14:44:31', '1677941892:$P$BZMIoB6bgkJc6KH.qy3laoxkib8m.q/', 0, 'Lubangakene Daniel'),
(94, 'Fredeh@', '$P$B81wn1SHgssucmjApKlJDqLKMCIe3o1', 'fredeh', 'sewankambofred4@gmail.com', '', '2023-03-06 06:47:36', '', 0, 'SEWANKAMBO FRED'),
(95, 'AsoboraMariam', '$P$BCtDF7O6JjK6G//EBuSxR0HHa0VVXe/', 'asoboramariam', 'ajunatadeo@gmail.com', '', '2023-03-06 12:10:31', '', 0, 'Asobora Mariam'),
(96, 'Prisla34.@', '$P$B6E87bCxHKsB.RbObXJTRN6ohPTat21', 'prisla34', 'dritopriscilla39@gmail.com', '', '2023-03-07 10:28:50', '', 0, 'Priscilla Drito'),
(97, 'NassaliDoreen', '$P$B9IpLO0OeHqPbgCukisSEU8c8xMuGj0', 'nassalidoreen', 'nassalidoryn@gmail.com', '', '2023-03-07 15:28:56', '', 2, 'Nassali'),
(98, 'Simera7', '$P$BM7CiJ93EmLqQ2Ixa.iEv.SM1.no460', 'simera7', 'marksimera4@gmail.com', '', '2023-03-09 11:38:54', '', 0, 'Simera'),
(99, 'Anishasangote', '$P$BLskS2MuB53NHTAc3JcL3oBjVJlueD1', 'anishasangote', 'anishasangotendo@gmail.com', '', '2023-03-10 06:39:26', '', 2, 'Anisha sango tendo'),
(100, 'BrenKay', '$P$B3cc587K0.Trob5m4VR.rw40ZVRxdB.', 'brenkay', 'brenkay883@gmail.com', '', '2023-03-11 17:54:51', '', 0, 'Brendah Katongole'),
(101, 'AYOPROSCOVIA', '$P$BBxvNwRW7cWN9BqjnqwBslD1V6oPPH0', 'ayoproscovia', 'ayoproscovia74@gmail.com', '', '2023-03-11 18:42:58', '', 2, 'AYO PROSCOVIA'),
(102, 'Nantale', '$P$BVjWePI1MPpxdtfgBaJ/R5s5S.9A661', 'nantale', 'ruthnantale323@g.com', '', '2023-03-13 08:01:01', '', 2, 'Nantale Ruth'),
(103, 'Evelyn', '$P$B/R264KdpSwurhotbAb83hA3RBbFSY1', 'evelyn', 'jaykayan@yahoo.com', '', '2023-03-14 06:46:42', '', 0, 'Eva Namuleme'),
(104, 'shirataine38@gmail.com', '$P$BQg9/KwaAH4HNVAZxiPGK9Taq.Dm3l0', 'shirataine38gmail-com', 'shirataine38@gmail.com', '', '2023-03-14 16:22:02', '', 0, 'Ainembabazi shirat'),
(105, 'TENYWAJOEL', '$P$BhckeLotoR0WqMJDbl.k864ECSB1651', 'tenywajoel', 'tenywajoelofficial@gmail.com', '', '2023-03-16 11:13:44', '', 0, 'TENYWA JOEL'),
(106, 'Acayomarion', '$P$BjddZC/CYesEl.C08NHUlt2l9nyqiT.', 'acayomarion', 'marionacayo@gmail.com', '', '2023-03-16 22:35:30', '', 2, 'Acayo marion'),
(107, '@kwagalalindaannebrite', '$P$Blrcl/gZeOAv.qWW4Ed/K.gTZMqT5K1', 'kwagalalindaannebrite', 'lindaannebritek@gmail.com', '', '2023-03-17 15:18:06', '', 0, 'Kwagala Linda Annebrite'),
(108, 'Gladys', '$P$BmPd7xHMnp7rWOsgEcSrakdL7ZJhlo0', 'gladys', 'nakkondegladys@gmail.com', '', '2023-03-17 15:24:46', '', 2, 'Nakkonde Gladys'),
(109, 'MASHEMERERWACORNELIUS', '$P$Bi2BaKpSLvpwk7yJu3.AzQyMZY9SJH0', 'mashemererwacornelius', 'corneliusmashemererwa@gmail.com', '', '2023-03-19 06:05:52', '', 2, 'mashemererwa cornelius'),
(110, 'Naturindajoseline', '$P$BVQP7tzLg1Iyyz5hEgjqpecvmkYUlZ.', 'naturindajoseline', 'lynj847@gmail.com', '', '2023-03-20 06:01:58', '', 2, 'Naturinda Joseline'),
(111, 'IsikoJerry64', '$P$Bf/TWMyOOp4qBhLd5Sp0H0fIyuBHzk.', 'isikojerry64', 'Jerryvictor64@icloud.com', '', '2023-03-20 19:56:38', '', 2, 'Isiko Jerry'),
(112, 'NankyaHildaProssy', '$P$Bxg1MTUZKd2A7kpyEMo9QPAqrISVL3.', 'nankyahildaprossy', 'nankyahilda0@gmail.com', '', '2023-03-21 13:11:13', '', 2, 'Nankya Hilda Prossy');

-- --------------------------------------------------------

--
-- Table structure for table `ntswebwfu_dbxqueue`
--

CREATE TABLE `ntswebwfu_dbxqueue` (
  `iddbxqueue` mediumint(9) NOT NULL AUTO_INCREMENT,
  `fileid` mediumint(9) NOT NULL,
  `priority` mediumint(9) NOT NULL,
  `status` mediumint(9) NOT NULL,
  `jobid` varchar(10) NOT NULL,
  `start_time` bigint(20) DEFAULT NULL,
  PRIMARY KEY (`iddbxqueue`)
) ENGINE=InnoDB DEFAULT CHARSET=utf8;

-- --------------------------------------------------------

--
-- Table structure for table `ntswebwfu_log`
--

CREATE TABLE `ntswebwfu_log` (
  `idlog` mediumint(9) NOT NULL AUTO_INCREMENT,
  `userid` int(11) NOT NULL,
  `uploaduserid` int(11) NOT NULL,
  `uploadtime` bigint(20) DEFAULT NULL,
  `sessionid` varchar(40) DEFAULT NULL,
  `filepath` text NOT NULL,
  `filehash` varchar(100) NOT NULL,
  `filesize` bigint(20) NOT NULL,
  `uploadid` varchar(20) NOT NULL,
  `pageid` mediumint(9) DEFAULT NULL,
  `blogid` mediumint(9) DEFAULT NULL,
  `sid` varchar(10) DEFAULT NULL,
  `date_from` datetime DEFAULT NULL,
  `date_to` datetime DEFAULT NULL,
  `action` varchar(20) NOT NULL,
  `linkedto` mediumint(9) DEFAULT NULL,
  `filedata` text,
  PRIMARY KEY (`idlog`),
  KEY `uploadid` (`uploadid`)
) ENGINE=InnoDB DEFAULT CHARSET=utf8;

-- --------------------------------------------------------

--
-- Table structure for table `ntswebwfu_userdata`
--

CREATE TABLE `ntswebwfu_userdata` (
  `iduserdata` mediumint(9) NOT NULL AUTO_INCREMENT,
  `uploadid` varchar(20) NOT NULL,
  `property` varchar(100) NOT NULL,
  `propkey` mediumint(9) NOT NULL,
  `propvalue` text,
  `date_from` datetime DEFAULT NULL,
  `date_to` datetime DEFAULT NULL,
  PRIMARY KEY (`iduserdata`),
  KEY `uploadid` (`uploadid`)
) ENGINE=InnoDB DEFAULT CHARSET=utf8;

-- --------------------------------------------------------

--
-- Table structure for table `ntswebwpforms_tasks_meta`
--

CREATE TABLE `ntswebwpforms_tasks_meta` (
  `id` bigint(20) NOT NULL AUTO_INCREMENT,
  `action` varchar(255) COLLATE utf8mb4_unicode_520_ci NOT NULL,
  `data` longtext COLLATE utf8mb4_unicode_520_ci NOT NULL,
  `date` datetime NOT NULL,
  PRIMARY KEY (`id`)
) ENGINE=InnoDB  DEFAULT CHARSET=utf8mb4 COLLATE=utf8mb4_unicode_520_ci;

--
-- Dumping data for table `ntswebwpforms_tasks_meta`
--

INSERT INTO `ntswebwpforms_tasks_meta` VALUES
(1, 'wpforms_process_forms_locator_scan', 'W10=', '2022-05-19 17:42:58'),
(3, 'wpforms_admin_addons_cache_update', 'W10=', '2022-05-19 17:42:58'),
(4, 'wpforms_admin_builder_templates_cache_update', 'W10=', '2022-05-19 17:42:58'),
(7, 'wpforms_builder_help_cache_update', 'W10=', '2022-05-23 10:21:13');

-- --------------------------------------------------------

--
-- Table structure for table `ntswebyoast_indexable`
--

CREATE TABLE `ntswebyoast_indexable` (
  `id` int(11) unsigned NOT NULL AUTO_INCREMENT,
  `permalink` longtext COLLATE utf8mb4_unicode_520_ci,
  `permalink_hash` varchar(40) COLLATE utf8mb4_unicode_520_ci DEFAULT NULL,
  `object_id` bigint(20) DEFAULT NULL,
  `object_type` varchar(32) COLLATE utf8mb4_unicode_520_ci NOT NULL,
  `object_sub_type` varchar(32) COLLATE utf8mb4_unicode_520_ci DEFAULT NULL,
  `author_id` bigint(20) DEFAULT NULL,
  `post_parent` bigint(20) DEFAULT NULL,
  `title` text COLLATE utf8mb4_unicode_520_ci,
  `description` mediumtext COLLATE utf8mb4_unicode_520_ci,
  `breadcrumb_title` text COLLATE utf8mb4_unicode_520_ci,
  `post_status` varchar(20) COLLATE utf8mb4_unicode_520_ci DEFAULT NULL,
  `is_public` tinyint(1) DEFAULT NULL,
  `is_protected` tinyint(1) DEFAULT '0',
  `has_public_posts` tinyint(1) DEFAULT NULL,
  `number_of_pages` int(11) unsigned DEFAULT NULL,
  `canonical` longtext COLLATE utf8mb4_unicode_520_ci,
  `primary_focus_keyword` varchar(191) COLLATE utf8mb4_unicode_520_ci DEFAULT NULL,
  `primary_focus_keyword_score` int(3) DEFAULT NULL,
  `readability_score` int(3) DEFAULT NULL,
  `is_cornerstone` tinyint(1) DEFAULT '0',
  `is_robots_noindex` tinyint(1) DEFAULT '0',
  `is_robots_nofollow` tinyint(1) DEFAULT '0',
  `is_robots_noarchive` tinyint(1) DEFAULT '0',
  `is_robots_noimageindex` tinyint(1) DEFAULT '0',
  `is_robots_nosnippet` tinyint(1) DEFAULT '0',
  `twitter_title` text COLLATE utf8mb4_unicode_520_ci,
  `twitter_image` longtext COLLATE utf8mb4_unicode_520_ci,
  `twitter_description` longtext COLLATE utf8mb4_unicode_520_ci,
  `twitter_image_id` varchar(191) COLLATE utf8mb4_unicode_520_ci DEFAULT NULL,
  `twitter_image_source` text COLLATE utf8mb4_unicode_520_ci,
  `open_graph_title` text COLLATE utf8mb4_unicode_520_ci,
  `open_graph_description` longtext COLLATE utf8mb4_unicode_520_ci,
  `open_graph_image` longtext COLLATE utf8mb4_unicode_520_ci,
  `open_graph_image_id` varchar(191) COLLATE utf8mb4_unicode_520_ci DEFAULT NULL,
  `open_graph_image_source` text COLLATE utf8mb4_unicode_520_ci,
  `open_graph_image_meta` mediumtext COLLATE utf8mb4_unicode_520_ci,
  `link_count` int(11) DEFAULT NULL,
  `incoming_link_count` int(11) DEFAULT NULL,
  `prominent_words_version` int(11) unsigned DEFAULT NULL,
  `created_at` datetime DEFAULT NULL,
  `updated_at` timestamp NOT NULL DEFAULT CURRENT_TIMESTAMP ON UPDATE CURRENT_TIMESTAMP,
  `blog_id` bigint(20) NOT NULL DEFAULT '1',
  `language` varchar(32) COLLATE utf8mb4_unicode_520_ci DEFAULT NULL,
  `region` varchar(32) COLLATE utf8mb4_unicode_520_ci DEFAULT NULL,
  `schema_page_type` varchar(64) COLLATE utf8mb4_unicode_520_ci DEFAULT NULL,
  `schema_article_type` varchar(64) COLLATE utf8mb4_unicode_520_ci DEFAULT NULL,
  `has_ancestors` tinyint(1) DEFAULT '0',
  `estimated_reading_time_minutes` int(11) DEFAULT NULL,
  `version` int(11) DEFAULT '1',
  `object_last_modified` datetime DEFAULT NULL,
  `object_published_at` datetime DEFAULT NULL,
  PRIMARY KEY (`id`),
  KEY `object_type_and_sub_type` (`object_type`,`object_sub_type`),
  KEY `object_id_and_type` (`object_id`,`object_type`),
  KEY `permalink_hash_and_object_type` (`permalink_hash`,`object_type`),
  KEY `subpages` (`post_parent`,`object_type`,`post_status`,`object_id`),
  KEY `prominent_words` (`prominent_words_version`,`object_type`,`object_sub_type`,`post_status`),
  KEY `published_sitemap_index` (`object_published_at`,`is_robots_noindex`,`object_type`,`object_sub_type`)
) ENGINE=InnoDB  DEFAULT CHARSET=utf8mb4 COLLATE=utf8mb4_unicode_520_ci;

--
-- Dumping data for table `ntswebyoast_indexable`
--

INSERT INTO `ntswebyoast_indexable` VALUES
(1, 'https://admissions.nsambyatrainingsch.com/author/mervynkasiitawest/', '67:4f34ca8a0cec0860f8616a831eda2e9f', 1, 'user', NULL, NULL, NULL, NULL, NULL, NULL, NULL, NULL, 0, NULL, NULL, NULL, NULL, NULL, NULL, 0, 0, NULL, NULL, NULL, NULL, NULL, '//www.gravatar.com/avatar/76e7d0db4420c9821ef8e026c88d0924?s=500&#038;r=g&#038;d=mm', NULL, NULL, 'gravatar-image', NULL, NULL, '//www.gravatar.com/avatar/76e7d0db4420c9821ef8e026c88d0924?s=500&#038;r=g&#038;d=mm', NULL, 'gravatar-image', NULL, NULL, 1, NULL, '2022-07-18 13:47:57', '2022-08-18 17:34:42', 1, NULL, NULL, NULL, NULL, 0, NULL, 2, '2022-07-19 01:12:09', '2020-09-16 05:09:49'),
(2, 'https://admissions.nsambyatrainingsch.com/', '42:3a09f20d84859d671a2d7b5fcd3a0b30', 25407, 'post', 'page', 1, 0, 'Online Applications Portal - Nsambya Training School - Admissions', 'Online Applications & Admissions - Bachelors, Diploma & Certificate in Nursing, Midwifery and Medical Laboratory Technology at St. Francis Hospital Nsambya Training School', 'Online Admissions Portal', 'publish', NULL, 0, NULL, NULL, NULL, 'Online Applications Portal - Nsambya Training School', 52, 90, 0, NULL, 0, NULL, NULL, NULL, NULL, 'https://admissions.nsambyatrainingsch.com/wp-content/uploads/2022/05/Nsambya-Hospital-Training-School-Website-Images-3-1-scaled.jpg', NULL, '25792', 'featured-image', NULL, NULL, 'https://admissions.nsambyatrainingsch.com/wp-content/uploads/2022/05/Nsambya-Hospital-Training-School-Website-Images-3-1-scaled.jpg', '25792', 'featured-image', '{"width":2560,"height":1440,"url":"https://admissions.nsambyatrainingsch.com/wp-content/uploads/2022/05/Nsambya-Hospital-Training-School-Website-Images-3-1-scaled.jpg","path":"/home/klasearh/admissions.nsambyatrainingsch.com/wp-content/uploads/2022/05/Nsambya-Hospital-Training-School-Website-Images-3-1-scaled.jpg","size":"full","id":25792,"alt":"Certificate in Medical Laboratory Technology (CMLT)","pixels":3686400,"type":"image/jpeg"}', 15, NULL, NULL, '2022-07-18 13:47:57', '2022-07-19 14:04:54', 1, NULL, NULL, NULL, NULL, 0, 1, 2, '2022-07-19 01:12:09', '2020-09-16 05:09:49'),
(3, 'https://admissions.nsambyatrainingsch.com/', '42:3a09f20d84859d671a2d7b5fcd3a0b30', NULL, 'home-page', NULL, NULL, NULL, '%%sitename%% %%page%% %%sep%% %%sitedesc%%', 'Love &amp; Serve, Go Heal &amp; Teach.', 'Home', NULL, NULL, 0, NULL, NULL, NULL, NULL, NULL, NULL, 0, 0, 0, 0, 0, 0, NULL, NULL, NULL, NULL, NULL, '%%sitename%%', '', '', '0', NULL, NULL, NULL, 1, NULL, '2022-07-18 13:47:57', '2022-08-18 17:34:42', 1, NULL, NULL, NULL, NULL, 0, NULL, 2, '2022-07-19 01:07:02', '2022-05-19 17:26:00'),
(5, 'https://admissions.nsambyatrainingsch.com/activate/', '51:d066b4e82085a82dc11b0cfdc29fd3f2', 25896, 'post', 'page', 1, 0, NULL, NULL, 'Activate', 'publish', NULL, 0, NULL, NULL, NULL, NULL, NULL, 0, 0, NULL, 0, NULL, NULL, NULL, NULL, NULL, NULL, NULL, NULL, NULL, NULL, NULL, NULL, NULL, NULL, NULL, NULL, NULL, '2022-07-18 14:03:24', '2022-07-21 14:48:39', 1, NULL, NULL, NULL, NULL, 0, NULL, 2, '2022-05-23 09:54:41', '2022-05-23 09:54:41'),
(6, 'https://admissions.nsambyatrainingsch.com/activity/', '51:5218c2d7ce27ddad7ca6d0a36e4014af', 25874, 'post', 'page', 1, 0, NULL, NULL, 'Activity', 'publish', NULL, 0, NULL, NULL, NULL, NULL, NULL, 0, 0, NULL, 0, NULL, NULL, NULL, NULL, NULL, NULL, NULL, NULL, NULL, NULL, NULL, NULL, NULL, NULL, NULL, NULL, NULL, '2022-07-18 14:03:24', '2022-07-21 14:48:39', 1, NULL, NULL, NULL, NULL, 0, NULL, 2, '2022-05-23 09:53:25', '2022-05-23 09:53:25'),
(7, 'https://admissions.nsambyatrainingsch.com/admissions-updates/', '61:b2dd28507699e585244142c61d4fa80e', 25918, 'post', 'page', 1, 0, NULL, NULL, 'Admissions Updates', 'publish', NULL, 0, NULL, NULL, NULL, NULL, NULL, 0, 0, NULL, 0, NULL, NULL, NULL, NULL, NULL, NULL, NULL, NULL, NULL, NULL, NULL, NULL, NULL, NULL, NULL, NULL, NULL, '2022-07-18 14:03:24', '2022-07-19 18:16:07', 1, NULL, NULL, NULL, NULL, 0, NULL, 2, '2022-07-16 23:13:19', '2022-07-16 23:13:19'),
(9, 'https://admissions.nsambyatrainingsch.com/members/', '50:a2cb16ae72671b65df122ddcebbbb7ba', 25875, 'post', 'page', 1, 0, NULL, NULL, 'Members', 'publish', NULL, 0, NULL, NULL, NULL, NULL, NULL, 0, 0, NULL, 0, NULL, NULL, NULL, NULL, NULL, NULL, NULL, NULL, NULL, NULL, NULL, NULL, NULL, NULL, NULL, NULL, NULL, '2022-07-18 14:03:24', '2022-07-21 14:48:39', 1, NULL, NULL, NULL, NULL, 0, NULL, 2, '2022-05-23 09:53:25', '2022-05-23 09:53:25'),
(10, 'https://admissions.nsambyatrainingsch.com/register/', '51:139597733b65159434e697fc49f6348c', 25895, 'post', 'page', 1, 0, NULL, NULL, 'Register', 'publish', NULL, 0, NULL, NULL, NULL, NULL, NULL, 0, 0, NULL, 0, NULL, NULL, NULL, NULL, NULL, NULL, NULL, NULL, NULL, NULL, NULL, NULL, NULL, NULL, NULL, 1, NULL, '2022-07-18 14:03:24', '2022-07-21 14:48:39', 1, NULL, NULL, NULL, NULL, 0, NULL, 2, '2022-05-23 09:54:41', '2022-05-23 09:54:41'),
(11, 'https://admissions.nsambyatrainingsch.com/events/', '49:6424d7856ad0605c95cfc73cbad99f6f', NULL, 'post-type-archive', 'tribe_events', NULL, NULL, '%%pt_plural%% Archive %%page%% %%sep%% %%sitename%%', '', 'Events', NULL, 1, 0, NULL, NULL, NULL, NULL, NULL, NULL, 0, 0, 0, 0, 0, 0, NULL, NULL, NULL, NULL, NULL, NULL, NULL, NULL, NULL, NULL, NULL, NULL, 1, NULL, '2022-07-18 14:04:49', '2022-07-19 18:13:15', 1, NULL, NULL, NULL, NULL, 0, NULL, 2, '2022-07-16 23:49:35', '2022-07-16 23:49:29'),
(12, 'https://admissions.nsambyatrainingsch.com/online-applications-portal-admissions-nsambya-training-school/online-applications-certificate-courses-nsambya-training-school/', '168:f1cd4e8b833d90819d2ce520944ab412', 26006, 'post', 'page', 1, 25407, 'Apply Online - Certificate Courses at Nsambya Training School', 'Online Applications - Certificate in Nursing (CN), Certificate in Midwifery (CM) & Certificate in Medical Laboratory Technology (CMLT) - Uganda', 'Online Applications &#8211; Certificate Courses at St. Francis Hospital Nsambya Training School', 'publish', NULL, 0, NULL, NULL, NULL, 'Online Applications - Certificate Courses', 35, 90, 0, NULL, 0, NULL, NULL, NULL, NULL, 'https://admissions.nsambyatrainingsch.com/wp-content/uploads/2022/05/Nsambya-Hospital-Training-School-Website-Images-3-1-scaled.jpg', NULL, '25792', 'featured-image', NULL, NULL, 'https://admissions.nsambyatrainingsch.com/wp-content/uploads/2022/05/Nsambya-Hospital-Training-School-Website-Images-3-1-scaled.jpg', '25792', 'featured-image', '{"width":2560,"height":1440,"url":"https://admissions.nsambyatrainingsch.com/wp-content/uploads/2022/05/Nsambya-Hospital-Training-School-Website-Images-3-1-scaled.jpg","path":"/home/klasearh/admissions.nsambyatrainingsch.com/wp-content/uploads/2022/05/Nsambya-Hospital-Training-School-Website-Images-3-1-scaled.jpg","size":"full","id":25792,"alt":"Certificate in Medical Laboratory Technology (CMLT)","pixels":3686400,"type":"image/jpeg"}', 0, 1, NULL, '2022-07-18 14:05:58', '2022-07-21 14:48:39', 1, NULL, NULL, NULL, NULL, 1, 1, 2, '2022-07-19 00:16:50', '2022-07-18 21:10:16'),
(13, NULL, NULL, 25792, 'post', 'attachment', 1, 0, NULL, NULL, 'Nsambya Hospital Training School Website Images (3)', 'inherit', 0, 0, 0, NULL, NULL, NULL, NULL, 0, 0, NULL, 0, NULL, NULL, NULL, NULL, 'https://admissions.nsambyatrainingsch.com/wp-content/uploads/2022/05/Nsambya-Hospital-Training-School-Website-Images-3-1-scaled.jpg', NULL, '25792', 'attachment-image', NULL, NULL, 'https://admissions.nsambyatrainingsch.com/wp-content/uploads/2022/05/Nsambya-Hospital-Training-School-Website-Images-3-1-scaled.jpg', '25792', 'attachment-image', '{"width":2560,"height":1440,"url":"https://admissions.nsambyatrainingsch.com/wp-content/uploads/2022/05/Nsambya-Hospital-Training-School-Website-Images-3-1-scaled.jpg","path":"/home/klasearh/admissions.nsambyatrainingsch.com/wp-content/uploads/2022/05/Nsambya-Hospital-Training-School-Website-Images-3-1-scaled.jpg","size":"full","id":25792,"alt":"Certificate in Medical Laboratory Technology (CMLT)","pixels":3686400,"type":"image/jpeg"}', NULL, 1, NULL, '2022-07-18 14:06:44', '2022-07-19 15:59:49', 1, NULL, NULL, NULL, NULL, 0, NULL, 0, '2022-07-18 14:06:50', '2022-05-19 21:23:09'),
(14, 'https://admissions.nsambyatrainingsch.com/event/online-admissions-portal-launches/', '82:32ab0b28c6156d096433a3ae243d8039', 25953, 'post', 'tribe_events', 1, 0, NULL, NULL, 'Online Admissions Portal Launches', 'publish', NULL, 0, NULL, NULL, NULL, NULL, NULL, 0, 0, NULL, 0, NULL, NULL, NULL, NULL, 'https://admissions.nsambyatrainingsch.com/wp-content/uploads/2022/05/St.-Francis-Hospital-Nsambya-Training-School-Website-.png', NULL, '25941', 'featured-image', NULL, NULL, 'https://admissions.nsambyatrainingsch.com/wp-content/uploads/2022/05/St.-Francis-Hospital-Nsambya-Training-School-Website-.png', '25941', 'featured-image', '{"width":1366,"height":768,"filesize":476774,"url":"https://admissions.nsambyatrainingsch.com/wp-content/uploads/2022/05/St.-Francis-Hospital-Nsambya-Training-School-Website-.png","path":"/home/klasearh/admissions.nsambyatrainingsch.com/wp-content/uploads/2022/05/St.-Francis-Hospital-Nsambya-Training-School-Website-.png","size":"full","id":25941,"alt":"St. Francis Hospital Nsambya Training School Website","pixels":1049088,"type":"image/png"}', NULL, 1, NULL, '2022-07-18 16:55:06', '2022-07-23 20:12:53', 1, NULL, NULL, NULL, NULL, 0, NULL, 2, '2022-07-16 23:49:35', '2022-07-16 23:49:29'),
(16, 'https://admissions.nsambyatrainingsch.com/2022/05/19/hello-world/', '65:b076d09f29b888e44d0134bcc622d930', 1, 'post', 'post', 1, 0, NULL, NULL, 'Online Admissions Updates &#038; News', 'publish', NULL, 0, NULL, NULL, NULL, NULL, NULL, 0, 0, NULL, 0, NULL, NULL, NULL, NULL, 'https://admissions.nsambyatrainingsch.com/wp-content/uploads/2022/05/St.-Francis-Hospital-Nsambya-Training-School-Website-.png', NULL, '25941', 'featured-image', NULL, NULL, 'https://admissions.nsambyatrainingsch.com/wp-content/uploads/2022/05/St.-Francis-Hospital-Nsambya-Training-School-Website-.png', '25941', 'featured-image', '{"width":1366,"height":768,"filesize":476774,"url":"https://admissions.nsambyatrainingsch.com/wp-content/uploads/2022/05/St.-Francis-Hospital-Nsambya-Training-School-Website-.png","path":"/home/klasearh/admissions.nsambyatrainingsch.com/wp-content/uploads/2022/05/St.-Francis-Hospital-Nsambya-Training-School-Website-.png","size":"full","id":25941,"alt":"St. Francis Hospital Nsambya Training School Website","pixels":1049088,"type":"image/png"}', NULL, 3, NULL, '2022-07-18 17:10:17', '2022-07-19 18:16:17', 1, NULL, NULL, NULL, NULL, 0, NULL, 2, '2022-07-16 23:41:43', '2022-05-19 17:26:00'),
(17, 'https://admissions.nsambyatrainingsch.com/category/uncategorized/', '65:741bd647598ca602db9f0617eff61836', 1, 'term', 'category', NULL, NULL, NULL, NULL, 'Uncategorized', NULL, NULL, 0, NULL, NULL, NULL, NULL, NULL, NULL, 0, NULL, NULL, NULL, NULL, NULL, NULL, NULL, NULL, NULL, NULL, NULL, NULL, NULL, NULL, NULL, NULL, NULL, NULL, NULL, '2022-07-18 21:10:14', '2022-11-06 23:09:09', 1, NULL, NULL, NULL, NULL, 0, NULL, 2, NULL, NULL),
(20, NULL, NULL, NULL, 'system-page', '404', NULL, NULL, 'Page not found %%sep%% %%sitename%%', NULL, 'Error 404: Page not found', NULL, NULL, 0, NULL, NULL, NULL, NULL, NULL, NULL, 0, 1, 0, 0, 0, 0, NULL, NULL, NULL, NULL, NULL, NULL, NULL, NULL, NULL, NULL, NULL, NULL, NULL, NULL, '2022-07-18 22:41:30', '2022-07-21 05:31:04', 1, NULL, NULL, NULL, NULL, 0, NULL, 1, NULL, NULL),
(24, 'https://admissions.nsambyatrainingsch.com/online-applications-portal-admissions-nsambya-training-school/online-applications-diploma-courses-at-st-francis-hospital-nsambya-training-school/', '187:c8afeae988add1fd292abe1fb93cdb80', 26031, 'post', 'page', 1, 25407, 'Apply Online - Diploma Courses at Nsambya Training School', 'Apply for Diploma Courses at St. Francis Hospital Nsambya Training School - Nursing; Midwifery; Medical Laboratory Technology (Direct, Upgrading or eLearning) & Clinical Mentoring.', 'Online Applications &#8211; Diploma Courses at St. Francis Hospital Nsambya Training School', 'publish', NULL, 0, NULL, NULL, NULL, 'Online Applications - Diploma Courses', 35, 90, 0, NULL, 0, NULL, NULL, NULL, NULL, 'https://admissions.nsambyatrainingsch.com/wp-content/uploads/2022/05/Nsambya-Hospital-Training-School-Website-Images-3-1-scaled.jpg', NULL, '25792', 'featured-image', NULL, NULL, 'https://admissions.nsambyatrainingsch.com/wp-content/uploads/2022/05/Nsambya-Hospital-Training-School-Website-Images-3-1-scaled.jpg', '25792', 'featured-image', '{"width":2560,"height":1440,"url":"https://admissions.nsambyatrainingsch.com/wp-content/uploads/2022/05/Nsambya-Hospital-Training-School-Website-Images-3-1-scaled.jpg","path":"/home/klasearh/admissions.nsambyatrainingsch.com/wp-content/uploads/2022/05/Nsambya-Hospital-Training-School-Website-Images-3-1-scaled.jpg","size":"full","id":25792,"alt":"Certificate in Medical Laboratory Technology (CMLT)","pixels":3686400,"type":"image/jpeg"}', 0, 1, NULL, '2022-07-18 23:48:31', '2022-07-21 08:12:16', 1, NULL, NULL, NULL, NULL, 1, 1, 2, '2022-07-19 00:18:07', '2022-07-18 23:48:31'),
(25, 'https://admissions.nsambyatrainingsch.com/online-applications-portal-admissions-nsambya-training-school/online-applications-bachelors-degree-courses-at-st-francis-hospital-nsambya-training-school-2/', '198:ddc06fd40b94a0c8bc8d7b4660a9db7b', 26037, 'post', 'page', 1, 25407, 'Apply Online - Bachelor''s Degree Courses - Nsambya Training School', 'Online Applications to Study Bachelors in Nursing Science (BNS) & Bachelors in Midwifery Science (BMS) at Francis Hospital Nsambya Training School', 'Online Applications &#8211; Bachelor&#8217;s Degree Programs at St. Francis Hospital Nsambya Training School', 'publish', NULL, 0, NULL, NULL, NULL, 'Online Applications - Bachelor''s Degree', 31, 90, 0, NULL, 0, NULL, NULL, NULL, NULL, 'https://admissions.nsambyatrainingsch.com/wp-content/uploads/2022/05/Nsambya-Hospital-Training-School-Website-Images-3-1-scaled.jpg', NULL, '25792', 'featured-image', NULL, NULL, 'https://admissions.nsambyatrainingsch.com/wp-content/uploads/2022/05/Nsambya-Hospital-Training-School-Website-Images-3-1-scaled.jpg', '25792', 'featured-image', '{"width":2560,"height":1440,"url":"https://admissions.nsambyatrainingsch.com/wp-content/uploads/2022/05/Nsambya-Hospital-Training-School-Website-Images-3-1-scaled.jpg","path":"/home/klasearh/admissions.nsambyatrainingsch.com/wp-content/uploads/2022/05/Nsambya-Hospital-Training-School-Website-Images-3-1-scaled.jpg","size":"full","id":25792,"alt":"Certificate in Medical Laboratory Technology (CMLT)","pixels":3686400,"type":"image/jpeg"}', 0, 1, NULL, '2022-07-19 00:07:55', '2022-07-21 00:35:20', 1, NULL, NULL, NULL, NULL, 1, 1, 2, '2022-07-19 00:18:46', '2022-07-19 00:13:10'),
(26, NULL, NULL, 25698, 'post', 'attachment', 1, 25407, NULL, NULL, 'Nsambya Hospital Training School Website Images (3)', 'inherit', NULL, 0, NULL, NULL, NULL, NULL, NULL, 0, 0, NULL, 0, NULL, NULL, NULL, NULL, 'https://admissions.nsambyatrainingsch.com/wp-content/uploads/2022/05/Nsambya-Hospital-Training-School-Website-Images-3-scaled.jpg', NULL, '25698', 'attachment-image', NULL, NULL, 'https://admissions.nsambyatrainingsch.com/wp-content/uploads/2022/05/Nsambya-Hospital-Training-School-Website-Images-3-scaled.jpg', '25698', 'attachment-image', '{"width":2560,"height":1440,"url":"https://admissions.nsambyatrainingsch.com/wp-content/uploads/2022/05/Nsambya-Hospital-Training-School-Website-Images-3-scaled.jpg","path":"/home/klasearh/admissions.nsambyatrainingsch.com/wp-content/uploads/2022/05/Nsambya-Hospital-Training-School-Website-Images-3-scaled.jpg","size":"full","id":25698,"alt":"","pixels":3686400,"type":"image/jpeg"}', NULL, 1, NULL, '2022-07-19 00:20:09', '2022-07-19 15:59:49', 1, NULL, NULL, NULL, NULL, 1, NULL, 0, '2022-05-19 19:36:08', '2022-05-19 19:36:08'),
(27, NULL, NULL, 25941, 'post', 'attachment', 1, 1, NULL, NULL, 'St. Francis Hospital Nsambya Training School Website', 'inherit', NULL, 0, NULL, NULL, NULL, NULL, NULL, 0, 0, NULL, 0, NULL, NULL, NULL, NULL, 'https://admissions.nsambyatrainingsch.com/wp-content/uploads/2022/05/St.-Francis-Hospital-Nsambya-Training-School-Website-.png', NULL, '25941', 'attachment-image', NULL, NULL, 'https://admissions.nsambyatrainingsch.com/wp-content/uploads/2022/05/St.-Francis-Hospital-Nsambya-Training-School-Website-.png', '25941', 'attachment-image', '{"width":1366,"height":768,"filesize":476774,"url":"https://admissions.nsambyatrainingsch.com/wp-content/uploads/2022/05/St.-Francis-Hospital-Nsambya-Training-School-Website-.png","path":"/home/klasearh/admissions.nsambyatrainingsch.com/wp-content/uploads/2022/05/St.-Francis-Hospital-Nsambya-Training-School-Website-.png","size":"full","id":25941,"alt":"St. Francis Hospital Nsambya Training School Website","pixels":1049088,"type":"image/png"}', NULL, 1, NULL, '2022-07-19 00:20:09', '2022-07-19 15:59:49', 1, NULL, NULL, NULL, NULL, 0, NULL, 0, '2022-07-16 23:41:36', '2022-07-16 23:41:26'),
(28, NULL, NULL, 25790, 'post', 'attachment', 1, 25407, NULL, NULL, 'St. Francis Nsambya Hospital Training School &#8211; Website Slide Show Cover', 'inherit', NULL, 0, NULL, NULL, NULL, NULL, NULL, 0, 0, NULL, 0, NULL, NULL, NULL, NULL, 'https://admissions.nsambyatrainingsch.com/wp-content/uploads/2022/05/St.-Francis-Nsambya-Hospital-Training-School-Website-Slide-Show-Cover-scaled.jpg', NULL, '25790', 'attachment-image', NULL, NULL, 'https://admissions.nsambyatrainingsch.com/wp-content/uploads/2022/05/St.-Francis-Nsambya-Hospital-Training-School-Website-Slide-Show-Cover-scaled.jpg', '25790', 'attachment-image', '{"width":2560,"height":1280,"url":"https://admissions.nsambyatrainingsch.com/wp-content/uploads/2022/05/St.-Francis-Nsambya-Hospital-Training-School-Website-Slide-Show-Cover-scaled.jpg","path":"/home/klasearh/admissions.nsambyatrainingsch.com/wp-content/uploads/2022/05/St.-Francis-Nsambya-Hospital-Training-School-Website-Slide-Show-Cover-scaled.jpg","size":"full","id":25790,"alt":"","pixels":3276800,"type":"image/jpeg"}', NULL, 1, NULL, '2022-07-19 00:20:09', '2022-07-19 15:59:49', 1, NULL, NULL, NULL, NULL, 0, NULL, 0, '2022-05-19 21:21:21', '2022-05-19 21:21:21'),
(29, NULL, NULL, 25793, 'post', 'attachment', 1, 0, NULL, NULL, 'Nsambya Hospital Training School Website Images (4)', 'inherit', 0, 0, 0, NULL, NULL, NULL, NULL, 0, 0, NULL, 0, NULL, NULL, NULL, NULL, 'https://admissions.nsambyatrainingsch.com/wp-content/uploads/2022/05/Nsambya-Hospital-Training-School-Website-Images-4-scaled.jpg', NULL, '25793', 'attachment-image', NULL, NULL, 'https://admissions.nsambyatrainingsch.com/wp-content/uploads/2022/05/Nsambya-Hospital-Training-School-Website-Images-4-scaled.jpg', '25793', 'attachment-image', '{"width":2560,"height":1440,"url":"https://admissions.nsambyatrainingsch.com/wp-content/uploads/2022/05/Nsambya-Hospital-Training-School-Website-Images-4-scaled.jpg","path":"/home/klasearh/admissions.nsambyatrainingsch.com/wp-content/uploads/2022/05/Nsambya-Hospital-Training-School-Website-Images-4-scaled.jpg","size":"full","id":25793,"alt":"","pixels":3686400,"type":"image/jpeg"}', NULL, 1, NULL, '2022-07-19 00:20:09', '2022-07-19 15:59:49', 1, NULL, NULL, NULL, NULL, 0, NULL, 0, '2022-05-19 21:23:52', '2022-05-19 21:23:52'),
(30, NULL, NULL, 25796, 'post', 'attachment', 1, 0, NULL, NULL, 'Nsambya Hospital Training School Website Images (5)', 'inherit', 0, 0, 0, NULL, NULL, NULL, NULL, 0, 0, NULL, 0, NULL, NULL, NULL, NULL, 'https://admissions.nsambyatrainingsch.com/wp-content/uploads/2022/05/Nsambya-Hospital-Training-School-Website-Images-5-scaled.jpg', NULL, '25796', 'attachment-image', NULL, NULL, 'https://admissions.nsambyatrainingsch.com/wp-content/uploads/2022/05/Nsambya-Hospital-Training-School-Website-Images-5-scaled.jpg', '25796', 'attachment-image', '{"width":2560,"height":1440,"url":"https://admissions.nsambyatrainingsch.com/wp-content/uploads/2022/05/Nsambya-Hospital-Training-School-Website-Images-5-scaled.jpg","path":"/home/klasearh/admissions.nsambyatrainingsch.com/wp-content/uploads/2022/05/Nsambya-Hospital-Training-School-Website-Images-5-scaled.jpg","size":"full","id":25796,"alt":"","pixels":3686400,"type":"image/jpeg"}', NULL, 1, NULL, '2022-07-19 00:20:09', '2022-07-19 15:59:49', 1, NULL, NULL, NULL, NULL, 0, NULL, 0, '2022-05-19 21:24:59', '2022-05-19 21:24:59'),
(31, NULL, NULL, 25800, 'post', 'attachment', 1, 0, NULL, NULL, 'St. Francis Nsambya Hospital Training School (1)', 'inherit', 0, 0, 0, NULL, NULL, NULL, NULL, 0, 0, NULL, 0, NULL, NULL, NULL, NULL, 'https://admissions.nsambyatrainingsch.com/wp-content/uploads/2022/05/St.-Francis-Nsambya-Hospital-Training-School-1-1-scaled.jpg', NULL, '25800', 'attachment-image', NULL, NULL, 'https://admissions.nsambyatrainingsch.com/wp-content/uploads/2022/05/St.-Francis-Nsambya-Hospital-Training-School-1-1-scaled.jpg', '25800', 'attachment-image', '{"width":2560,"height":1440,"url":"https://admissions.nsambyatrainingsch.com/wp-content/uploads/2022/05/St.-Francis-Nsambya-Hospital-Training-School-1-1-scaled.jpg","path":"/home/klasearh/admissions.nsambyatrainingsch.com/wp-content/uploads/2022/05/St.-Francis-Nsambya-Hospital-Training-School-1-1-scaled.jpg","size":"full","id":25800,"alt":"","pixels":3686400,"type":"image/jpeg"}', NULL, 1, NULL, '2022-07-19 00:20:09', '2022-07-19 15:59:49', 1, NULL, NULL, NULL, NULL, 0, NULL, 0, '2022-05-19 21:26:23', '2022-05-19 21:26:23'),
(32, NULL, NULL, 25801, 'post', 'attachment', 1, 0, NULL, NULL, 'St. Francis Nsambya Hospital Training School (2)', 'inherit', 0, 0, 0, NULL, NULL, NULL, NULL, 0, 0, NULL, 0, NULL, NULL, NULL, NULL, 'https://admissions.nsambyatrainingsch.com/wp-content/uploads/2022/05/St.-Francis-Nsambya-Hospital-Training-School-2-scaled.jpg', NULL, '25801', 'attachment-image', NULL, NULL, 'https://admissions.nsambyatrainingsch.com/wp-content/uploads/2022/05/St.-Francis-Nsambya-Hospital-Training-School-2-scaled.jpg', '25801', 'attachment-image', '{"width":2560,"height":1440,"url":"https://admissions.nsambyatrainingsch.com/wp-content/uploads/2022/05/St.-Francis-Nsambya-Hospital-Training-School-2-scaled.jpg","path":"/home/klasearh/admissions.nsambyatrainingsch.com/wp-content/uploads/2022/05/St.-Francis-Nsambya-Hospital-Training-School-2-scaled.jpg","size":"full","id":25801,"alt":"","pixels":3686400,"type":"image/jpeg"}', NULL, 1, NULL, '2022-07-19 00:20:09', '2022-07-19 15:59:49', 1, NULL, NULL, NULL, NULL, 0, NULL, 0, '2022-05-19 21:26:55', '2022-05-19 21:26:55'),
(33, NULL, NULL, 25802, 'post', 'attachment', 1, 0, NULL, NULL, 'St. Francis Nsambya Hospital Training School (3)', 'inherit', 0, 0, 0, NULL, NULL, NULL, NULL, 0, 0, NULL, 0, NULL, NULL, NULL, NULL, 'https://admissions.nsambyatrainingsch.com/wp-content/uploads/2022/05/St.-Francis-Nsambya-Hospital-Training-School-3-scaled.jpg', NULL, '25802', 'attachment-image', NULL, NULL, 'https://admissions.nsambyatrainingsch.com/wp-content/uploads/2022/05/St.-Francis-Nsambya-Hospital-Training-School-3-scaled.jpg', '25802', 'attachment-image', '{"width":2560,"height":1440,"url":"https://admissions.nsambyatrainingsch.com/wp-content/uploads/2022/05/St.-Francis-Nsambya-Hospital-Training-School-3-scaled.jpg","path":"/home/klasearh/admissions.nsambyatrainingsch.com/wp-content/uploads/2022/05/St.-Francis-Nsambya-Hospital-Training-School-3-scaled.jpg","size":"full","id":25802,"alt":"","pixels":3686400,"type":"image/jpeg"}', NULL, 1, NULL, '2022-07-19 00:20:09', '2022-07-19 15:59:49', 1, NULL, NULL, NULL, NULL, 0, NULL, 0, '2022-05-19 21:27:23', '2022-05-19 21:27:23'),
(34, NULL, NULL, 25798, 'post', 'attachment', 1, 0, NULL, NULL, 'Nsambya Hospital Training School Website Images (6)', 'inherit', 0, 0, 0, NULL, NULL, NULL, NULL, 0, 0, NULL, 0, NULL, NULL, NULL, NULL, 'https://admissions.nsambyatrainingsch.com/wp-content/uploads/2022/05/Nsambya-Hospital-Training-School-Website-Images-6-scaled.jpg', NULL, '25798', 'attachment-image', NULL, NULL, 'https://admissions.nsambyatrainingsch.com/wp-content/uploads/2022/05/Nsambya-Hospital-Training-School-Website-Images-6-scaled.jpg', '25798', 'attachment-image', '{"width":2560,"height":1440,"url":"https://admissions.nsambyatrainingsch.com/wp-content/uploads/2022/05/Nsambya-Hospital-Training-School-Website-Images-6-scaled.jpg","path":"/home/klasearh/admissions.nsambyatrainingsch.com/wp-content/uploads/2022/05/Nsambya-Hospital-Training-School-Website-Images-6-scaled.jpg","size":"full","id":25798,"alt":"","pixels":3686400,"type":"image/jpeg"}', NULL, 1, NULL, '2022-07-19 00:20:09', '2022-07-19 15:59:49', 1, NULL, NULL, NULL, NULL, 0, NULL, 0, '2022-05-19 21:25:47', '2022-05-19 21:25:47'),
(43, 'https://admissions.nsambyatrainingsch.com/category/admissions-updates/', '70:e61b7c9528b2fe6275a4bb808e2265e4', 25, 'term', 'category', NULL, NULL, NULL, NULL, 'Admissions Updates', NULL, NULL, 0, NULL, NULL, NULL, NULL, NULL, NULL, 0, NULL, NULL, NULL, NULL, NULL, NULL, NULL, NULL, NULL, NULL, NULL, NULL, NULL, NULL, NULL, NULL, NULL, NULL, NULL, '2022-07-29 08:14:54', '2022-07-29 08:14:54', 1, NULL, NULL, NULL, NULL, 0, NULL, 2, '2022-07-16 23:41:43', '2022-05-19 17:26:00'),
(44, 'https://admissions.nsambyatrainingsch.com/category/online-applications-news/', '76:55eb19f42970c504f2f822ab1059842f', 24, 'term', 'category', NULL, NULL, NULL, NULL, 'Online Applications News', NULL, NULL, 0, NULL, NULL, NULL, NULL, NULL, NULL, 0, NULL, NULL, NULL, NULL, NULL, NULL, NULL, NULL, NULL, NULL, NULL, NULL, NULL, NULL, NULL, NULL, NULL, NULL, NULL, '2022-07-29 19:03:08', '2022-07-29 19:03:08', 1, NULL, NULL, NULL, NULL, 0, NULL, 2, '2022-07-16 23:41:43', '2022-05-19 17:26:00'),
(47, 'https://admissions.nsambyatrainingsch.com/tag/online-admission/', '63:805afea6da3cc31a64e4d2085625861d', 28, 'term', 'post_tag', NULL, NULL, NULL, NULL, 'Online Admission', NULL, NULL, 0, NULL, NULL, NULL, NULL, NULL, NULL, 0, NULL, NULL, NULL, NULL, NULL, NULL, NULL, NULL, NULL, NULL, NULL, NULL, NULL, NULL, NULL, NULL, NULL, NULL, NULL, '2022-08-04 15:26:28', '2022-08-04 15:26:28', 1, NULL, NULL, NULL, NULL, 0, NULL, 2, '2022-07-16 23:41:43', '2022-05-19 17:26:00'),
(48, 'https://admissions.nsambyatrainingsch.com/tag/online-applications/', '66:57dfcf09164ebfff83545fbf73fe7fa7', 27, 'term', 'post_tag', NULL, NULL, NULL, NULL, 'Online Applications', NULL, NULL, 0, NULL, NULL, NULL, NULL, NULL, NULL, 0, NULL, NULL, NULL, NULL, NULL, NULL, NULL, NULL, NULL, NULL, NULL, NULL, NULL, NULL, NULL, NULL, NULL, NULL, NULL, '2022-08-05 17:16:50', '2022-08-05 17:16:50', 1, NULL, NULL, NULL, NULL, 0, NULL, 2, '2022-07-16 23:41:43', '2022-05-19 17:26:00'),
(49, 'https://admissions.nsambyatrainingsch.com/tag/admissions-news/', '62:a4d4405ea8fa2f643868c76945a86a16', 26, 'term', 'post_tag', NULL, NULL, NULL, NULL, 'Admissions News', NULL, NULL, 0, NULL, NULL, NULL, NULL, NULL, NULL, 0, NULL, NULL, NULL, NULL, NULL, NULL, NULL, NULL, NULL, NULL, NULL, NULL, NULL, NULL, NULL, NULL, NULL, NULL, NULL, '2022-08-07 20:24:51', '2022-08-07 20:24:51', 1, NULL, NULL, NULL, NULL, 0, NULL, 2, '2022-07-16 23:41:43', '2022-05-19 17:26:00'),
(50, 'https://admissions.nsambyatrainingsch.com/tag/online-applications-portal/', '73:bcc117b36b9081ffbbea882f7ed8843e', 29, 'term', 'post_tag', NULL, NULL, NULL, NULL, 'Online Applications Portal', NULL, NULL, 0, NULL, NULL, NULL, NULL, NULL, NULL, 0, NULL, NULL, NULL, NULL, NULL, NULL, NULL, NULL, NULL, NULL, NULL, NULL, NULL, NULL, NULL, NULL, NULL, NULL, NULL, '2022-08-08 12:32:57', '2022-08-08 12:32:57', 1, NULL, NULL, NULL, NULL, 0, NULL, 2, '2022-07-16 23:41:43', '2022-05-19 17:26:00'),
(51, NULL, NULL, NULL, 'system-page', 'search-result', NULL, NULL, 'You searched for %%searchphrase%% %%page%% %%sep%% %%sitename%%', NULL, NULL, NULL, NULL, 0, NULL, NULL, NULL, NULL, NULL, NULL, 0, 1, 0, 0, 0, 0, NULL, NULL, NULL, NULL, NULL, NULL, NULL, NULL, NULL, NULL, NULL, NULL, NULL, NULL, '2022-12-26 10:35:27', '2022-12-26 10:35:27', 1, NULL, NULL, NULL, NULL, 0, NULL, 1, NULL, NULL);

-- --------------------------------------------------------

--
-- Table structure for table `ntswebyoast_indexable_hierarchy`
--

CREATE TABLE `ntswebyoast_indexable_hierarchy` (
  `indexable_id` int(11) unsigned NOT NULL,
  `ancestor_id` int(11) unsigned NOT NULL,
  `depth` int(11) unsigned DEFAULT NULL,
  `blog_id` bigint(20) NOT NULL DEFAULT '1',
  PRIMARY KEY (`indexable_id`,`ancestor_id`),
  KEY `indexable_id` (`indexable_id`),
  KEY `ancestor_id` (`ancestor_id`),
  KEY `depth` (`depth`)
) ENGINE=InnoDB DEFAULT CHARSET=utf8mb4 COLLATE=utf8mb4_unicode_520_ci;

--
-- Dumping data for table `ntswebyoast_indexable_hierarchy`
--

INSERT INTO `ntswebyoast_indexable_hierarchy` VALUES
(1, 0, 0, 1),
(2, 0, 0, 1),
(5, 0, 0, 1),
(6, 0, 0, 1),
(7, 0, 0, 1),
(9, 0, 0, 1),
(10, 0, 0, 1),
(11, 0, 0, 1),
(12, 2, 1, 1),
(13, 0, 0, 1),
(14, 0, 0, 1),
(16, 0, 0, 1),
(17, 0, 0, 1),
(24, 2, 1, 1),
(25, 2, 1, 1),
(27, 16, 1, 1),
(43, 0, 0, 1),
(44, 0, 0, 1),
(47, 0, 0, 1),
(48, 0, 0, 1),
(49, 0, 0, 1),
(50, 0, 0, 1),
(51, 0, 0, 1);

-- --------------------------------------------------------

--
-- Table structure for table `ntswebyoast_migrations`
--

CREATE TABLE `ntswebyoast_migrations` (
  `id` int(11) unsigned NOT NULL AUTO_INCREMENT,
  `version` varchar(191) COLLATE utf8mb4_unicode_520_ci DEFAULT NULL,
  PRIMARY KEY (`id`),
  UNIQUE KEY `ntswebyoast_migrations_version` (`version`)
) ENGINE=InnoDB  DEFAULT CHARSET=utf8mb4 COLLATE=utf8mb4_unicode_520_ci;

--
-- Dumping data for table `ntswebyoast_migrations`
--

INSERT INTO `ntswebyoast_migrations` VALUES
(1, '20171228151840'),
(2, '20171228151841'),
(3, '20190529075038'),
(4, '20191011111109'),
(5, '20200408101900'),
(6, '20200420073606'),
(7, '20200428123747'),
(8, '20200428194858'),
(9, '20200429105310'),
(10, '20200430075614'),
(11, '20200430150130'),
(12, '20200507054848'),
(13, '20200513133401'),
(14, '20200609154515'),
(15, '20200616130143'),
(16, '20200617122511'),
(17, '20200702141921'),
(18, '20200728095334'),
(19, '20201202144329'),
(20, '20201216124002'),
(21, '20201216141134'),
(22, '20210817092415'),
(23, '20211020091404');

-- --------------------------------------------------------

--
-- Table structure for table `ntswebyoast_primary_term`
--

CREATE TABLE `ntswebyoast_primary_term` (
  `id` int(11) unsigned NOT NULL AUTO_INCREMENT,
  `post_id` bigint(20) DEFAULT NULL,
  `term_id` bigint(20) DEFAULT NULL,
  `taxonomy` varchar(32) COLLATE utf8mb4_unicode_520_ci NOT NULL,
  `created_at` datetime DEFAULT NULL,
  `updated_at` timestamp NOT NULL DEFAULT CURRENT_TIMESTAMP ON UPDATE CURRENT_TIMESTAMP,
  `blog_id` bigint(20) NOT NULL DEFAULT '1',
  PRIMARY KEY (`id`),
  KEY `post_taxonomy` (`post_id`,`taxonomy`),
  KEY `post_term` (`post_id`,`term_id`)
) ENGINE=InnoDB DEFAULT CHARSET=utf8mb4 COLLATE=utf8mb4_unicode_520_ci;

-- --------------------------------------------------------

--
-- Table structure for table `ntswebyoast_seo_links`
--

CREATE TABLE `ntswebyoast_seo_links` (
  `id` bigint(20) unsigned NOT NULL AUTO_INCREMENT,
  `url` varchar(255) DEFAULT NULL,
  `post_id` bigint(20) unsigned DEFAULT NULL,
  `target_post_id` bigint(20) unsigned DEFAULT NULL,
  `type` varchar(8) DEFAULT NULL,
  `indexable_id` int(11) unsigned DEFAULT NULL,
  `target_indexable_id` int(11) unsigned DEFAULT NULL,
  `height` int(11) unsigned DEFAULT NULL,
  `width` int(11) unsigned DEFAULT NULL,
  `size` int(11) unsigned DEFAULT NULL,
  `language` varchar(32) DEFAULT NULL,
  `region` varchar(32) DEFAULT NULL,
  PRIMARY KEY (`id`),
  KEY `link_direction` (`post_id`,`type`),
  KEY `indexable_link_direction` (`indexable_id`,`type`)
) ENGINE=InnoDB  DEFAULT CHARSET=utf8;

--
-- Dumping data for table `ntswebyoast_seo_links`
--

INSERT INTO `ntswebyoast_seo_links` VALUES
(1, 'https://admissions.nsambyatrainingsch.com/wp-content/plugins/wpforms-lite/assets/images/submit-spin.svg', 26006, NULL, 'image-in', 12, NULL, NULL, NULL, NULL, NULL, NULL),
(2, 'https://admissions.nsambyatrainingsch.com/wp-content/plugins/wpforms-lite/assets/images/submit-spin.svg', 26031, NULL, 'image-in', 24, NULL, NULL, NULL, NULL, NULL, NULL),
(3, 'https://admissions.nsambyatrainingsch.com/wp-content/plugins/wpforms-lite/assets/images/submit-spin.svg', 26037, NULL, 'image-in', 25, NULL, NULL, NULL, NULL, NULL, NULL),
(4, 'https://nsambyatrainingsch.com/academics-nsambya-training-school-st-francis-hospital/all-courses-st-francis-hospital-nsambya-training-school/', 25407, NULL, 'external', 2, NULL, NULL, NULL, NULL, NULL, NULL),
(5, '#', 25407, NULL, 'internal', 2, 3, NULL, NULL, NULL, NULL, NULL),
(6, 'https://admissions.nsambyatrainingsch.com/register/', 25407, 25895, 'internal', 2, 10, NULL, NULL, NULL, NULL, NULL),
(7, 'https://admissions.nsambyatrainingsch.com/wp-login.php?', 25407, NULL, 'internal', 2, NULL, NULL, NULL, NULL, NULL, NULL),
(8, 'https://admissions.nsambyatrainingsch.com/2022/05/19/hello-world/', 25407, 1, 'internal', 2, 16, NULL, NULL, NULL, NULL, NULL),
(9, 'https://admissions.nsambyatrainingsch.com/2022/05/19/hello-world/', 25407, 1, 'internal', 2, 16, NULL, NULL, NULL, NULL, NULL),
(10, 'https://admissions.nsambyatrainingsch.com/author/mervynkasiitawest/', 25407, NULL, 'internal', 2, 1, NULL, NULL, NULL, NULL, NULL),
(11, 'https://admissions.nsambyatrainingsch.com/2022/05/19/hello-world/', 25407, 1, 'internal', 2, 16, NULL, NULL, NULL, NULL, NULL),
(12, 'https://admissions.nsambyatrainingsch.com/event/online-admissions-portal-launches/', 25407, 25953, 'internal', 2, 14, NULL, NULL, NULL, NULL, NULL),
(13, 'https://admissions.nsambyatrainingsch.com/events/', 25407, NULL, 'internal', 2, 11, NULL, NULL, NULL, NULL, NULL),
(14, 'https://admissions.nsambyatrainingsch.com/wp-login.php?', 25407, NULL, 'internal', 2, NULL, NULL, NULL, NULL, NULL, NULL),
(15, 'https://admissions.nsambyatrainingsch.com/wp-login.php?', 25407, NULL, 'internal', 2, NULL, NULL, NULL, NULL, NULL, NULL),
(17, 'https://admissions.nsambyatrainingsch.com/wp-content/uploads/2022/05/Nsambya-Hospital-Training-School-Website-Images-3-scaled.jpg', 25407, 25698, 'image-in', 2, 26, 1440, 2560, 476731, NULL, NULL),
(18, 'https://admissions.nsambyatrainingsch.com/wp-content/uploads/2022/05/St.-Francis-Hospital-Nsambya-Training-School-Website--1024x576.png', 25407, 25941, 'image-in', 2, 27, 768, 1366, 476774, NULL, NULL),
(19, 'https://admissions.nsambyatrainingsch.com/wp-content/uploads/2022/05/St.-Francis-Nsambya-Hospital-Training-School-Website-Slide-Show-Cover-scaled.jpg', 25407, 25790, 'image-in', 2, 28, 1280, 2560, 484029, NULL, NULL),
(20, 'https://admissions.nsambyatrainingsch.com/wp-content/uploads/2022/05/Nsambya-Hospital-Training-School-Website-Images-3-1-scaled.jpg', 25407, 25792, 'image-in', 2, 13, 1440, 2560, 471273, NULL, NULL),
(21, 'https://admissions.nsambyatrainingsch.com/wp-content/uploads/2022/05/Nsambya-Hospital-Training-School-Website-Images-4-scaled.jpg', 25407, 25793, 'image-in', 2, 29, 1440, 2560, 381887, NULL, NULL),
(22, 'https://admissions.nsambyatrainingsch.com/wp-content/uploads/2022/05/Nsambya-Hospital-Training-School-Website-Images-5-scaled.jpg', 25407, 25796, 'image-in', 2, 30, 1440, 2560, 1197644, NULL, NULL),
(23, 'https://admissions.nsambyatrainingsch.com/wp-content/uploads/2022/05/St.-Francis-Nsambya-Hospital-Training-School-1-1-scaled.jpg', 25407, 25800, 'image-in', 2, 31, 1440, 2560, 383354, NULL, NULL),
(24, 'https://admissions.nsambyatrainingsch.com/wp-content/uploads/2022/05/St.-Francis-Nsambya-Hospital-Training-School-2-scaled.jpg', 25407, 25801, 'image-in', 2, 32, 1440, 2560, 519585, NULL, NULL),
(25, 'https://admissions.nsambyatrainingsch.com/wp-content/uploads/2022/05/St.-Francis-Nsambya-Hospital-Training-School-3-scaled.jpg', 25407, 25802, 'image-in', 2, 33, 1440, 2560, 389244, NULL, NULL),
(26, 'https://admissions.nsambyatrainingsch.com/wp-content/uploads/2022/05/Nsambya-Hospital-Training-School-Website-Images-6-scaled.jpg', 25407, 25798, 'image-in', 2, 34, 1440, 2560, 544506, NULL, NULL),
(30, 'https://nsambyatrainingsch.com/nursing-nsambya-training-school/bachelors-nursing-science-nsambya-training-school/', 25407, NULL, 'external', 2, NULL, NULL, NULL, NULL, NULL, NULL),
(31, 'https://nsambyatrainingsch.com/nursing-nsambya-training-school/bachelors-in-midwifery-science-bms-st-francis-hospital-nsambya-training-school/', 25407, NULL, 'external', 2, NULL, NULL, NULL, NULL, NULL, NULL),
(32, 'https://nsambyatrainingsch.com/certificate-in-nursing-cnn-course-st-francis-hospital-nsambya-training-school/', 25407, NULL, 'external', 2, NULL, NULL, NULL, NULL, NULL, NULL),
(33, 'https://nsambyatrainingsch.com/nursing-nsambya-training-school/certificate-midwifery-science-cm-st-francis-hospital-nsambya-training-school/', 25407, NULL, 'external', 2, NULL, NULL, NULL, NULL, NULL, NULL),
(34, 'https://nsambyatrainingsch.com/departments-nsambya-training-school/medical-laboratory-technology-courses-nsambya-training-school/certificate-in-medical-laboratory-technology-cmlt-st-francis-hospital-nsambya-training-school-2/', 25407, NULL, 'external', 2, NULL, NULL, NULL, NULL, NULL, NULL),
(35, 'https://nsambyatrainingsch.com/nursing-nsambya-training-school/diploma-in-nursing-direct-ddn-st-francis-hospital-nsambya-training-school/', 25407, NULL, 'external', 2, NULL, NULL, NULL, NULL, NULL, NULL),
(36, 'https://nsambyatrainingsch.com/diploma-in-nursing-dn-upgrading-st-francis-hospital-nsambya-training-school/', 25407, NULL, 'external', 2, NULL, NULL, NULL, NULL, NULL, NULL),
(37, 'https://nsambyatrainingsch.com/midwifery-nsambya-training-school/diploma-in-midwifery-upgrading-st-francis-hospital-nsambya-training-school-3/', 25407, NULL, 'external', 2, NULL, NULL, NULL, NULL, NULL, NULL),
(38, 'https://nsambyatrainingsch.com/midwifery-nsambya-training-school/diploma-in-midwifery-e-learning-st-francis-hospital-nsambya-training-school/', 25407, NULL, 'external', 2, NULL, NULL, NULL, NULL, NULL, NULL),
(39, 'https://nsambyatrainingsch.com/departments-nsambya-training-school/medical-laboratory-technology-courses-nsambya-training-school/diploma-medical-laboratory-technology-direct-st-francis-hospital-nsambya-training-school/', 25407, NULL, 'external', 2, NULL, NULL, NULL, NULL, NULL, NULL),
(40, 'https://nsambyatrainingsch.com/departments-nsambya-training-school/medical-laboratory-technology-courses-nsambya-training-school/diploma-in-medical-laboratory-technology-dmlt-upgrading-st-francis-hospital-nsambya-training-school/', 25407, NULL, 'external', 2, NULL, NULL, NULL, NULL, NULL, NULL),
(41, 'https://nsambyatrainingsch.com/academics-nsambya-training-school-st-francis-hospital/all-courses-st-francis-hospital-nsambya-training-school/diploma-clinical-mentoring-dcm-st-francis-hospital-nsambya-training-school/', 25407, NULL, 'external', 2, NULL, NULL, NULL, NULL, NULL, NULL),
(52, 'https://admissions.nsambyatrainingsch.com/home/online-applications-bachelors-degree-courses-at-st-francis-hospital-nsambya-training-school-2/', 25407, 26037, 'internal', 2, 25, NULL, NULL, NULL, NULL, NULL),
(55, 'https://admissions.nsambyatrainingsch.com/online-applications-portal-admissions-nsambya-training-school/online-applications-certificate-courses-nsambya-training-school/', 25407, 26006, 'internal', 2, 12, NULL, NULL, NULL, NULL, NULL),
(58, 'https://admissions.nsambyatrainingsch.com/online-applications-portal-admissions-nsambya-training-school/online-applications-diploma-courses-at-st-francis-hospital-nsambya-training-school/', 25407, 26031, 'internal', 2, 24, NULL, NULL, NULL, NULL, NULL),
(86, 'https://admissions.nsambyatrainingsch.com/wp-login.php?action=logout&#038;redirect_to=https%3A%2F%2Fadmissions.nsambyatrainingsch.com%2Fwp-admin%2Fpost.php%3Fpost%3D25407%26action%3Dedit%26meta-box-loader%3D1%26meta-box-loader-nonce%3D044cbe6312%26_locale', 25407, NULL, 'internal', 2, NULL, NULL, NULL, NULL, NULL, NULL);

-- --------------------------------------------------------

